* [qemu-upstream-unstable test] 12634: regressions - FAIL
@ 2012-04-11 1:37 xen.org
2012-04-11 7:52 ` Fantu
0 siblings, 1 reply; 2+ messages in thread
From: xen.org @ 2012-04-11 1:37 UTC (permalink / raw)
To: xen-devel; +Cc: ian.jackson
flight 12634 qemu-upstream-unstable real [real]
http://www.chiark.greenend.org.uk/~xensrcts/logs/12634/
Regressions :-(
Tests which did not succeed and are blocking,
including tests which could not be run:
build-amd64-oldkern 4 xen-build fail REGR. vs. 11890
Regressions which are regarded as allowable (not blocking):
test-amd64-i386-qemuu-rhel6hvm-amd 9 guest-start.2 fail blocked in 11890
test-amd64-i386-qemuu-rhel6hvm-intel 9 guest-start.2 fail blocked in 11890
Tests which did not succeed, but are not blocking:
test-amd64-amd64-qemuu-win 16 leak-check/check fail never pass
test-amd64-i386-qemuu-win-vcpus1 16 leak-check/check fail never pass
test-amd64-i386-xend-qemuu-winxpsp3 16 leak-check/check fail never pass
test-amd64-i386-xl-qemuu-win-vcpus1 7 windows-install fail never pass
test-amd64-amd64-xl-qemuu-win 7 windows-install fail never pass
test-amd64-i386-qemuu-win 16 leak-check/check fail never pass
test-amd64-amd64-xl-qemuu-win7-amd64 7 windows-install fail never pass
test-i386-i386-qemuu-win 16 leak-check/check fail never pass
test-amd64-i386-xl-qemuu-win7-amd64 7 windows-install fail never pass
test-amd64-i386-xl-qemuu-winxpsp3-vcpus1 7 windows-install fail never pass
test-i386-i386-xl-qemuu-winxpsp3 7 windows-install fail never pass
test-i386-i386-xl-qemuu-win 7 windows-install fail never pass
test-amd64-amd64-xl-qemuu-winxpsp3 7 windows-install fail never pass
version targeted for testing:
qemuu e1615984e765751b430f86be679c0b74b5d5cd15
baseline version:
qemuu 86a8d63bc11431509506b95c1481e1a023302cbc
jobs:
build-amd64 pass
build-i386 pass
build-amd64-oldkern fail
build-i386-oldkern pass
build-amd64-pvops pass
build-i386-pvops pass
test-amd64-i386-qemuu-rhel6hvm-amd fail
test-amd64-amd64-xl-qemuu-win7-amd64 fail
test-amd64-i386-xl-qemuu-win7-amd64 fail
test-amd64-i386-qemuu-rhel6hvm-intel fail
test-amd64-i386-qemuu-win-vcpus1 fail
test-amd64-i386-xl-qemuu-win-vcpus1 fail
test-amd64-i386-xl-qemuu-winxpsp3-vcpus1 fail
test-amd64-amd64-qemuu-win fail
test-amd64-i386-qemuu-win fail
test-i386-i386-qemuu-win fail
test-amd64-amd64-xl-qemuu-win fail
test-i386-i386-xl-qemuu-win fail
test-amd64-i386-xend-qemuu-winxpsp3 fail
test-amd64-amd64-xl-qemuu-winxpsp3 fail
test-i386-i386-xl-qemuu-winxpsp3 fail
------------------------------------------------------------
sg-report-flight on woking.cam.xci-test.com
logs: /home/xc_osstest/logs
images: /home/xc_osstest/images
Logs, config files, etc. are available at
http://www.chiark.greenend.org.uk/~xensrcts/logs
Test harness code can be found at
http://xenbits.xensource.com/gitweb?p=osstest.git;a=summary
Not pushing.
^ permalink raw reply [flat|nested] 2+ messages in thread
* Re: [qemu-upstream-unstable test] 12634: regressions - FAIL
2012-04-11 1:37 [qemu-upstream-unstable test] 12634: regressions - FAIL xen.org
@ 2012-04-11 7:52 ` Fantu
0 siblings, 0 replies; 2+ messages in thread
From: Fantu @ 2012-04-11 7:52 UTC (permalink / raw)
To: xen-devel
I had tested with latest xen-unstable (changeset 25161:d690c7e896a2) and qemu
upstream unstable windows xp and windows 7 work with xl, the issue found
that there is still no solution are:
- qxl vga and/or videoram over 4 mb
- reboot the domU not working (after shutdown seem destroy it)
- graphic performance issue: with vnc and cirrus very high latency of
refresh, with stdvga usable but performance is not good, with spice and
stdvga not enough but better, with qxl limited by only 4 mb videoram usable
Save/restore not tested for now, probably I will try it today.
--
View this message in context: http://xen.1045712.n5.nabble.com/qemu-upstream-unstable-test-12634-regressions-FAIL-tp5631581p5632069.html
Sent from the Xen - Dev mailing list archive at Nabble.com.
^ permalink raw reply [flat|nested] 2+ messages in thread
end of thread, other threads:[~2012-04-11 7:52 UTC | newest]
Thread overview: 2+ messages (download: mbox.gz follow: Atom feed
-- links below jump to the message on this page --
2012-04-11 1:37 [qemu-upstream-unstable test] 12634: regressions - FAIL xen.org
2012-04-11 7:52 ` Fantu
This is a public inbox, see mirroring instructions
for how to clone and mirror all data and code used for this inbox;
as well as URLs for NNTP newsgroup(s).