xen-devel.lists.xenproject.org archive mirror
 help / color / mirror / Atom feed
* [xen-unstable test] 13944: regressions - FAIL
@ 2012-10-09 17:32 xen.org
  2012-10-09 18:00 ` Ian Jackson
  0 siblings, 1 reply; 4+ messages in thread
From: xen.org @ 2012-10-09 17:32 UTC (permalink / raw)
  To: xen-devel; +Cc: ian.jackson

flight 13944 xen-unstable real [real]
http://www.chiark.greenend.org.uk/~xensrcts/logs/13944/

Regressions :-(

Tests which did not succeed and are blocking,
including tests which could not be run:
 build-i386-oldkern            4 xen-build                 fail REGR. vs. 13932
 test-amd64-amd64-win          8 guest-saverestore         fail REGR. vs. 13932
 build-i386                    4 xen-build                 fail REGR. vs. 13932

Regressions which are regarded as allowable (not blocking):
 test-amd64-amd64-xl-qemuu-winxpsp3  9 guest-localmigrate       fail like 13932
 test-amd64-amd64-xl-sedf      5 xen-boot                     fail   like 13932
 test-amd64-amd64-xl-sedf-pin 10 guest-saverestore            fail   like 13932
 test-amd64-amd64-xl-qemuu-win7-amd64  9 guest-localmigrate     fail like 13932

Tests which did not succeed, but are not blocking:
 test-amd64-i386-rhel6hvm-intel  1 xen-build-check(1)           blocked  n/a
 test-amd64-i386-win-vcpus1    1 xen-build-check(1)           blocked  n/a
 test-amd64-i386-xl            1 xen-build-check(1)           blocked  n/a
 test-amd64-i386-xl-credit2    1 xen-build-check(1)           blocked  n/a
 test-amd64-i386-qemuu-rhel6hvm-amd  1 xen-build-check(1)           blocked n/a
 test-amd64-i386-xl-win-vcpus1  1 xen-build-check(1)           blocked  n/a
 test-amd64-i386-qemuu-rhel6hvm-intel  1 xen-build-check(1)         blocked n/a
 test-amd64-i386-xl-multivcpu  1 xen-build-check(1)           blocked  n/a
 test-amd64-amd64-xl-winxpsp3 13 guest-stop                   fail   never pass
 test-amd64-i386-xl-win7-amd64  1 xen-build-check(1)           blocked  n/a
 test-amd64-i386-xend-winxpsp3  1 xen-build-check(1)           blocked  n/a
 test-amd64-i386-pv            1 xen-build-check(1)           blocked  n/a
 test-amd64-i386-win           1 xen-build-check(1)           blocked  n/a
 test-amd64-i386-xl-winxpsp3-vcpus1  1 xen-build-check(1)           blocked n/a
 test-amd64-i386-rhel6hvm-amd  1 xen-build-check(1)           blocked  n/a
 test-amd64-amd64-xl-win7-amd64 13 guest-stop                   fail never pass
 test-amd64-amd64-xl-pcipt-intel  9 guest-start                 fail never pass
 test-amd64-i386-pair          1 xen-build-check(1)           blocked  n/a
 test-amd64-amd64-xl-win      13 guest-stop                   fail   never pass

version targeted for testing:
 xen                  142e4577f5a9
baseline version:
 xen                  099589002239

------------------------------------------------------------
People who touched revisions under test:
  Andrew Cooper <andrew.cooper3@citrix.com>
  Anthony PERARD <anthony.perard@citrix.com>
  Christoph Egger <Christoph.Egger@amd.com>
  David Vrabel <david.vrabel@citrix.com>
  Ian Campbell <ian.campbell@citrix.com>
  Keir Fraser <keir@xen.org>
  Matthew Fioravante <matthew.fioravante@jhuapl.edu>
  Olaf Hering <olaf@aepfle.de>
  Roger Pau Monne <roger.pau@citrix.com>
  Samuel Thibault <samuel.thibault@ens-lyon.org>
  Samuel Thibault <samuel.thibault@ens-lyons.org>
------------------------------------------------------------

jobs:
 build-amd64                                                  pass    
 build-i386                                                   fail    
 build-amd64-oldkern                                          pass    
 build-i386-oldkern                                           fail    
 build-amd64-pvops                                            pass    
 build-i386-pvops                                             pass    
 test-amd64-amd64-xl                                          pass    
 test-amd64-i386-xl                                           blocked 
 test-amd64-i386-rhel6hvm-amd                                 blocked 
 test-amd64-i386-qemuu-rhel6hvm-amd                           blocked 
 test-amd64-amd64-xl-qemuu-win7-amd64                         fail    
 test-amd64-amd64-xl-win7-amd64                               fail    
 test-amd64-i386-xl-win7-amd64                                blocked 
 test-amd64-i386-xl-credit2                                   blocked 
 test-amd64-amd64-xl-pcipt-intel                              fail    
 test-amd64-i386-rhel6hvm-intel                               blocked 
 test-amd64-i386-qemuu-rhel6hvm-intel                         blocked 
 test-amd64-i386-xl-multivcpu                                 blocked 
 test-amd64-amd64-pair                                        pass    
 test-amd64-i386-pair                                         blocked 
 test-amd64-amd64-xl-sedf-pin                                 fail    
 test-amd64-amd64-pv                                          pass    
 test-amd64-i386-pv                                           blocked 
 test-amd64-amd64-xl-sedf                                     fail    
 test-amd64-i386-win-vcpus1                                   blocked 
 test-amd64-i386-xl-win-vcpus1                                blocked 
 test-amd64-i386-xl-winxpsp3-vcpus1                           blocked 
 test-amd64-amd64-win                                         fail    
 test-amd64-i386-win                                          blocked 
 test-amd64-amd64-xl-win                                      fail    
 test-amd64-amd64-xl-qemuu-winxpsp3                           fail    
 test-amd64-i386-xend-winxpsp3                                blocked 
 test-amd64-amd64-xl-winxpsp3                                 fail    


------------------------------------------------------------
sg-report-flight on woking.cam.xci-test.com
logs: /home/xc_osstest/logs
images: /home/xc_osstest/images

Logs, config files, etc. are available at
    http://www.chiark.greenend.org.uk/~xensrcts/logs

Test harness code can be found at
    http://xenbits.xensource.com/gitweb?p=osstest.git;a=summary


Not pushing.

(No revision log; it would be 413 lines long.)

^ permalink raw reply	[flat|nested] 4+ messages in thread

* Re: [xen-unstable test] 13944: regressions - FAIL
  2012-10-09 17:32 [xen-unstable test] 13944: regressions - FAIL xen.org
@ 2012-10-09 18:00 ` Ian Jackson
  2012-10-10 15:14   ` Dario Faggioli
  0 siblings, 1 reply; 4+ messages in thread
From: Ian Jackson @ 2012-10-09 18:00 UTC (permalink / raw)
  To: xen.org; +Cc: xen-devel@lists.xensource.com

xen.org writes ("[xen-unstable test] 13944: regressions - FAIL"):
> flight 13944 xen-unstable real [real]
> http://www.chiark.greenend.org.uk/~xensrcts/logs/13944/
> 
> Regressions :-(
> 
> Tests which did not succeed and are blocking,
> including tests which could not be run:
...
>  build-i386                    4 xen-build            fail REGR. vs. 13932

This is this:

fatal: Out of memory? mmap failed: Cannot allocate memory
fatal: The remote end hung up unexpectedly
make[1]: *** [qemu-xen-dir-find] Error 128

On gall-mite:

root@gall-mite:~# free -m
             total       used       free     shared    buffers     cached
Mem:          8102       2059       6042          0        650       1286
-/+ buffers/cache:        122       7980
Swap:        12143          0      12143
root@gall-mite:~# 

So it has 8G of RAM and 12G of swap.

I wonder if the git object cache is too big.  I will clear gall-mite's
and see if it helps.

Ian.

^ permalink raw reply	[flat|nested] 4+ messages in thread

* Re: [xen-unstable test] 13944: regressions - FAIL
  2012-10-09 18:00 ` Ian Jackson
@ 2012-10-10 15:14   ` Dario Faggioli
  2012-10-12 11:24     ` Ian Jackson
  0 siblings, 1 reply; 4+ messages in thread
From: Dario Faggioli @ 2012-10-10 15:14 UTC (permalink / raw)
  To: Ian Jackson; +Cc: xen-devel@lists.xensource.com

On Tue, 2012-10-09 at 19:00 +0100, Ian Jackson wrote: 
> This is this:
> 
> fatal: Out of memory? mmap failed: Cannot allocate memory
> fatal: The remote end hung up unexpectedly
> make[1]: *** [qemu-xen-dir-find] Error 128
> 
> On gall-mite:
> 
> root@gall-mite:~# free -m
>              total       used       free     shared    buffers     cached
> Mem:          8102       2059       6042          0        650       1286
> -/+ buffers/cache:        122       7980
> Swap:        12143          0      12143
> root@gall-mite:~# 
> 
> So it has 8G of RAM and 12G of swap.
> 
> I wonder if the git object cache is too big.  I will clear gall-mite's
> and see if it helps.
> 
Mmm, gall-mite is the box on which _all_ the sched=sedf test were
running for quite a bit of flights, and consistently failing at the
xen-boot stage. I pointed out the situation already here:

http://www.gossamer-threads.com/lists/xen/devel/258909?do=post_view_threaded

Now that the very same test has moved to some other host it seems to be
working again:

http://www.chiark.greenend.org.uk/~xensrcts/logs/13943/test-amd64-amd64-xl-sedf/info.html

That could be something very silly to think (in which case sorry), but
might this all be some hardware issue on that machine?

Regards,
Dario

^ permalink raw reply	[flat|nested] 4+ messages in thread

* Re: [xen-unstable test] 13944: regressions - FAIL
  2012-10-10 15:14   ` Dario Faggioli
@ 2012-10-12 11:24     ` Ian Jackson
  0 siblings, 0 replies; 4+ messages in thread
From: Ian Jackson @ 2012-10-12 11:24 UTC (permalink / raw)
  To: Dario Faggioli; +Cc: xen-devel@lists.xensource.com

Dario Faggioli writes ("Re: [Xen-devel] [xen-unstable test] 13944: regressions - FAIL"):
> Mmm, gall-mite is the box on which _all_ the sched=sedf test were
> running for quite a bit of flights, and consistently failing at the
> xen-boot stage. I pointed out the situation already here:
> 
> http://www.gossamer-threads.com/lists/xen/devel/258909?do=post_view_threaded
> 
> Now that the very same test has moved to some other host it seems to be
> working again:
> 
> http://www.chiark.greenend.org.uk/~xensrcts/logs/13943/test-amd64-amd64-xl-sedf/info.html
> 
> That could be something very silly to think (in which case sorry), but
> might this all be some hardware issue on that machine?

I guess we should see whether it fails on itch-mite, which is
supposedly identical to gall-mite.

Ian.

^ permalink raw reply	[flat|nested] 4+ messages in thread

end of thread, other threads:[~2012-10-12 11:24 UTC | newest]

Thread overview: 4+ messages (download: mbox.gz follow: Atom feed
-- links below jump to the message on this page --
2012-10-09 17:32 [xen-unstable test] 13944: regressions - FAIL xen.org
2012-10-09 18:00 ` Ian Jackson
2012-10-10 15:14   ` Dario Faggioli
2012-10-12 11:24     ` Ian Jackson

This is a public inbox, see mirroring instructions
for how to clone and mirror all data and code used for this inbox;
as well as URLs for NNTP newsgroup(s).