* [xen-unstable test] 19776: tolerable trouble: broken/fail/pass - PUSHED
@ 2013-09-22 0:30 xen.org
2013-09-22 14:15 ` Ian Campbell
0 siblings, 1 reply; 2+ messages in thread
From: xen.org @ 2013-09-22 0:30 UTC (permalink / raw)
To: xen-devel; +Cc: ian.jackson
flight 19776 xen-unstable real [real]
http://www.chiark.greenend.org.uk/~xensrcts/logs/19776/
Failures :-/ but no regressions.
Tests which did not succeed, but are not blocking:
test-armhf-armhf-xl 3 host-install(3) broken never pass
test-amd64-amd64-xl-pcipt-intel 9 guest-start fail never pass
test-amd64-i386-xend-winxpsp3 16 leak-check/check fail never pass
test-amd64-amd64-xl-qemuu-winxpsp3 13 guest-stop fail never pass
test-amd64-amd64-xl-qemuu-win7-amd64 13 guest-stop fail never pass
test-amd64-i386-xl-win7-amd64 13 guest-stop fail never pass
test-amd64-i386-xend-qemut-winxpsp3 16 leak-check/check fail never pass
test-amd64-i386-xl-winxpsp3-vcpus1 13 guest-stop fail never pass
test-amd64-i386-xl-qemut-winxpsp3-vcpus1 13 guest-stop fail never pass
test-amd64-amd64-xl-qemut-winxpsp3 13 guest-stop fail never pass
test-amd64-amd64-xl-win7-amd64 13 guest-stop fail never pass
test-amd64-amd64-xl-qemut-win7-amd64 13 guest-stop fail never pass
test-amd64-amd64-xl-winxpsp3 13 guest-stop fail never pass
test-amd64-i386-xl-qemut-win7-amd64 13 guest-stop fail never pass
version targeted for testing:
xen 6c1bfef44580d73943bd9453167e5614db13927f
baseline version:
xen df17e9c889c48c9c10aa3f9dd0bb11077f54efc4
------------------------------------------------------------
People who touched revisions under test:
Ian Campbell <ian.campbell@citrix.com>
Julien Grall <julien.grall@linaro.org>
Keir Fraser <keir@xen.org>
Keir Frser <keir@xen.org>
Matthew Daley <mattjd@gmail.com>
Samuel Thibault <samuel.thibault@ens-lyon.org>
------------------------------------------------------------
jobs:
build-amd64 pass
build-armhf pass
build-i386 pass
build-amd64-oldkern pass
build-i386-oldkern pass
build-amd64-pvops pass
build-armhf-pvops pass
build-i386-pvops pass
test-amd64-amd64-xl pass
test-armhf-armhf-xl broken
test-amd64-i386-xl pass
test-amd64-i386-rhel6hvm-amd pass
test-amd64-i386-qemut-rhel6hvm-amd pass
test-amd64-i386-qemuu-rhel6hvm-amd pass
test-amd64-amd64-xl-qemut-win7-amd64 fail
test-amd64-i386-xl-qemut-win7-amd64 fail
test-amd64-amd64-xl-qemuu-win7-amd64 fail
test-amd64-amd64-xl-win7-amd64 fail
test-amd64-i386-xl-win7-amd64 fail
test-amd64-i386-xl-credit2 pass
test-amd64-amd64-xl-pcipt-intel fail
test-amd64-i386-rhel6hvm-intel pass
test-amd64-i386-qemut-rhel6hvm-intel pass
test-amd64-i386-qemuu-rhel6hvm-intel pass
test-amd64-i386-xl-multivcpu pass
test-amd64-amd64-pair pass
test-amd64-i386-pair pass
test-amd64-amd64-xl-sedf-pin pass
test-amd64-amd64-pv pass
test-amd64-i386-pv pass
test-amd64-amd64-xl-sedf pass
test-amd64-i386-xl-qemut-winxpsp3-vcpus1 fail
test-amd64-i386-xl-winxpsp3-vcpus1 fail
test-amd64-i386-xend-qemut-winxpsp3 fail
test-amd64-amd64-xl-qemut-winxpsp3 fail
test-amd64-amd64-xl-qemuu-winxpsp3 fail
test-amd64-i386-xend-winxpsp3 fail
test-amd64-amd64-xl-winxpsp3 fail
------------------------------------------------------------
sg-report-flight on woking.cam.xci-test.com
logs: /home/xc_osstest/logs
images: /home/xc_osstest/images
Logs, config files, etc. are available at
http://www.chiark.greenend.org.uk/~xensrcts/logs
Test harness code can be found at
http://xenbits.xensource.com/gitweb?p=osstest.git;a=summary
Pushing revision :
+ branch=xen-unstable
+ revision=6c1bfef44580d73943bd9453167e5614db13927f
+ . cri-lock-repos
++ . cri-common
+++ . cri-getconfig
+++ umask 002
+++ getconfig Repos
+++ perl -e '
use Osstest;
readglobalconfig();
print $c{"Repos"} or die $!;
'
++ repos=/export/home/osstest/repos
++ repos_lock=/export/home/osstest/repos/lock
++ '[' x '!=' x/export/home/osstest/repos/lock ']'
++ OSSTEST_REPOS_LOCK_LOCKED=/export/home/osstest/repos/lock
++ exec with-lock-ex -w /export/home/osstest/repos/lock ./ap-push xen-unstable 6c1bfef44580d73943bd9453167e5614db13927f
+ branch=xen-unstable
+ revision=6c1bfef44580d73943bd9453167e5614db13927f
+ . cri-lock-repos
++ . cri-common
+++ . cri-getconfig
+++ umask 002
+++ getconfig Repos
+++ perl -e '
use Osstest;
readglobalconfig();
print $c{"Repos"} or die $!;
'
++ repos=/export/home/osstest/repos
++ repos_lock=/export/home/osstest/repos/lock
++ '[' x/export/home/osstest/repos/lock '!=' x/export/home/osstest/repos/lock ']'
+ . cri-common
++ . cri-getconfig
++ umask 002
+ select_xenbranch
+ case "$branch" in
+ tree=xen
+ xenbranch=xen-unstable
+ '[' xxen = xlinux ']'
+ linuxbranch=
+ : tested/2.6.39.x
+ . ap-common
++ : osstest@xenbits.xensource.com
++ : git://xenbits.xen.org/xen.git
++ : osstest@xenbits.xensource.com:/home/xen/git/xen.git
++ : git://xenbits.xen.org/staging/qemu-xen-unstable.git
++ : git://git.kernel.org
++ : git://git.kernel.org/pub/scm/linux/kernel/git
++ : git
++ : git://xenbits.xen.org/osstest/linux-firmware.git
++ : osstest@xenbits.xensource.com:/home/osstest/ext/linux-firmware.git
++ : git://git.kernel.org/pub/scm/linux/kernel/git/firmware/linux-firmware.git
++ : osstest@xenbits.xensource.com:/home/xen/git/linux-pvops.git
++ : git://xenbits.xen.org/linux-pvops.git
++ : tested/linux-3.4
++ : tested/linux-arm-xen
++ '[' xgit://xenbits.xen.org/linux-pvops.git = x ']'
++ '[' x = x ']'
++ : git://xenbits.xen.org/linux-pvops.git
++ : tested/linux-arm-xen
++ : git://git.kernel.org/pub/scm/linux/kernel/git/konrad/xen.git
++ : tested/2.6.39.x
++ : daily-cron.xen-unstable
++ : daily-cron.xen-unstable
++ : http://hg.uk.xensource.com/carbon/trunk/linux-2.6.27
++ : git://xenbits.xen.org/staging/qemu-upstream-unstable.git
++ : daily-cron.xen-unstable
+ TREE_LINUX=osstest@xenbits.xensource.com:/home/xen/git/linux-pvops.git
+ TREE_QEMU_UPSTREAM=osstest@xenbits.xensource.com:/home/xen/git/qemu-upstream-unstable.git
+ TREE_XEN=osstest@xenbits.xensource.com:/home/xen/git/xen.git
+ info_linux_tree xen-unstable
+ case $1 in
+ return 1
+ case "$branch" in
+ cd /export/home/osstest/repos/xen
+ git push osstest@xenbits.xensource.com:/home/xen/git/xen.git 6c1bfef44580d73943bd9453167e5614db13927f:master
Total 0 (delta 0), reused 0 (delta 0)
To osstest@xenbits.xensource.com:/home/xen/git/xen.git
df17e9c..6c1bfef 6c1bfef44580d73943bd9453167e5614db13927f -> master
^ permalink raw reply [flat|nested] 2+ messages in thread
* Re: [xen-unstable test] 19776: tolerable trouble: broken/fail/pass - PUSHED
2013-09-22 0:30 [xen-unstable test] 19776: tolerable trouble: broken/fail/pass - PUSHED xen.org
@ 2013-09-22 14:15 ` Ian Campbell
0 siblings, 0 replies; 2+ messages in thread
From: Ian Campbell @ 2013-09-22 14:15 UTC (permalink / raw)
To: xen.org; +Cc: xen-devel
On Sun, 2013-09-22 at 01:30 +0100, xen.org wrote:
> flight 19776 xen-unstable real [real]
> http://www.chiark.greenend.org.uk/~xensrcts/logs/19776/
>
> Failures :-/ but no regressions.
>
> Tests which did not succeed, but are not blocking:
> test-armhf-armhf-xl 3 host-install(3) broken never pass
Can't exec "xenuse": No such file or directory at Osstest.pm line 274.
xenuse --off marilith-n5: -1 No such file or directory at Osstest.pm line 275.
+ ./ts-host-install host
which is because it lives in /usr/groups/xencore/systems/bin/xenuse,
which is present on the osstest controller so I've pushed the following
to the osstest staging branch.
I also considered making these machines use ipmi directly, but that was
more coding than I wanted to do today.
Ian.
commit 78afe3a5613be5d07388db73d3afc90057285f59
Author: Ian Campbell <ian.campbell@citrix.com>
Date: Sun Sep 22 15:13:55 2013 +0100
xenuse: Configurable path to xenuse
diff --git a/Osstest/PDU/xenuse.pm b/Osstest/PDU/xenuse.pm
index 0860abd..73a542d 100644
--- a/Osstest/PDU/xenuse.pm
+++ b/Osstest/PDU/xenuse.pm
@@ -43,8 +43,9 @@ sub new {
sub pdu_power_state {
my ($mo, $on) = @_;
my $onoff= $on ? "on" : "off";
+ my $xenuse= $c{XenUsePath} || "xenuse";
- system_checked("xenuse", "--$onoff", "$mo->{Host}{Name}");
+ system_checked($xenuse, "--$onoff", "$mo->{Host}{Name}");
}
1;
diff --git a/production-config b/production-config
index 687c29d..3f98998 100644
--- a/production-config
+++ b/production-config
@@ -74,6 +74,8 @@ TftpPxeTemplates %ipaddrhex%/pxelinux.cfg
TftpPxeGroup osstest
TftpDiVersion 2012-01-30-squeeze
+XenUsePath /usr/groups/xencore/systems/bin/xenuse
+
# We use the IP address because Citrix can't manage reliable nameservice
#DebianMirrorHost debian.uk.xensource.com
DebianMirrorHost 10.80.16.196
^ permalink raw reply related [flat|nested] 2+ messages in thread
end of thread, other threads:[~2013-09-22 14:15 UTC | newest]
Thread overview: 2+ messages (download: mbox.gz follow: Atom feed
-- links below jump to the message on this page --
2013-09-22 0:30 [xen-unstable test] 19776: tolerable trouble: broken/fail/pass - PUSHED xen.org
2013-09-22 14:15 ` Ian Campbell
This is a public inbox, see mirroring instructions
for how to clone and mirror all data and code used for this inbox;
as well as URLs for NNTP newsgroup(s).