xen-devel.lists.xenproject.org archive mirror
 help / color / mirror / Atom feed
From: Ian Campbell <Ian.Campbell@citrix.com>
To: "xen.org" <Ian.Jackson@eu.citrix.com>
Cc: xen-devel@lists.xensource.com
Subject: Re: [linux-3.14 test] 29595: regressions - FAIL
Date: Mon, 4 Aug 2014 23:28:11 +0100	[thread overview]
Message-ID: <1407191291.23472.16.camel@dagon.hellion.org.uk> (raw)
In-Reply-To: <osstest-29595-mainreport@xen.org>

On Mon, 2014-08-04 at 23:19 +0100, xen.org wrote:
> flight 29595 linux-3.14 real [real]
> http://www.chiark.greenend.org.uk/~xensrcts/logs/29595/
> 
> Regressions :-(
> 
> Tests which did not succeed and are blocking,
> including tests which could not be run:
>  build-armhf                   5 xen-build                 fail REGR. vs. 29492

One of the build cluster boards appears to have had its nbd root go r/o
again. I've rebooted it but I suspect it will need manual intervention,
which I'll do first thing tomorrow.

Ian.

>  test-amd64-i386-pair   17 guest-migrate/src_host/dst_host fail REGR. vs. 29492
> 
> Regressions which are regarded as allowable (not blocking):
>  test-amd64-amd64-xl-win7-amd64  7 windows-install              fail like 29485
> 
> Tests which did not succeed, but are not blocking:
>  test-armhf-armhf-libvirt      1 build-check(1)               blocked  n/a
>  test-amd64-i386-libvirt       9 guest-start                  fail   never pass
>  test-armhf-armhf-xl           1 build-check(1)               blocked  n/a
>  test-amd64-amd64-libvirt      9 guest-start                  fail   never pass
>  test-amd64-amd64-xl-pcipt-intel  9 guest-start                 fail never pass
>  test-amd64-amd64-xl-qemut-win7-amd64 14 guest-stop             fail never pass
>  build-armhf-libvirt           1 build-check(1)               blocked  n/a
>  test-amd64-i386-xl-qemut-win7-amd64 14 guest-stop              fail never pass
>  test-amd64-amd64-xl-winxpsp3 14 guest-stop                   fail   never pass
>  test-amd64-i386-xl-qemuu-winxpsp3-vcpus1 14 guest-stop         fail never pass
>  test-amd64-i386-xl-qemuu-win7-amd64 14 guest-stop              fail never pass
>  test-amd64-i386-xl-winxpsp3  14 guest-stop                   fail   never pass
>  test-amd64-i386-xl-qemuu-winxpsp3 14 guest-stop                fail never pass
>  test-amd64-amd64-xl-qemuu-winxpsp3 14 guest-stop               fail never pass
>  test-amd64-i386-xl-qemut-winxpsp3-vcpus1 14 guest-stop         fail never pass
>  test-amd64-i386-xl-qemut-winxpsp3 14 guest-stop                fail never pass
>  test-amd64-amd64-xl-qemuu-win7-amd64 14 guest-stop             fail never pass
>  test-amd64-i386-xl-winxpsp3-vcpus1 14 guest-stop               fail never pass
>  test-amd64-i386-xl-win7-amd64 14 guest-stop                   fail  never pass
>  test-amd64-amd64-xl-qemut-winxpsp3 14 guest-stop               fail never pass
> 
> version targeted for testing:
>  linux                735fbc72bee7f994b4dc42836f7add4b1b2fd8c4
> baseline version:
>  linux                bc1f55ec195d03cac31e7221655cfc5d4a048284
> 
> ------------------------------------------------------------
> People who touched revisions under test:
>   Aaron Brown <aaron.f.brown@intel.com>
>   Abbas Raza <Abbas_Raza@mentor.com>
>   Alan Stern <stern@rowland.harvard.edu>
>   Alex Deucher <alexander.deucher@amd.com>
>   Alexey Kardashevskiy <aik@ozlabs.ru>
>   Amitkumar Karwar <akarwar@marvell.com>
>   Anand Avati <avati@redhat.com>
>   Andrew Morton <akpm@linux-foundation.org>
>   Andrew Vagin <avagin@openvz.org>
>   Andrey Utkin <andrey.krieger.utkin@gmail.com>
>   Anton Kolesov <Anton.Kolesov@synopsys.com>
>   Antti Palosaari <crope@iki.fi>
>   Arnd Bergmann <arnd@arndb.de>
>   Avinash Patil <patila@marvell.com>
>   Axel Lin <axel.lin@ingics.com>
>   Ben Hutchings <ben@decadent.org.uk>
>   Ben Pfaff <blp@nicira.com>
>   Benjamin LaHaise <bcrl@kvack.org>
>   Bernd Wachter <bernd.wachter@jolla.com>
>   Bing Zhao <bzhao@marvell.com>
>   Bjørn Mork <bjorn@mork.no>
>   Brian Norris <computersforpeace@gmail.com>
>   Christian König <christian.koenig@amd.com>
>   Christoph Hellwig <hch@lst.de>
>   Christoph Lameter <cl@linux.com>
>   Christoph Paasch <christoph.paasch@uclouvain.be>
>   Christoph Schulz <develop@kristov.de>
>   Dan Williams <dan.j.williams@intel.com>
>   Dan Williams <dcbw@redhat.com>
>   Daniel Borkmann <dborkman@redhat.com>
>   Dave Airlie <airlied@redhat.com>
>   Dave Ertman <davidx.m.ertman@intel.com>
>   Dave Kleikamp <dave.kleikamp@oracle.com>
>   David Ertman <davidx.m.ertman@intel.com>
>   David Heidelberger <david.heidelberger@ixit.cz>
>   David Rientjes <rientjes@google.com>
>   David S. Miller <davem@davemloft.net>
>   David Vrabel <david.vrabel@citrix.com>
>   Ding Tianhong <dingtianhong@huawei.com>
>   dingtianhong <dingtianhong@huawei.com>
>   Dmitry Popov <ixaphire@qrator.net>
>   Dmitry Torokhov <dmitry.torokhov@gmail.com>
>   Dmitry Torokhov <dtor@chromium.org>
>   Don Zickus <dzickus@redhat.com>
>   Edward Allcutt <edward.allcutt@openmarket.com>
>   Emmanuel Grumbach <emmanuel.grumbach@intel.com>
>   Enrico Mioso <mrkiko.rs@gmail.com>
>   Eric Dumazet <edumazet@google.com>
>   Gavin Guo <gavin.guo@canonical.com>
>   Greg Kroah-Hartman <gregkh@linuxfoundation.org>
>   Guenter Roeck <linux@roeck-us.net>
>   H. Peter Anvin <hpa@zytor.com>
>   H.K. Jerry Chu <hkchu@google.com>
>   Hans de Goede <hdegoede@redhat.com>
>   Hans Verkuil <hans.verkuil@cisco.com>
>   Hans Verkuil <hverkuil@xs4all.nl>
>   HATAYAMA Daisuke <d.hatayama@jp.fujitsu.com>
>   Heiko Stuebner <heiko@sntech.de>
>   Helge Deller <deller@gmx.de>
>   Hugh Dickins <hughd@google.com>
>   Ian Kent <raven@themaw.net>
>   Ingo Molnar <mingo@kernel.org>
>   Jan Kara <jack@suse.cz>
>   Jason Cooper <jason@lakedaemon.net>
>   Jason Wang <jasowang@redhat.com>
>   Jeff Kirsher <jeffrey.t.kirsher@intel.com>
>   Jeff Layton <jlayton@primarydata.com>
>   Jens Axboe <axboe@fb.com>
>   Jerome Glisse <jglisse@redhat.com>
>   Jerry Chu <hkchu@google.com>
>   Jiri Olsa <jolsa@kernel.org>
>   Jiri Olsa <jolsa@redhat.com>
>   Joe Thornber <ejt@redhat.com>
>   Johannes Berg <johannes.berg@intel.com>
>   John David Anglin <dave.anglin@bell.net>
>   John Stultz <john.stultz@linaro.org>
>   John W. Linville <linville@tuxdriver.com>
>   Jon Maloy <jon.maloy@ericsson.com>
>   Jon Paul Maloy <jon.maloy@ericsson.com>
>   Jonathan Cameron <jic23@kernel.org>
>   Jérôme Glisse <jglisse@redhat.com>
>   K. Y. Srinivasan <kys@microsoft.com>
>   Kevin Hao <haokexin@gmail.com>
>   Lad, Prabhakar <prabhakar.csengg@gmail.com>
>   Laurent Pinchart <laurent.pinchart@ideasonboard.com>
>   Li RongQing <roy.qing.li@gmail.com>
>   Linus Torvalds <torvalds@linux-foundation.org>
>   Loic Poulain <loic.poulain@intel.com>
>   Loic Prylli <loicp@google.com>
>   Madalin-Cristian Bucur <madalin.bucur@freescale.com>
>   Maithili Hinge <maithili@marvell.com>
>   Manuel Schölling <manuel.schoelling@gmx.de>
>   Marcel Holtmann <marcel@holtmann.org>
>   Marek Marczykowski <marmarek@invisiblethingslab.com>
>   Marek Vasut <marex@denx.de>
>   Martin K. Petersen <martin.petersen@oracle.com>
>   Martin Lau <kafai@fb.com>
>   Martin Schwidefsky <schwidefsky@de.ibm.com>
>   Mateusz Guzik <mguzik@redhat.com>
>   Matt Fleming <matt.fleming@intel.com>
>   Matthias Brugger <matthias.bgg@gmail.com>
>   Mauro <registosites@hotmail.com>
>   Mauro Carvalho Chehab <m.chehab@samsung.com>
>   Mengdong Lin <mengdong.lin@intel.com>
>   Michael Brown <mbrown@fensystems.co.uk>
>   Michal Hocko <mhocko@suse.cz>
>   Mike Snitzer <snitzer@redhat.com>
>   Miklos Szeredi <mszeredi@suse.cz>
>   Mikulas Patocka <mpatocka@redhat.com>
>   Naoya Horiguchi <n-horiguchi@ah.jp.nec.com>
>   Neal Cardwell <ncardwell@google.com>
>   Neil Horman <nhorman@tuxdriver.com>
>   Nikolay Aleksandrov <nikolay@redhat.com>
>   Niu Yawei <yawei.niu@gmail.com>
>   Niu Yawei <yawei.niu@intel.com>
>   Oleg Nesterov <oleg@redhat.com>
>   Oren Givon <oren.givon@intel.com>
>   Pavel Emelyanov <xemul@parallels.com>
>   Pekka Enberg <penberg@kernel.org>
>   Pekon Gupta <pekon@ti.com>
>   Peter Chen <peter.chen@freescale.com>
>   Peter Zijlstra <peterz@infradead.org>
>   Philippe Troin <phil@fifi.org>
>   Rafael J. Wysocki <rafael.j.wysocki@intel.com>
>   Randy Dunlap <rdunlap@infradead.org>
>   Rickard Strandqvist <rickard_strandqvist@spectrumdigital.se>
>   Rob Herring <robh@kernel.org>
>   Robert Elliot <Elliott@hp.com>
>   Romain Degez <romain.degez@gmail.com>
>   Sasha Levin <sasha.levin@oracle.com>
>   Sathya Perla <sathya.perla@emulex.com>
>   Shawn Guo <shawn.guo@linaro.org>
>   Shirish Pargaonkar <spargaonkar@suse.com>
>   Silesh C V <svellattu@mvista.com>
>   Sowmini Varadhan <sowmini.varadhan@oracle.com>
>   Srinivas Pandruvada <srinivas.pandruvada@linux.intel.com>
>   Stefan Assmann <sassmann@kpanic.de>
>   Stefano Stabellini <stefano.stabellini@eu.citrix.com>
>   Steven Rostedt (Red Hat) <rostedt@goodmis.org>
>   Steven Rostedt <rostedt@goodmis.org>
>   Suravee Suthikulpanit <Suravee.Suthikulpanit@amd.com>
>   Suresh Reddy <Suresh.Reddy@emulex.com>
>   Sven Wegener <sven.wegener@stealer.net>
>   Takashi Iwai <tiwai@suse.de>
>   Ted Juan <ted.juan@gmail.com>
>   Tejun Heo <tj@kernel.org>
>   Thomas Fitzsimmons <fitzsim@fitzsim.org>
>   Thomas Gleixner <tglx@linutronix.de>
>   Thomas Petazzoni <thomas.petazzoni@free-electrons.com>
>   Todd Fujinaka <todd.fujinaka@intel.com>
>   Tomasz Figa <t.figa@samsung.com>
>   Tony Luck <tony.luck@intel.com>
>   Trond Myklebust <trond.myklebust@primarydata.com>
>   Tyler Hall <tylerwhall@gmail.com>
>   Vasily Averin <vvs@openvz.org>
>   Vasily Averin <vvs@parallels.com>
>   Vineet Gupta <vgupta@synopsys.com>
>   Vlad Yasevich <vyasevich@gmail.com>
>   Wei-Chun Chao <weichunc@plumgrid.com>
>   Will Deacon <will.deacon@arm.com>
>   Xinming Hu <huxm@marvell.com>
>   Yuchung Cheng <ycheng@google.com>
>   zhangwei(Jovi) <jovi.zhangwei@huawei.com>
> ------------------------------------------------------------
> 
> jobs:
>  build-amd64                                                  pass    
>  build-armhf                                                  fail    
>  build-i386                                                   pass    
>  build-amd64-libvirt                                          pass    
>  build-armhf-libvirt                                          blocked 
>  build-i386-libvirt                                           pass    
>  build-amd64-pvops                                            pass    
>  build-armhf-pvops                                            pass    
>  build-i386-pvops                                             pass    
>  build-amd64-rumpuserxen                                      pass    
>  build-i386-rumpuserxen                                       pass    
>  test-amd64-amd64-xl                                          pass    
>  test-armhf-armhf-xl                                          blocked 
>  test-amd64-i386-xl                                           pass    
>  test-amd64-i386-rhel6hvm-amd                                 pass    
>  test-amd64-i386-qemut-rhel6hvm-amd                           pass    
>  test-amd64-i386-qemuu-rhel6hvm-amd                           pass    
>  test-amd64-amd64-xl-qemut-debianhvm-amd64                    pass    
>  test-amd64-i386-xl-qemut-debianhvm-amd64                     pass    
>  test-amd64-amd64-xl-qemuu-debianhvm-amd64                    pass    
>  test-amd64-i386-xl-qemuu-debianhvm-amd64                     pass    
>  test-amd64-i386-freebsd10-amd64                              pass    
>  test-amd64-amd64-xl-qemuu-ovmf-amd64                         pass    
>  test-amd64-i386-xl-qemuu-ovmf-amd64                          pass    
>  test-amd64-amd64-rumpuserxen-amd64                           pass    
>  test-amd64-amd64-xl-qemut-win7-amd64                         fail    
>  test-amd64-i386-xl-qemut-win7-amd64                          fail    
>  test-amd64-amd64-xl-qemuu-win7-amd64                         fail    
>  test-amd64-i386-xl-qemuu-win7-amd64                          fail    
>  test-amd64-amd64-xl-win7-amd64                               fail    
>  test-amd64-i386-xl-win7-amd64                                fail    
>  test-amd64-i386-xl-credit2                                   pass    
>  test-amd64-i386-freebsd10-i386                               pass    
>  test-amd64-i386-rumpuserxen-i386                             pass    
>  test-amd64-amd64-xl-pcipt-intel                              fail    
>  test-amd64-i386-rhel6hvm-intel                               pass    
>  test-amd64-i386-qemut-rhel6hvm-intel                         pass    
>  test-amd64-i386-qemuu-rhel6hvm-intel                         pass    
>  test-amd64-amd64-libvirt                                     fail    
>  test-armhf-armhf-libvirt                                     blocked 
>  test-amd64-i386-libvirt                                      fail    
>  test-amd64-i386-xl-multivcpu                                 pass    
>  test-amd64-amd64-pair                                        pass    
>  test-amd64-i386-pair                                         fail    
>  test-amd64-amd64-xl-sedf-pin                                 pass    
>  test-amd64-amd64-xl-sedf                                     pass    
>  test-amd64-i386-xl-qemut-winxpsp3-vcpus1                     fail    
>  test-amd64-i386-xl-qemuu-winxpsp3-vcpus1                     fail    
>  test-amd64-i386-xl-winxpsp3-vcpus1                           fail    
>  test-amd64-amd64-xl-qemut-winxpsp3                           fail    
>  test-amd64-i386-xl-qemut-winxpsp3                            fail    
>  test-amd64-amd64-xl-qemuu-winxpsp3                           fail    
>  test-amd64-i386-xl-qemuu-winxpsp3                            fail    
>  test-amd64-amd64-xl-winxpsp3                                 fail    
>  test-amd64-i386-xl-winxpsp3                                  fail    
> 
> 
> ------------------------------------------------------------
> sg-report-flight on osstest.cam.xci-test.com
> logs: /home/xc_osstest/logs
> images: /home/xc_osstest/images
> 
> Logs, config files, etc. are available at
>     http://www.chiark.greenend.org.uk/~xensrcts/logs
> 
> Test harness code can be found at
>     http://xenbits.xensource.com/gitweb?p=osstest.git;a=summary
> 
> 
> Not pushing.
> 
> (No revision log; it would be 3602 lines long.)
> 
> _______________________________________________
> Xen-devel mailing list
> Xen-devel@lists.xen.org
> http://lists.xen.org/xen-devel

  reply	other threads:[~2014-08-04 22:28 UTC|newest]

Thread overview: 3+ messages / expand[flat|nested]  mbox.gz  Atom feed  top
2014-08-04 22:19 [linux-3.14 test] 29595: regressions - FAIL xen.org
2014-08-04 22:28 ` Ian Campbell [this message]
2014-08-05  8:34   ` Ian Campbell

Reply instructions:

You may reply publicly to this message via plain-text email
using any one of the following methods:

* Save the following mbox file, import it into your mail client,
  and reply-to-all from there: mbox

  Avoid top-posting and favor interleaved quoting:
  https://en.wikipedia.org/wiki/Posting_style#Interleaved_style

* Reply using the --to, --cc, and --in-reply-to
  switches of git-send-email(1):

  git send-email \
    --in-reply-to=1407191291.23472.16.camel@dagon.hellion.org.uk \
    --to=ian.campbell@citrix.com \
    --cc=Ian.Jackson@eu.citrix.com \
    --cc=xen-devel@lists.xensource.com \
    /path/to/YOUR_REPLY

  https://kernel.org/pub/software/scm/git/docs/git-send-email.html

* If your mail client supports setting the In-Reply-To header
  via mailto: links, try the mailto: link
Be sure your reply has a Subject: header at the top and a blank line before the message body.
This is a public inbox, see mirroring instructions
for how to clone and mirror all data and code used for this inbox;
as well as URLs for NNTP newsgroup(s).