From: Ian Campbell <ian.campbell@citrix.com>
To: osstest service owner <osstest-admin@xenproject.org>,
xen-devel@lists.xensource.com, stable@vger.kernel.org,
Sasha Levin <sasha.levin@oracle.com>
Cc: Boris Ostrovsky <boris.ostrovsky@oracle.com>,
Andy Lutomirski <luto@amacapital.net>,
David Vrabel <david.vrabel@citrix.com>
Subject: Please backport 5054daa285 to stable trees with 63753fac67 (Was: Re: [linux-3.18 test] 61244: regressions - FAIL)
Date: Wed, 2 Sep 2015 10:18:47 +0100 [thread overview]
Message-ID: <1441185527.26292.112.camel@citrix.com> (raw)
In-Reply-To: <osstest-61244-mainreport@xen.org>
[resending to correct stable address, sorry folks]
On Wed, 2015-09-02 at 00:43 +0000, osstest service owner wrote:
> flight 61244 linux-3.18 real [real]
> http://logs.test-lab.xenproject.org/osstest/logs/61244/
>
> Regressions :-(
>
> Tests which did not succeed and are blocking,
> including tests which could not be run:
> test-amd64-amd64-xl-pvh-intel 11 guest-start fail REGR. vs.
> 58581
This has been failing for a while now in http://mid.gmane.org/<;
559C26FC.8020902@oracle.com> Boris noted that backporting 1e02ce4cccdc
("x86: Store a per-cpu shadow copy of CR4") also requires backporting as a
fixup 5054daa285 ("x86/xen: Initialize cr4 shadow for 64-bit PV(H)
guests").
Sasha, linux-3.18.y has 1e02ce4cccdc as 63753fac67e1, please could you
pickup the followup fix from 5054daa285 too?.
>From a brief grep of the git logs it doesn't look like any other LTS
kernels have picked up the original commit.
Ian.
>
> Regressions which are regarded as allowable (not blocking):
> test-armhf-armhf-libvirt 6 xen-boot fail REGR. vs.
>
> 58581
> test-amd64-i386-xl-qemut-stubdom-debianhvm-amd64-xsm 13 guest
> -localmigrate fail baseline untested
> test-armhf-armhf-xl-rtds 11 guest-start fail baseline
> untested
> test-amd64-amd64-xl-qemut-stubdom-debianhvm-amd64-xsm 13 guest
> -localmigrate fail baseline untested
> test-armhf-armhf-libvirt-xsm 6 xen-boot fail like
>
> 58581
> test-armhf-armhf-xl-credit2 6 xen-boot fail like
>
> 58581
> test-armhf-armhf-xl-multivcpu 6 xen-boot fail like
>
> 58581
> test-armhf-armhf-xl 6 xen-boot fail like
>
> 58581
> test-armhf-armhf-xl-xsm 6 xen-boot fail like
>
> 58581
> test-amd64-i386-xl-qemuu-win7-amd64 17 guest-stop fail like
>
> 58581
> test-amd64-amd64-xl-qemut-win7-amd64 17 guest-stop fail like
>
> 58581
> test-amd64-amd64-xl-qemuu-win7-amd64 17 guest-stop fail like
>
> 58581
>
> Tests which did not succeed, but are not blocking:
> test-armhf-armhf-xl-qcow2 9 debian-di-install fail
> never pass
> test-armhf-armhf-libvirt-qcow2 9 debian-di-install fail
> never pass
> test-amd64-amd64-xl-pvh-amd 11 guest-start fail
> never pass
> test-armhf-armhf-libvirt-raw 9 debian-di-install fail
> never pass
> test-armhf-armhf-xl-raw 9 debian-di-install fail
> never pass
> test-armhf-armhf-libvirt-vhd 9 debian-di-install fail
> never pass
> test-armhf-armhf-xl-cubietruck 6 xen-boot fail
> never pass
> test-amd64-amd64-libvirt-pair 21 guest-migrate/src_host/dst_host fail
> never pass
> test-amd64-i386-libvirt-xsm 12 migrate-support-check fail
> never pass
> test-amd64-amd64-libvirt-xsm 12 migrate-support-check fail
> never pass
> test-armhf-armhf-xl-arndale 12 migrate-support-check fail
> never pass
> test-armhf-armhf-xl-arndale 13 saverestore-support-check fail
> never pass
> test-amd64-amd64-libvirt-qemuu-debianhvm-amd64-xsm 10 migrate-support
> -check fail never pass
> test-amd64-amd64-libvirt-qcow2 11 migrate-support-check fail
> never pass
> test-amd64-i386-libvirt-qemuu-debianhvm-amd64-xsm 10 migrate-support
> -check fail never pass
> test-amd64-i386-libvirt-pair 21 guest-migrate/src_host/dst_host fail
> never pass
> test-amd64-i386-libvirt-raw 11 migrate-support-check fail
> never pass
> test-amd64-amd64-libvirt-vhd 11 migrate-support-check fail
> never pass
> test-amd64-i386-libvirt 12 migrate-support-check fail
> never pass
> test-amd64-amd64-libvirt 12 migrate-support-check fail
> never pass
> test-amd64-i386-libvirt-vhd 11 migrate-support-check fail
> never pass
> test-armhf-armhf-xl-vhd 9 debian-di-install fail
> never pass
> test-amd64-i386-libvirt-qcow2 11 migrate-support-check fail
> never pass
> test-amd64-amd64-libvirt-raw 11 migrate-support-check fail
> never pass
> test-amd64-i386-xl-qemut-win7-amd64 17 guest-stop fail
> never pass
>
> version targeted for testing:
> linux e9fd6ddcabf8695329f2462d3ece5a8442f2a8cf
> baseline version:
> linux d048c068d00da7d4cfa5ea7651933b99026958cf
>
> Last test of basis 58581 2015-06-15 09:42:22 Z 78 days
> Failing since 58976 2015-06-29 19:43:23 Z 64 days 53
> attempts
> Testing same since 60642 2015-08-09 13:18:01 Z 23 days 12
> attempts
>
> ------------------------------------------------------------
> 383 people touched revisions under test,
> not listing them all
>
> jobs:
> build-amd64-xsm pass
> build-armhf-xsm pass
> build-i386-xsm pass
> build-amd64 pass
> build-armhf pass
> build-i386 pass
> build-amd64-libvirt pass
> build-armhf-libvirt pass
> build-i386-libvirt pass
> build-amd64-pvops pass
> build-armhf-pvops pass
> build-i386-pvops pass
> build-amd64-rumpuserxen pass
> build-i386-rumpuserxen pass
> test-amd64-amd64-xl pass
> test-armhf-armhf-xl fail
> test-amd64-i386-xl pass
> test-amd64-amd64-xl-qemut-debianhvm-amd64-xsm pass
> test-amd64-i386-xl-qemut-debianhvm-amd64-xsm pass
> test-amd64-amd64-libvirt-qemuu-debianhvm-amd64-xsm pass
> test-amd64-i386-libvirt-qemuu-debianhvm-amd64-xsm pass
> test-amd64-amd64-xl-qemuu-debianhvm-amd64-xsm pass
> test-amd64-i386-xl-qemuu-debianhvm-amd64-xsm pass
> test-amd64-amd64-xl-qemut-stubdom-debianhvm-amd64-xsm fail
> test-amd64-i386-xl-qemut-stubdom-debianhvm-amd64-xsm fail
> test-amd64-amd64-libvirt-xsm pass
> test-armhf-armhf-libvirt-xsm fail
> test-amd64-i386-libvirt-xsm pass
> test-amd64-amd64-xl-xsm pass
> test-armhf-armhf-xl-xsm fail
> test-amd64-i386-xl-xsm pass
> test-amd64-amd64-xl-pvh-amd fail
> test-amd64-i386-qemut-rhel6hvm-amd pass
> test-amd64-i386-qemuu-rhel6hvm-amd pass
> test-amd64-amd64-xl-qemut-debianhvm-amd64 pass
> test-amd64-i386-xl-qemut-debianhvm-amd64 pass
> test-amd64-amd64-xl-qemuu-debianhvm-amd64 pass
> test-amd64-i386-xl-qemuu-debianhvm-amd64 pass
> test-amd64-i386-freebsd10-amd64 pass
> test-amd64-amd64-xl-qemuu-ovmf-amd64 pass
> test-amd64-i386-xl-qemuu-ovmf-amd64 pass
> test-amd64-amd64-rumpuserxen-amd64 pass
> test-amd64-amd64-xl-qemut-win7-amd64 fail
> test-amd64-i386-xl-qemut-win7-amd64 fail
> test-amd64-amd64-xl-qemuu-win7-amd64 fail
> test-amd64-i386-xl-qemuu-win7-amd64 fail
> test-armhf-armhf-xl-arndale pass
> test-amd64-amd64-xl-credit2 pass
> test-armhf-armhf-xl-credit2 fail
> test-armhf-armhf-xl-cubietruck fail
> test-amd64-i386-freebsd10-i386 pass
> test-amd64-i386-rumpuserxen-i386 pass
> test-amd64-amd64-xl-pvh-intel fail
> test-amd64-i386-qemut-rhel6hvm-intel pass
> test-amd64-i386-qemuu-rhel6hvm-intel pass
> test-amd64-amd64-libvirt pass
> test-armhf-armhf-libvirt fail
> test-amd64-i386-libvirt pass
> test-amd64-amd64-xl-multivcpu pass
> test-armhf-armhf-xl-multivcpu fail
> test-amd64-amd64-pair pass
> test-amd64-i386-pair pass
> test-amd64-amd64-libvirt-pair fail
> test-amd64-i386-libvirt-pair fail
> test-amd64-amd64-amd64-pvgrub pass
> test-amd64-amd64-i386-pvgrub pass
> test-amd64-amd64-pygrub pass
> test-amd64-amd64-libvirt-qcow2 pass
> test-armhf-armhf-libvirt-qcow2 fail
> test-amd64-i386-libvirt-qcow2 pass
> test-amd64-amd64-xl-qcow2 pass
> test-armhf-armhf-xl-qcow2 fail
> test-amd64-i386-xl-qcow2 pass
> test-amd64-amd64-libvirt-raw pass
> test-armhf-armhf-libvirt-raw fail
> test-amd64-i386-libvirt-raw pass
> test-amd64-amd64-xl-raw pass
> test-armhf-armhf-xl-raw fail
> test-amd64-i386-xl-raw pass
> test-amd64-amd64-xl-rtds pass
> test-armhf-armhf-xl-rtds fail
> test-amd64-i386-xl-qemut-winxpsp3-vcpus1 pass
> test-amd64-i386-xl-qemuu-winxpsp3-vcpus1 pass
> test-amd64-amd64-libvirt-vhd pass
> test-armhf-armhf-libvirt-vhd fail
> test-amd64-i386-libvirt-vhd pass
> test-amd64-amd64-xl-vhd pass
> test-armhf-armhf-xl-vhd fail
> test-amd64-i386-xl-vhd pass
> test-amd64-amd64-xl-qemut-winxpsp3 pass
> test-amd64-i386-xl-qemut-winxpsp3 pass
> test-amd64-amd64-xl-qemuu-winxpsp3 pass
> test-amd64-i386-xl-qemuu-winxpsp3 pass
>
>
> ------------------------------------------------------------
> sg-report-flight on osstest.test-lab.xenproject.org
> logs: /home/logs/logs
> images: /home/logs/images
>
> Logs, config files, etc. are available at
> http://logs.test-lab.xenproject.org/osstest/logs
>
> Explanation of these reports, and of osstest in general, is at
> http://xenbits.xen.org/gitweb/?p=osstest.git;a=blob;f=README.email;hb
> =master
>
> http://xenbits.xen.org/gitweb/?p=osstest.git;a=blob;f=README;hb=master
>
> Test harness code can be found at
> http://xenbits.xen.org/gitweb?p=osstest.git;a=summary
>
>
> Not pushing.
>
> (No revision log; it would be 10532 lines long.)
next prev parent reply other threads:[~2015-09-02 9:18 UTC|newest]
Thread overview: 6+ messages / expand[flat|nested] mbox.gz Atom feed top
2015-09-02 0:43 [linux-3.18 test] 61244: regressions - FAIL osstest service owner
2015-09-02 9:17 ` Please backport 5054daa285 to stable trees with 63753fac67 (Was: Re: [linux-3.18 test] 61244: regressions - FAIL) Ian Campbell
2015-09-02 9:18 ` Ian Campbell [this message]
2015-09-11 15:10 ` Ian Campbell
2015-09-11 15:42 ` Sasha Levin
2015-09-11 15:52 ` Ian Campbell
Reply instructions:
You may reply publicly to this message via plain-text email
using any one of the following methods:
* Save the following mbox file, import it into your mail client,
and reply-to-all from there: mbox
Avoid top-posting and favor interleaved quoting:
https://en.wikipedia.org/wiki/Posting_style#Interleaved_style
* Reply using the --to, --cc, and --in-reply-to
switches of git-send-email(1):
git send-email \
--in-reply-to=1441185527.26292.112.camel@citrix.com \
--to=ian.campbell@citrix.com \
--cc=boris.ostrovsky@oracle.com \
--cc=david.vrabel@citrix.com \
--cc=luto@amacapital.net \
--cc=osstest-admin@xenproject.org \
--cc=sasha.levin@oracle.com \
--cc=stable@vger.kernel.org \
--cc=xen-devel@lists.xensource.com \
/path/to/YOUR_REPLY
https://kernel.org/pub/software/scm/git/docs/git-send-email.html
* If your mail client supports setting the In-Reply-To header
via mailto: links, try the mailto: link
Be sure your reply has a Subject: header at the top and a blank line
before the message body.
This is a public inbox, see mirroring instructions
for how to clone and mirror all data and code used for this inbox;
as well as URLs for NNTP newsgroup(s).