xen-devel.lists.xenproject.org archive mirror
 help / color / mirror / Atom feed
* [Fwd: [linux-4.1 test] 60654: tolerable FAIL - PUSHED]
@ 2015-09-03  8:33 Ian Campbell
  0 siblings, 0 replies; only message in thread
From: Ian Campbell @ 2015-09-03  8:33 UTC (permalink / raw)
  To: xen-devel

This report didn't make it to the list (SPAM filter, fix in progress) but I
wanted to refer to it, so forwarding.

-------- Forwarded Message --------
From: osstest service owner <osstest-admin@xenproject.org>
To: xen-devel@lists.xensource.com, osstest-admin@xenproject.org
Subject: [linux-4.1 test] 60654: tolerable FAIL - PUSHED
Date: Wed, 12 Aug 2015 03:49:38 +0000
Message-id: <osstest-60654-mainreport@xen.org>

flight 60654 linux-4.1 real [real]
http://logs.test-lab.xenproject.org/osstest/logs/60654/

Failures :-/ but no regressions.

Regressions which are regarded as allowable (not blocking):
 test-armhf-armhf-libvirt-vhd  6 xen-boot                  fail REGR. vs. 60547
 test-amd64-i386-xl-qemut-stubdom-debianhvm-amd64-xsm 13 guest-localmigrate fail blocked in 60547
 test-amd64-i386-xl-xsm       14 guest-saverestore            fail   like 60547
 test-amd64-i386-xl           14 guest-saverestore            fail   like 60547
 test-amd64-i386-pair        21 guest-migrate/src_host/dst_host fail like 60547
 test-armhf-armhf-xl-rtds     11 guest-start                  fail   like 60547
 test-amd64-amd64-xl-qemut-win7-amd64 17 guest-stop             fail like 60547
 test-amd64-amd64-xl-qemuu-win7-amd64 17 guest-stop             fail like 60547

Tests which did not succeed, but are not blocking:
 test-amd64-amd64-xl-pvh-intel 14 guest-saverestore            fail  never pass
 test-armhf-armhf-libvirt-qcow2  9 debian-di-install            fail never pass
 test-armhf-armhf-xl-raw       9 debian-di-install            fail   never pass
 test-armhf-armhf-xl-qcow2     9 debian-di-install            fail   never pass
 test-amd64-amd64-xl-pvh-amd  11 guest-start                  fail   never pass
 test-armhf-armhf-libvirt-raw  9 debian-di-install            fail   never pass
 test-amd64-i386-libvirt-xsm  12 migrate-support-check        fail   never pass
 test-amd64-i386-libvirt-xsm  14 guest-saverestore            fail   never pass
 test-amd64-amd64-libvirt-pair 21 guest-migrate/src_host/dst_host fail never pass
 test-amd64-amd64-libvirt-xsm 12 migrate-support-check        fail   never pass
 test-amd64-amd64-libvirt     12 migrate-support-check        fail   never pass
 test-amd64-i386-libvirt-pair 21 guest-migrate/src_host/dst_host fail never pass
 test-amd64-i386-libvirt      14 guest-saverestore            fail   never pass
 test-amd64-i386-libvirt      12 migrate-support-check        fail   never pass
 test-amd64-i386-libvirt-qemuu-debianhvm-amd64-xsm 10 migrate-support-check fail never pass
 test-armhf-armhf-xl          12 migrate-support-check        fail   never pass
 test-armhf-armhf-xl          13 saverestore-support-check    fail   never pass
 test-amd64-amd64-libvirt-qemuu-debianhvm-amd64-xsm 10 migrate-support-check fail never pass
 test-amd64-i386-libvirt-qcow2 11 migrate-support-check        fail  never pass
 test-amd64-amd64-libvirt-qcow2 11 migrate-support-check        fail never pass
 test-amd64-amd64-libvirt-raw 11 migrate-support-check        fail   never pass
 test-armhf-armhf-xl-cubietruck 12 migrate-support-check        fail never pass
 test-armhf-armhf-xl-cubietruck 13 saverestore-support-check    fail never pass
 test-armhf-armhf-xl-arndale  12 migrate-support-check        fail   never pass
 test-armhf-armhf-xl-arndale  13 saverestore-support-check    fail   never pass
 test-amd64-i386-libvirt-vhd  11 migrate-support-check        fail   never pass
 test-armhf-armhf-xl-credit2  13 saverestore-support-check    fail   never pass
 test-armhf-armhf-xl-credit2  12 migrate-support-check        fail   never pass
 test-amd64-amd64-libvirt-vhd 11 migrate-support-check        fail   never pass
 test-armhf-armhf-xl-multivcpu 13 saverestore-support-check    fail  never pass
 test-armhf-armhf-xl-multivcpu 12 migrate-support-check        fail  never pass
 test-armhf-armhf-libvirt     14 guest-saverestore            fail   never pass
 test-armhf-armhf-libvirt     12 migrate-support-check        fail   never pass
 test-armhf-armhf-libvirt-xsm 12 migrate-support-check        fail   never pass
 test-armhf-armhf-libvirt-xsm 14 guest-saverestore            fail   never pass
 test-amd64-i386-libvirt-raw  11 migrate-support-check        fail   never pass
 test-amd64-i386-xl-qemuu-win7-amd64 17 guest-stop              fail never pass
 test-armhf-armhf-xl-vhd       9 debian-di-install            fail   never pass
 test-armhf-armhf-xl-xsm      13 saverestore-support-check    fail   never pass
 test-armhf-armhf-xl-xsm      12 migrate-support-check        fail   never pass
 test-amd64-i386-xl-qemut-win7-amd64 17 guest-stop              fail never pass

version targeted for testing:
 linux                352cb8677f83a6cf2139151578c8c79785d2d4bf
baseline version:
 linux                89e419960fb6a260f6a112821507d516117d5aa1

Last test of basis    60547  2015-08-03 16:41:21 Z    8 days
Testing same since    60654  2015-08-10 20:42:06 Z    1 days    1 attempts

------------------------------------------------------------
People who touched revisions under test:
  "Eric W. Biederman" <ebiederm@xmission.com>
  Aaron Plattner <aplattner@nvidia.com>
  Adrian Hunter <adrian.hunter@intel.com>
  Al Viro <viro@zeniv.linux.org.uk>
  Albert Huitsing <albert@huitsing.nl>
  Alex Williamson <alex.williamson@redhat.com>
  Alexander Popov <alpopov@ptsecurity.com>
  Alexander Usyskin <alexander.usyskin@intel.com>
  Alexei Potashnik <alexei@purestorage.com>
  Alexey Brodkin <abrodkin@synopsys.com>
  Andreas Fenkart <afenkart@gmail.com>
  Andrew Morton <akpm@linux-foundation.org>
  Andrey Ryabinin <a.ryabinin@samsung.com>
  Andy Shevchenko <andriy.shevchenko@linux.intel.com>
  Antonio Borneo <borneo.antonio@gmail.com>
  Ard Biesheuvel <ard.biesheuvel@linaro.org>
  Arnaldo Carvalho de Melo <acme@redhat.com>
  Ben Skeggs <bskeggs@redhat.com>
  Benjamin Tissoires <benjamin.tissoires@redhat.com>
  Bernhard Bender <bernhard.bender@bytecmed.com>
  Brian Campbell <bacam@z273.org.uk>
  Catalin Marinas <catalin.marinas@arm.com>
  Chris Metcalf <cmetcalf@ezchip.com>
  Christophe JAILLET <christophe.jaillet@wanadoo.fr>
  Clemens Ladisch <clemens@ladisch.de>
  Daniel Axtens <dja@axtens.net>
  Darren Lavender <darren.lavender@hp.com>
  Dasaratharaman Chandramouli <dasaratharaman.chandramouli@intel.com>
  Dave Chinner <david@fromorbit.com>
  Dave Chinner <dchinner@redhat.com>
  Dave Hansen <dave.hansen@linux.intel.com>
  David Henningsson <david.henningsson@canonical.com>
  David Jander <david@protonic.nl>
  Dmitry Skorodumov <sdmitry@parallels.com>
  Dmitry Torokhov <dmitry.torokhov@gmail.com>
  Dominic Sacré <dominic.sacre@gmx.de>
  Doug Ledford <dledford@redhat.com>
  Ellen Wang <ellen@cumulusnetworks.com>
  Emmanuel Grumbach <emmanuel.grumbach@intel.com>
  Eric W. Biederman <ebiederm@xmission.com>
  Gabriel Fernandez <gabriel.fernandez@linaro.org>
  Giridhar Malavali <giridhar.malavali@qlogic.com>
  Giuseppe Cavallaro <peppe.cavallaro@st.com>
  Greg Kroah-Hartman <gregkh@linuxfoundation.org>
  Guenter Roeck <linux@roeck-us.net>
  Haggai Eran <haggaie@mellanox.com>
  Hans-Christian Egtvedt <egtvedt@samfundet.no>
  Heiko Carstens <heiko.carstens@de.ibm.com>
  Helge Deller <deller@gmx.de>
  Herbert Xu <herbert@gondor.apana.org.au>
  Himanshu Madhani <himanshu.madhani@qlogic.com>
  Ian Munsie <imunsie@au1.ibm.com>
  Igor Grinberg <grinberg@compulab.co.il>
  Ilia Mirkin <imirkin@alum.mit.edu>
  Ingo Molnar <mingo@kernel.org>
  J. Bruce Fields <bfields@fieldses.org>
  J.D. Schroeder <jay.schroeder@garmin.com>
  James Bottomley <JBottomley@Odin.com>
  Jason Gunthorpe <jgunthorpe@obsidianresearch.com>
  Jeeja Kp <jeeja.kp@intel.com>
  Jens Axboe <axboe@fb.com>
  Jingju Hou <houjingj@marvell.com>
  Jiri Kosina <jkosina@suse.com>
  Joakim Tjernlund <joakim.tjernlund@transmode.se>
  Joerg Roedel <jroedel@suse.de>
  Johannes Berg <johannes.berg@intel.com>
  John David Anglin <dave.anglin@bell.net>
  Kai Mäkisara <kai.makisara@kolumbus.fi>
  Kamil Dudka <kdudka@redhat.com>
  Kanoj Sarcar <kanoj.sarcar@qlogic.com>
  Kirill A. Shutemov <kirill.shutemov@linux.intel.com>
  Kishon Vijay Abraham I <kishon@ti.com>
  Kristen Carlson Accardi <kristen@linux.intel.com>
  Krzysztof Kozlowski <k.kozlowski@samsung.com>
  Liad Kaufman <liad.kaufman@intel.com>
  Linus Torvalds <torvalds@linux-foundation.org>
  Linus Walleij <linus.walleij@linaro.org>
  Lior Amsalem <alior@marvell.com>
  Lokesh Vutla <lokeshvutla@ti.com>
  Lucas Stach <l.stach@pengutronix.de>
  Luck, Tony <tony.luck@intel.com>
  Lukasz Anaczkowski <lukasz.anaczkowski@intel.com>
  Marc Kleine-Budde <mkl@pengutronix.de>
  Marc Zyngier <marc.zyngier@arm.com>
  Marc-André Lureau <marcandre.lureau@redhat.com>
  Marek Szyprowski <m.szyprowski@samsung.com>
  Mark Brown <broonie@kernel.org>
  Markos Chandras <markos.chandras@imgtec.com>
  Martin Schwidefsky <schwidefsky@de.ibm.com>
  Maruthi Bayyavarapu <maruthi.bayyavarapu@amd.com>
  Maruthi Srinivas Bayyavarapu <Maruthi.Bayyavarapu@amd.com>
  Mateusz Sylwestrzak <matisec7@gmail.com>
  Mathias Nyman <mathias.nyman@linux.intel.com>
  Matt Fleming <matt.fleming@intel.com>
  Matt Fleming <matt@console-pimps.org>
  Michael Ellerman <mpe@ellerman.id.au>
  Michael Holzheu <holzheu@linux.vnet.ibm.com>
  Michael Neuling <mikey@neuling.org>
  Michael S. Tsirkin <mst@redhat.com>
  Michal Marek <mmarek@suse.com>
  Michal Marek <mmarek@suse.cz>
  Mike Snitzer <snitzer@redhat.com>
  Mikulas Patocka <mpatocka@redhat.com>
  Ming Lei <ming.lei@canonical.com>
  NeilBrown <neilb@suse.com>
  Nicholas Bellinger <nab@linux-iscsi.org>
  Oliver Hartkopp <socketcan@hartkopp.net>
  Oliver Neukum <oneukum@suse.com>
  Pankaj Dev <pankaj.dev@st.com>
  Paul Burton <paul.burton@imgtec.com>
  Peng Fan <van.freenix@gmail.com>
  Peter Hurley <peter@hurleysoftware.com>
  Peter Zijlstra (Intel) <peterz@infradead.org>
  Peter Zijlstra <peterz@infradead.org>
  Philipp Zabel <p.zabel@pengutronix.de>
  Quinn Tran <quinn.tran@qlogic.com>
  Rafael J. Wysocki <rafael.j.wysocki@intel.com>
  Ralf Baechle <ralf@linux-mips.org>
  Ricardo Neri <ricardo.neri-calderon@linux.intel.com>
  Robert Jarzmik <robert.jarzmik@free.fr>
  Roger Quadros <rogerq@ti.com>
  Roland Dreier <roland@purestorage.com>
  Russell King <rmk+kernel@arm.linux.org.uk>
  Sascha Hauer <s.hauer@pengutronix.de>
  Saurav Kashyap <saurav.kashyap@qlogic.com>
  Sergei Shtylyov <sergei.shtylyov@cogentembedded.com>
  Seymour, Shane M <shane.seymour@hp.com>
  Shane Seymour <shane.seymour@hp.com>
  Shawn Guo <shawn.guo@linaro.org>
  Shreyas B. Prabhu <shreyas@linux.vnet.ibm.com>
  Sifan Naeem <sifan.naeem@imgtec.com>
  Stefan Agner <stefan@agner.ch>
  Stephen Boyd <sboyd@codeaurora.org>
  Steven Rostedt (Red Hat) <rostedt@goodmis.org>
  Steven Rostedt <rostedt@goodmis.org>
  Takashi Iwai <tiwai@suse.de>
  Tejun Heo <tj@kernel.org>
  Thomas Gleixner <tglx@linutronix.de>
  Thomas Petazzoni <thomas.petazzoni@free-electrons.com>
  Tom Hughes <tom@compton.nu>
  Tomas Winkler <tomas.winkler@intel.com>
  Tony Battersby <tonyb@cybernetics.com>
  Tony Lindgren <tony@atomide.com>
  Tony Luck <tony.luck@intel.com>
  Trond Myklebust <trond.myklebust@primarydata.com>
  Ulf Hansson <ulf.hansson@linaro.org>
  Uwe Kleine-König <u.kleine-koenig@pengutronix.de>
  Vignesh R <vigneshr@ti.com>
  Vineet Gupta <vgupta@synopsys.com>
  Vutla, Lokesh <lokeshvutla@ti.com>
  Wengang Wang <wen.gang.wang@oracle.com>
  Yao-Wen Mao <yaowen@google.com>
  Zhuang Jin Can <jin.can.zhuang@intel.com>

jobs:
 build-amd64-xsm                                              pass    
 build-armhf-xsm                                              pass    
 build-i386-xsm                                               pass    
 build-amd64                                                  pass    
 build-armhf                                                  pass    
 build-i386                                                   pass    
 build-amd64-libvirt                                          pass    
 build-armhf-libvirt                                          pass    
 build-i386-libvirt                                           pass    
 build-amd64-pvops                                            pass    
 build-armhf-pvops                                            pass    
 build-i386-pvops                                             pass    
 build-amd64-rumpuserxen                                      pass    
 build-i386-rumpuserxen                                       pass    
 test-amd64-amd64-xl                                          pass    
 test-armhf-armhf-xl                                          pass    
 test-amd64-i386-xl                                           fail    
 test-amd64-amd64-xl-qemut-debianhvm-amd64-xsm                pass    
 test-amd64-i386-xl-qemut-debianhvm-amd64-xsm                 pass    
 test-amd64-amd64-libvirt-qemuu-debianhvm-amd64-xsm           pass    
 test-amd64-i386-libvirt-qemuu-debianhvm-amd64-xsm            pass    
 test-amd64-amd64-xl-qemuu-debianhvm-amd64-xsm                pass    
 test-amd64-i386-xl-qemuu-debianhvm-amd64-xsm                 pass    
 test-amd64-amd64-xl-qemut-stubdom-debianhvm-amd64-xsm        pass    
 test-amd64-i386-xl-qemut-stubdom-debianhvm-amd64-xsm         fail    
 test-amd64-amd64-libvirt-xsm                                 pass    
 test-armhf-armhf-libvirt-xsm                                 fail    
 test-amd64-i386-libvirt-xsm                                  fail    
 test-amd64-amd64-xl-xsm                                      pass    
 test-armhf-armhf-xl-xsm                                      pass    
 test-amd64-i386-xl-xsm                                       fail    
 test-amd64-amd64-xl-pvh-amd                                  fail    
 test-amd64-i386-qemut-rhel6hvm-amd                           pass    
 test-amd64-i386-qemuu-rhel6hvm-amd                           pass    
 test-amd64-amd64-xl-qemut-debianhvm-amd64                    pass    
 test-amd64-i386-xl-qemut-debianhvm-amd64                     pass    
 test-amd64-amd64-xl-qemuu-debianhvm-amd64                    pass    
 test-amd64-i386-xl-qemuu-debianhvm-amd64                     pass    
 test-amd64-i386-freebsd10-amd64                              pass    
 test-amd64-amd64-xl-qemuu-ovmf-amd64                         pass    
 test-amd64-i386-xl-qemuu-ovmf-amd64                          pass    
 test-amd64-amd64-rumpuserxen-amd64                           pass    
 test-amd64-amd64-xl-qemut-win7-amd64                         fail    
 test-amd64-i386-xl-qemut-win7-amd64                          fail    
 test-amd64-amd64-xl-qemuu-win7-amd64                         fail    
 test-amd64-i386-xl-qemuu-win7-amd64                          fail    
 test-armhf-armhf-xl-arndale                                  pass    
 test-amd64-amd64-xl-credit2                                  pass    
 test-armhf-armhf-xl-credit2                                  pass    
 test-armhf-armhf-xl-cubietruck                               pass    
 test-amd64-i386-freebsd10-i386                               pass    
 test-amd64-i386-rumpuserxen-i386                             pass    
 test-amd64-amd64-xl-pvh-intel                                fail    
 test-amd64-i386-qemut-rhel6hvm-intel                         pass    
 test-amd64-i386-qemuu-rhel6hvm-intel                         pass    
 test-amd64-amd64-libvirt                                     pass    
 test-armhf-armhf-libvirt                                     fail    
 test-amd64-i386-libvirt                                      fail    
 test-amd64-amd64-xl-multivcpu                                pass    
 test-armhf-armhf-xl-multivcpu                                pass    
 test-amd64-amd64-pair                                        pass    
 test-amd64-i386-pair                                         fail    
 test-amd64-amd64-libvirt-pair                                fail    
 test-amd64-i386-libvirt-pair                                 fail    
 test-amd64-amd64-amd64-pvgrub                                pass    
 test-amd64-amd64-i386-pvgrub                                 pass    
 test-amd64-amd64-pygrub                                      pass    
 test-amd64-amd64-libvirt-qcow2                               pass    
 test-armhf-armhf-libvirt-qcow2                               fail    
 test-amd64-i386-libvirt-qcow2                                pass    
 test-amd64-amd64-xl-qcow2                                    pass    
 test-armhf-armhf-xl-qcow2                                    fail    
 test-amd64-i386-xl-qcow2                                     pass    
 test-amd64-amd64-libvirt-raw                                 pass    
 test-armhf-armhf-libvirt-raw                                 fail    
 test-amd64-i386-libvirt-raw                                  pass    
 test-amd64-amd64-xl-raw                                      pass    
 test-armhf-armhf-xl-raw                                      fail    
 test-amd64-i386-xl-raw                                       pass    
 test-amd64-amd64-xl-rtds                                     pass    
 test-armhf-armhf-xl-rtds                                     fail    
 test-amd64-i386-xl-qemut-winxpsp3-vcpus1                     pass    
 test-amd64-i386-xl-qemuu-winxpsp3-vcpus1                     pass    
 test-amd64-amd64-libvirt-vhd                                 pass    
 test-armhf-armhf-libvirt-vhd                                 fail    
 test-amd64-i386-libvirt-vhd                                  pass    
 test-amd64-amd64-xl-vhd                                      pass    
 test-armhf-armhf-xl-vhd                                      fail    
 test-amd64-i386-xl-vhd                                       pass    
 test-amd64-amd64-xl-qemut-winxpsp3                           pass    
 test-amd64-i386-xl-qemut-winxpsp3                            pass    
 test-amd64-amd64-xl-qemuu-winxpsp3                           pass    
 test-amd64-i386-xl-qemuu-winxpsp3                            pass    


------------------------------------------------------------
sg-report-flight on osstest.test-lab.xenproject.org
logs: /home/logs/logs
images: /home/logs/images

Logs, config files, etc. are available at
    http://logs.test-lab.xenproject.org/osstest/logs

Explanation of these reports, and of osstest in general, is at
    http://xenbits.xen.org/gitweb/?p=osstest.git;a=blob;f=README.email;hb=master
    http://xenbits.xen.org/gitweb/?p=osstest.git;a=blob;f=README;hb=master

Test harness code can be found at
    http://xenbits.xen.org/gitweb?p=osstest.git;a=summary


Pushing revision :

+ branch=linux-4.1
+ revision=352cb8677f83a6cf2139151578c8c79785d2d4bf
+ . cri-lock-repos
++ . cri-common
+++ . cri-getconfig
+++ umask 002
+++ getrepos
++++ getconfig Repos
++++ perl -e '
                use Osstest;
                readglobalconfig();
                print $c{"Repos"} or die $!;
        '
+++ local repos=/home/osstest/repos
+++ '[' -z /home/osstest/repos ']'
+++ '[' '!' -d /home/osstest/repos ']'
+++ echo /home/osstest/repos
++ repos=/home/osstest/repos
++ repos_lock=/home/osstest/repos/lock
++ '[' x '!=' x/home/osstest/repos/lock ']'
++ OSSTEST_REPOS_LOCK_LOCKED=/home/osstest/repos/lock
++ exec with-lock-ex -w /home/osstest/repos/lock ./ap-push linux-4.1 352cb8677f83a6cf2139151578c8c79785d2d4bf
+ branch=linux-4.1
+ revision=352cb8677f83a6cf2139151578c8c79785d2d4bf
+ . cri-lock-repos
++ . cri-common
+++ . cri-getconfig
+++ umask 002
+++ getrepos
++++ getconfig Repos
++++ perl -e '
                use Osstest;
                readglobalconfig();
                print $c{"Repos"} or die $!;
        '
+++ local repos=/home/osstest/repos
+++ '[' -z /home/osstest/repos ']'
+++ '[' '!' -d /home/osstest/repos ']'
+++ echo /home/osstest/repos
++ repos=/home/osstest/repos
++ repos_lock=/home/osstest/repos/lock
++ '[' x/home/osstest/repos/lock '!=' x/home/osstest/repos/lock ']'
+ . cri-common
++ . cri-getconfig
++ umask 002
+ select_xenbranch
+ case "$branch" in
+ tree=linux
+ xenbranch=xen-unstable
+ '[' xlinux = xlinux ']'
+ linuxbranch=linux-4.1
+ '[' x = x ']'
+ qemuubranch=qemu-upstream-unstable
+ : tested/2.6.39.x
+ . ap-common
++ : osstest@xenbits.xen.org
+++ getconfig OsstestUpstream
+++ perl -e '
                use Osstest;
                readglobalconfig();
                print $c{"OsstestUpstream"} or die $!;
        '
++ :
++ : git://xenbits.xen.org/xen.git
++ : osstest@xenbits.xen.org:/home/xen/git/xen.git
++ : git://xenbits.xen.org/staging/qemu-xen-unstable.git
++ : git://git.kernel.org
++ : git://git.kernel.org/pub/scm/linux/kernel/git
++ : git
++ : git://xenbits.xen.org/libvirt.git
++ : osstest@xenbits.xen.org:/home/xen/git/libvirt.git
++ : git://xenbits.xen.org/libvirt.git
++ : git://xenbits.xen.org/rumpuser-xen.git
++ : git
++ : git://xenbits.xen.org/rumpuser-xen.git
++ : osstest@xenbits.xen.org:/home/xen/git/rumpuser-xen.git
+++ besteffort_repo https://github.com/rumpkernel/rumpkernel-netbsd-src
+++ local repo=https://github.com/rumpkernel/rumpkernel-netbsd-src
+++ cached_repo https://github.com/rumpkernel/rumpkernel-netbsd-src '[fetch=try]'
+++ local repo=https://github.com/rumpkernel/rumpkernel-netbsd-src
+++ local 'options=[fetch=try]'
++++ getconfig GitCacheProxy
++++ perl -e '
                use Osstest;
                readglobalconfig();
                print $c{"GitCacheProxy"} or die $!;
        '
+++ local cache=git://cache:9419/
+++ '[' xgit://cache:9419/ '!=' x ']'
+++ echo 'git://cache:9419/https://github.com/rumpkernel/rumpkernel-netbsd-src%20[fetch=try]'
++ : 'git://cache:9419/https://github.com/rumpkernel/rumpkernel-netbsd-src%20[fetch=try]'
++ : git
++ : git://git.seabios.org/seabios.git
++ : osstest@xenbits.xen.org:/home/xen/git/osstest/seabios.git
++ : git://xenbits.xen.org/osstest/seabios.git
++ : https://github.com/tianocore/edk2.git
++ : osstest@xenbits.xen.org:/home/xen/git/osstest/ovmf.git
++ : git://xenbits.xen.org/osstest/ovmf.git
++ : git://xenbits.xen.org/osstest/linux-firmware.git
++ : osstest@xenbits.xen.org:/home/osstest/ext/linux-firmware.git
++ : git://git.kernel.org/pub/scm/linux/kernel/git/firmware/linux-firmware.git
++ : osstest@xenbits.xen.org:/home/xen/git/linux-pvops.git
++ : git://xenbits.xen.org/linux-pvops.git
++ : tested/linux-3.14
++ : tested/linux-arm-xen
++ '[' xgit://git.kernel.org/pub/scm/linux/kernel/git/stable/linux-stable.git = x ']'
++ '[' xgit://git.kernel.org/pub/scm/linux/kernel/git/stable/linux-stable.git = x ']'
++ : git://git.kernel.org/pub/scm/linux/kernel/git/konrad/xen.git
++ : tested/2.6.39.x
++ : daily-cron.linux-4.1
++ : daily-cron.linux-4.1
++ : daily-cron.linux-4.1
++ : daily-cron.linux-4.1
++ : daily-cron.linux-4.1
++ : daily-cron.linux-4.1
++ : http://hg.uk.xensource.com/carbon/trunk/linux-2.6.27
++ : git://xenbits.xen.org/staging/qemu-upstream-unstable.git
++ : daily-cron.linux-4.1
++ : git://git.qemu.org/qemu.git
++ : git://xenbits.xen.org/osstest/qemu.git
++ : osstest@xenbits.xen.org:/home/xen/git/osstest/qemu.git
++ : daily-cron.linux-4.1
+ TREE_LINUX=osstest@xenbits.xen.org:/home/xen/git/linux-pvops.git
+ TREE_QEMU_MAINLINE=osstest@xenbits.xen.org:/home/xen/git/osstest/qemu.git
+ TREE_QEMU_UPSTREAM=osstest@xenbits.xen.org:/home/xen/git/qemu-upstream-unstable.git
+ TREE_XEN=osstest@xenbits.xen.org:/home/xen/git/xen.git
+ TREE_LIBVIRT=osstest@xenbits.xen.org:/home/xen/git/libvirt.git
+ TREE_RUMPUSERXEN=osstest@xenbits.xen.org:/home/xen/git/rumpuser-xen.git
+ TREE_SEABIOS=osstest@xenbits.xen.org:/home/xen/git/osstest/seabios.git
+ TREE_OVMF=osstest@xenbits.xen.org:/home/xen/git/osstest/ovmf.git
+ info_linux_tree linux-4.1
+ case $1 in
+ : git://git.kernel.org/pub/scm/linux/kernel/git/stable/linux-stable.git
+ : linux-4.1.y
+ : linux-4.1.y
+ : git
+ : git
+ : git://xenbits.xen.org/linux-pvops.git
+ : osstest@xenbits.xen.org:/home/xen/git/linux-pvops.git
+ : tested/linux-4.1
+ : refs/heads/tested/linux-4.1
+ return 0
+ cd /home/osstest/repos/linux
+ git push osstest@xenbits.xen.org:/home/xen/git/linux-pvops.git 352cb8677f83a6cf2139151578c8c79785d2d4bf:refs/heads/tested/linux-4.1
To osstest@xenbits.xen.org:/home/xen/git/linux-pvops.git
   89e4199..352cb86  352cb8677f83a6cf2139151578c8c79785d2d4bf -> tested/linux-4.1
+ exit 0

_______________________________________________
Xen-devel mailing list
Xen-devel@lists.xen.org
http://lists.xen.org/xen-devel

^ permalink raw reply	[flat|nested] only message in thread

only message in thread, other threads:[~2015-09-03  8:33 UTC | newest]

Thread overview: (only message) (download: mbox.gz follow: Atom feed
-- links below jump to the message on this page --
2015-09-03  8:33 [Fwd: [linux-4.1 test] 60654: tolerable FAIL - PUSHED] Ian Campbell

This is a public inbox, see mirroring instructions
for how to clone and mirror all data and code used for this inbox;
as well as URLs for NNTP newsgroup(s).