From mboxrd@z Thu Jan 1 00:00:00 1970 From: Ian Campbell Subject: Analysis: switch osstest default kernel from 3.14 to 4.1 (Was: Re: [linux-4.1 test] 60785: tolerable FAIL - PUSHED) Date: Thu, 3 Sep 2015 09:59:54 +0100 Message-ID: <1441270794.26292.294.camel@citrix.com> References: Mime-Version: 1.0 Content-Type: multipart/mixed; boundary="=-lBb+SwyXJE+wa1fFuNAi" Return-path: In-Reply-To: List-Unsubscribe: , List-Post: List-Help: List-Subscribe: , Sender: xen-devel-bounces@lists.xen.org Errors-To: xen-devel-bounces@lists.xen.org To: osstest service owner , xen-devel@lists.xensource.com List-Id: xen-devel@lists.xenproject.org --=-lBb+SwyXJE+wa1fFuNAi Content-Type: text/plain; charset="UTF-8" Content-Transfer-Encoding: quoted-printable TL;DR: There are issues which need fixing first... On Fri, 2015-08-21 at 17:24 +0000, osstest service owner wrote: > flight 60785 linux-4.1 real [real] > http://logs.test-lab.xenproject.org/osstest/logs/60785/ >=20 > Failures :-/ but no regressions. >=20 > Tests which are failing intermittently (not blocking): > test-amd64-i386-xl-qemut-debianhvm-amd64-xsm 19 guest-start/debianhvm.re= peat fail in 60746 pass in 60785 > test-amd64-i386-libvirt-qemuu-debianhvm-amd64-xsm 16 guest-start/debianh= vm.repeat fail pass in 60746 > test-amd64-amd64-xl-qemut-stubdom-debianhvm-amd64-xsm 13 guest-localmigr= ate fail pass in 60746 I've been considering updating osstest to switch from the current baseline kernel (the one used for all non linux-* tests) from 3.14 to 4.1. The last pass on 3.14 was 60666[0] a little while ago on 13/8 (due to a known issue[1]). As well as this pass of 4.1 today I therefore also considered 60654[2] on 12/8. Two reports (like this one) are attached comparing 3.16:60666 against 4.1:60654 and 4.1:60795 respectively. Both reports have these in common: Tests which did not succeed and are blocking, including tests which could not be run: test-amd64-i386-pair 21 guest-migrate/src_host/dst_host fail REGR. v= s. 60666 test-amd64-i386-xl-xsm 14 guest-saverestore fail REGR. v= s. 60666 test-amd64-i386-xl 14 guest-saverestore fail REGR. v= s. 60666 While the more recent one also adds two more: Tests which did not succeed and are blocking, including tests which could not be run: [...] test-amd64-amd64-xl-qemut-stubdom-debianhvm-amd64-xsm 13 guest-localmi= grate fail REGR. vs. 60666 test-amd64-i386-libvirt-qemuu-debianhvm-amd64-xsm 16 guest-start/debia= nhvm.repeat fail REGR. vs. 60666 [...] The relevant long term histories of each these jobs on the relevant branches are (also included is the Linus branch for "most recent": http://logs.test-lab.xenproject.org/osstest/results/history/test-amd64-i386= -pair/linux-3.14.html http://logs.test-lab.xenproject.org/osstest/results/history/test-amd64-i386= -pair/linux-4.1.html http://logs.test-lab.xenproject.org/osstest/results/history/test-amd64-i386= -pair/linux-linus.html * 4.1 and Linux have been failing since late July, both sticky to elbling*. * 3.14 is passing, including a few passes in August on elbling* http://logs.test-lab.xenproject.org/osstest/results/history/test-amd64-i386= -xl-xsm/linux-3.14.html http://logs.test-lab.xenproject.org/osstest/results/history/test-amd64-i386= -xl-xsm/linux-4.1.html http://logs.test-lab.xenproject.org/osstest/results/history/test-amd64-i386= -xl-xsm/linux-linus.html * Linus is hard to say, since there are some xen-boot fails in there, but it has been failing guest-saverestore since late July on elbling* * 4.1 failing on italia0 since late July * 3.14 regularly passing since early June, some recent passes on elbling* but not attempts on italia0 http://logs.test-lab.xenproject.org/osstest/results/history/test-amd64-i386= -xl/linux-3.14.html http://logs.test-lab.xenproject.org/osstest/results/history/test-amd64-i386= -xl/linux-4.1.html http://logs.test-lab.xenproject.org/osstest/results/history/test-amd64-i386= -xl/linux-linus.html * Linus is hard to say, since there are some xen-boot fails in there, but it has been failing guest-saverestore since late July on italia0* * 4.1 failing on fiano0 since late July * 3.14 regularly passing since forever, some recent passes on fiano0 and italia0. http://logs.test-lab.xenproject.org/osstest/results/history/test-amd64-amd6= 4-xl-qemut-stubdom-debianhvm-amd64-xsm/linux-3.14.html http://logs.test-lab.xenproject.org/osstest/results/history/test-amd64-amd6= 4-xl-qemut-stubdom-debianhvm-amd64-xsm/linux-4.1.html http://logs.test-lab.xenproject.org/osstest/results/history/test-amd64-amd6= 4-xl-qemut-stubdom-debianhvm-amd64-xsm/linux-linus.html * Linus is hard to say, since there are some xen-boot fails in there, but it has been failing guest-localmigrate since late July on merlot1 * 4.1 has been passing until the very last attempt, which touched merlot1 and failed. I expect this will now be a sticky failure on merlot1. * 3.14 regularly failing since late June on merlot0, including on 60666 This looks like a regression between 60666 and 60785 because the former failed guest-localmigrate.2 while the later failed guest-localmigrate (which 60666 must have therefore passed). http://logs.test-lab.xenproject.org/osstest/results/history/test-amd64-i386= -libvirt-qemuu-debianhvm-amd64-xsm/linux-3.14.html http://logs.test-lab.xenproject.org/osstest/results/history/test-amd64-i386= -libvirt-qemuu-debianhvm-amd64-xsm/linux-4.1.html http://logs.test-lab.xenproject.org/osstest/results/history/test-amd64-i386= -libvirt-qemuu-debianhvm-amd64-xsm/linux-linus.html * Linus looks to mostly pass (a few recent glitches on italia1, but a pass since). * 4.1 only has 3 results, 2 passes and the most recent fail on huxelrebe0 * 3.14 seems to mostly pass. I think it is pretty clear from the above that we shouldn't be switching to 4.1 just yet. test-amd64-i386-pair, test-amd64-i386-xl-xsm and test-amd64-i386-xl look like they ought to be bisectable. test-amd64-amd64-xl-qemut-stubdom-debianhvm-amd64-xsm looks like the "WTF is us with merlot*" issue :-( test-amd64-i386-libvirt-qemuu-debianhvm-amd64-xsm doesn't really have enough data to go on yet. For the potentially bisectable ones: http://logs.test-lab.xenproject.org/osstest/results/bisect/linux-4.1/test-a= md64-i386-pair.guest-migrate--src_host--dst_host.html Seems to have gotten close to blaming something then (from the timestamps in the apache index) given up towards the end of July. http://logs.test-lab.xenproject.org/osstest/results/bisect/linux-4.1/test-a= md64-i386-xl-xsm.guest-saverestore.html =3D> http://lists.xen.org/archives/html/xen-devel/2015-07/msg04798.= html http://logs.test-lab.xenproject.org/osstest/results/bisect/linux-4.1/test-a= md64-i386-xl.guest-saverestore.html =3D> http://lists.xen.org/archives/html/xen-devel/2015-07/msg05158.= html Both of which are blaming 3a9ace0147d4 "tools/libxc+libxl+xl: Restore v2 streams". That's also within the range of the first incomplete bisect, so I expect that is the same issue. Ian. [0] http://logs.test-lab.xenproject.org/osstest/logs/60666/ http://lists.xen.org/archives/html/xen-devel/2015-09/msg00304.html [1] http://lists.xen.org/archives/html/xen-devel/2015-09/msg00161.html [2] http://logs.test-lab.xenproject.org/osstest/logs/60654/ http://lists.xen.org/archives/html/xen-devel/2015-09/msg00303.html >=20 > Regressions which are regarded as allowable (not blocking): > test-amd64-amd64-rumpuserxen-amd64 15 rumpuserxen-demo-xenstorels/xensto= rels.repeat fail REGR. vs. 60654 > test-amd64-i386-xl-qemut-stubdom-debianhvm-amd64-xsm 15 guest-localmigra= te.2 fail blocked in 60654 > test-amd64-i386-xl-qemut-stubdom-debianhvm-amd64-xsm 13 guest-localmigra= te fail in 60746 like 60654 > test-amd64-i386-xl-xsm 14 guest-saverestore fail like= 60654 > test-amd64-i386-xl 14 guest-saverestore fail like= 60654 > test-amd64-i386-pair 21 guest-migrate/src_host/dst_host fail like= 60654 > test-armhf-armhf-xl-rtds 11 guest-start fail like= 60654 > test-amd64-amd64-xl-qemut-win7-amd64 17 guest-stop fail like= 60654 > test-amd64-amd64-xl-qemuu-win7-amd64 17 guest-stop fail like= 60654 >=20 > Tests which did not succeed, but are not blocking: > test-amd64-amd64-xl-pvh-intel 14 guest-saverestore fail neve= r pass > test-amd64-i386-libvirt-xsm 12 migrate-support-check fail neve= r pass > test-amd64-i386-libvirt-xsm 14 guest-saverestore fail neve= r pass > test-armhf-armhf-xl-vhd 9 debian-di-install fail neve= r pass > test-armhf-armhf-libvirt-qcow2 9 debian-di-install fail neve= r pass > test-amd64-i386-libvirt 14 guest-saverestore fail neve= r pass > test-amd64-i386-libvirt 12 migrate-support-check fail neve= r pass > test-armhf-armhf-xl-qcow2 9 debian-di-install fail neve= r pass > test-armhf-armhf-xl-raw 9 debian-di-install fail neve= r pass > test-armhf-armhf-libvirt-vhd 9 debian-di-install fail neve= r pass > test-amd64-amd64-xl-pvh-amd 11 guest-start fail neve= r pass > test-armhf-armhf-libvirt-raw 9 debian-di-install fail neve= r pass > test-armhf-armhf-libvirt 14 guest-saverestore fail neve= r pass > test-armhf-armhf-libvirt 12 migrate-support-check fail neve= r pass > test-armhf-armhf-libvirt-xsm 12 migrate-support-check fail neve= r pass > test-armhf-armhf-libvirt-xsm 14 guest-saverestore fail neve= r pass > test-amd64-amd64-libvirt 12 migrate-support-check fail neve= r pass > test-amd64-amd64-libvirt-pair 21 guest-migrate/src_host/dst_host fail ne= ver pass > test-amd64-amd64-libvirt-xsm 12 migrate-support-check fail neve= r pass > test-armhf-armhf-xl 12 migrate-support-check fail neve= r pass > test-armhf-armhf-xl 13 saverestore-support-check fail neve= r pass > test-amd64-amd64-libvirt-qemuu-debianhvm-amd64-xsm 10 migrate-support-ch= eck fail never pass > test-amd64-amd64-libvirt-raw 11 migrate-support-check fail neve= r pass > test-amd64-i386-libvirt-pair 21 guest-migrate/src_host/dst_host fail nev= er pass > test-amd64-i386-libvirt-qcow2 11 migrate-support-check fail neve= r pass > test-amd64-i386-libvirt-raw 11 migrate-support-check fail neve= r pass > test-armhf-armhf-xl-credit2 13 saverestore-support-check fail neve= r pass > test-armhf-armhf-xl-credit2 12 migrate-support-check fail neve= r pass > test-amd64-i386-libvirt-qemuu-debianhvm-amd64-xsm 10 migrate-support-che= ck fail never pass > test-armhf-armhf-xl-multivcpu 13 saverestore-support-check fail neve= r pass > test-armhf-armhf-xl-multivcpu 12 migrate-support-check fail neve= r pass > test-amd64-amd64-libvirt-vhd 11 migrate-support-check fail neve= r pass > test-amd64-i386-libvirt-vhd 11 migrate-support-check fail neve= r pass > test-armhf-armhf-xl-cubietruck 12 migrate-support-check fail neve= r pass > test-armhf-armhf-xl-cubietruck 13 saverestore-support-check fail neve= r pass > test-amd64-i386-xl-qemuu-win7-amd64 17 guest-stop fail neve= r pass > test-armhf-armhf-xl-xsm 13 saverestore-support-check fail neve= r pass > test-armhf-armhf-xl-xsm 12 migrate-support-check fail neve= r pass > test-amd64-i386-xl-qemut-win7-amd64 17 guest-stop fail neve= r pass > test-amd64-amd64-libvirt-qcow2 11 migrate-support-check fail neve= r pass > test-armhf-armhf-xl-arndale 12 migrate-support-check fail neve= r pass > test-armhf-armhf-xl-arndale 13 saverestore-support-check fail neve= r pass >=20 > version targeted for testing: > linux 4ff62ca06c0c0b084f585f7a2cfcf832b21d94fc > baseline version: > linux 352cb8677f83a6cf2139151578c8c79785d2d4bf >=20 > Last test of basis 60654 2015-08-10 20:42:06 Z 10 days > Testing same since 60746 2015-08-17 05:53:13 Z 4 days 2 attempt= s >=20 > ------------------------------------------------------------ > People who touched revisions under test: > Adam Williamson > Alan Stern > Alex Deucher > Amanieu d'Antras > Anatol Pomozov > Andrew Morton > Andy Lutomirski > Arkadiusz Mi=C5=9Bkiewicz > Axel Lin > Ben Zhang > Benjamin Randazzo > Bjorn Helgaas > Borislav Petkov > Brian King > Brian Norris > Chris Wilson > Christoph Hellwig > Cyrille Pitchen > Dan Carpenter > Daniel Mack > Daniel Vetter > Daniel Vetter > David Daney > David S. Miller > David Vrabel > Davidlohr Bueso > Denis Carikli > Dirk Behme > Dmitry Torokhov > Doug Ledford > Eduardo Valentin > Fang, Yang A > Felipe Balbi > Felix Fietkau > Florian Fainelli > Gavin Shan > Greg Kroah-Hartman > Guenter Roeck > Hans de Goede > Herbert Xu > Hugh Dickins > Hui Wang > Ilya Dryomov > Ingo Molnar > J. Bruce Fields > James Bottomley > James Cowgill > James Hogan > Jan C Peters > Jan Kara > Javier Martinez Canillas > Jeff Layton > Jeff Layton > Joe Thornber > Johan Hedberg > Johan Hovold > Johannes Oertei > Joseph Qi > Kalle Valo > Kinglong Mee > Kishon Vijay Abraham I > Krzysztof Kozlowski > Krzysztof Kozlowski > Lars-Peter Clausen > Leonidas Da Silva Barbosa > Leonidas S. Barbosa > Linus Torvalds > Ludovic Desroches > Lukasz Majewski > Malcolm Priestley > Marcel Holtmann > Marcus Gelderie > Marek Belisko > Marek Marczykowski-G=C3=B3recki > Mark Brown > Martin Schwidefsky > Mathias Nyman > Michael Kerrisk > Michael S. Tsirkin > Michael Turquette > Michal Hocko > Michal Kazior > Mike Snitzer > Murali Karicheri > NeilBrown > NeilBrown > Nicolas Ferre > Olof Johansson > Pali Roh=C3=A1r > Paolo Bonzini > Paul Walmsley > Peter Chen > Pieter Hollants > Ralf Baechle > Reinhard Speyerer > Roger Quadros > Santosh Shilimkar > Scott Wood > Shawn Guo > Shilpa Sreeramalu > Tadeusz Struk > Takashi Iwai > Takashi Sakamoto > Tony Lindgren > Vinod Koul > Wang Kai > Wen Xiong >=20 > jobs: > build-amd64-xsm pass =20 > build-armhf-xsm pass =20 > build-i386-xsm pass =20 > build-amd64 pass =20 > build-armhf pass =20 > build-i386 pass =20 > build-amd64-libvirt pass =20 > build-armhf-libvirt pass =20 > build-i386-libvirt pass =20 > build-amd64-pvops pass =20 > build-armhf-pvops pass =20 > build-i386-pvops pass =20 > build-amd64-rumpuserxen pass =20 > build-i386-rumpuserxen pass =20 > test-amd64-amd64-xl pass =20 > test-armhf-armhf-xl pass =20 > test-amd64-i386-xl fail =20 > test-amd64-amd64-xl-qemut-debianhvm-amd64-xsm pass =20 > test-amd64-i386-xl-qemut-debianhvm-amd64-xsm pass =20 > test-amd64-amd64-libvirt-qemuu-debianhvm-amd64-xsm pass =20 > test-amd64-i386-libvirt-qemuu-debianhvm-amd64-xsm fail =20 > test-amd64-amd64-xl-qemuu-debianhvm-amd64-xsm pass =20 > test-amd64-i386-xl-qemuu-debianhvm-amd64-xsm pass =20 > test-amd64-amd64-xl-qemut-stubdom-debianhvm-amd64-xsm fail =20 > test-amd64-i386-xl-qemut-stubdom-debianhvm-amd64-xsm fail =20 > test-amd64-amd64-libvirt-xsm pass =20 > test-armhf-armhf-libvirt-xsm fail =20 > test-amd64-i386-libvirt-xsm fail =20 > test-amd64-amd64-xl-xsm pass =20 > test-armhf-armhf-xl-xsm pass =20 > test-amd64-i386-xl-xsm fail =20 > test-amd64-amd64-xl-pvh-amd fail =20 > test-amd64-i386-qemut-rhel6hvm-amd pass =20 > test-amd64-i386-qemuu-rhel6hvm-amd pass =20 > test-amd64-amd64-xl-qemut-debianhvm-amd64 pass =20 > test-amd64-i386-xl-qemut-debianhvm-amd64 pass =20 > test-amd64-amd64-xl-qemuu-debianhvm-amd64 pass =20 > test-amd64-i386-xl-qemuu-debianhvm-amd64 pass =20 > test-amd64-i386-freebsd10-amd64 pass =20 > test-amd64-amd64-xl-qemuu-ovmf-amd64 pass =20 > test-amd64-i386-xl-qemuu-ovmf-amd64 pass =20 > test-amd64-amd64-rumpuserxen-amd64 fail =20 > test-amd64-amd64-xl-qemut-win7-amd64 fail =20 > test-amd64-i386-xl-qemut-win7-amd64 fail =20 > test-amd64-amd64-xl-qemuu-win7-amd64 fail =20 > test-amd64-i386-xl-qemuu-win7-amd64 fail =20 > test-armhf-armhf-xl-arndale pass =20 > test-amd64-amd64-xl-credit2 pass =20 > test-armhf-armhf-xl-credit2 pass =20 > test-armhf-armhf-xl-cubietruck pass =20 > test-amd64-i386-freebsd10-i386 pass =20 > test-amd64-i386-rumpuserxen-i386 pass =20 > test-amd64-amd64-xl-pvh-intel fail =20 > test-amd64-i386-qemut-rhel6hvm-intel pass =20 > test-amd64-i386-qemuu-rhel6hvm-intel pass =20 > test-amd64-amd64-libvirt pass =20 > test-armhf-armhf-libvirt fail =20 > test-amd64-i386-libvirt fail =20 > test-amd64-amd64-xl-multivcpu pass =20 > test-armhf-armhf-xl-multivcpu pass =20 > test-amd64-amd64-pair pass =20 > test-amd64-i386-pair fail =20 > test-amd64-amd64-libvirt-pair fail =20 > test-amd64-i386-libvirt-pair fail =20 > test-amd64-amd64-amd64-pvgrub pass =20 > test-amd64-amd64-i386-pvgrub pass =20 > test-amd64-amd64-pygrub pass =20 > test-amd64-amd64-libvirt-qcow2 pass =20 > test-armhf-armhf-libvirt-qcow2 fail =20 > test-amd64-i386-libvirt-qcow2 pass =20 > test-amd64-amd64-xl-qcow2 pass =20 > test-armhf-armhf-xl-qcow2 fail =20 > test-amd64-i386-xl-qcow2 pass =20 > test-amd64-amd64-libvirt-raw pass =20 > test-armhf-armhf-libvirt-raw fail =20 > test-amd64-i386-libvirt-raw pass =20 > test-amd64-amd64-xl-raw pass =20 > test-armhf-armhf-xl-raw fail =20 > test-amd64-i386-xl-raw pass =20 > test-amd64-amd64-xl-rtds pass =20 > test-armhf-armhf-xl-rtds fail =20 > test-amd64-i386-xl-qemut-winxpsp3-vcpus1 pass =20 > test-amd64-i386-xl-qemuu-winxpsp3-vcpus1 pass =20 > test-amd64-amd64-libvirt-vhd pass =20 > test-armhf-armhf-libvirt-vhd fail =20 > test-amd64-i386-libvirt-vhd pass =20 > test-amd64-amd64-xl-vhd pass =20 > test-armhf-armhf-xl-vhd fail =20 > test-amd64-i386-xl-vhd pass =20 > test-amd64-amd64-xl-qemut-winxpsp3 pass =20 > test-amd64-i386-xl-qemut-winxpsp3 pass =20 > test-amd64-amd64-xl-qemuu-winxpsp3 pass =20 > test-amd64-i386-xl-qemuu-winxpsp3 pass =20 >=20 >=20 > ------------------------------------------------------------ > sg-report-flight on osstest.test-lab.xenproject.org > logs: /home/logs/logs > images: /home/logs/images >=20 > Logs, config files, etc. are available at > http://logs.test-lab.xenproject.org/osstest/logs >=20 > Explanation of these reports, and of osstest in general, is at > http://xenbits.xen.org/gitweb/?p=3Dosstest.git;a=3Dblob;f=3DREADME.em= ail;hb=3Dmaster > http://xenbits.xen.org/gitweb/?p=3Dosstest.git;a=3Dblob;f=3DREADME;hb= =3Dmaster >=20 > Test harness code can be found at > http://xenbits.xen.org/gitweb?p=3Dosstest.git;a=3Dsummary >=20 >=20 > Pushing revision : >=20 > + branch=3Dlinux-4.1 > + revision=3D4ff62ca06c0c0b084f585f7a2cfcf832b21d94fc > + . cri-lock-repos > ++ . cri-common > +++ . cri-getconfig > +++ umask 002 > +++ getrepos > ++++ getconfig Repos > ++++ perl -e ' > use Osstest; > readglobalconfig(); > print $c{"Repos"} or die $!; > ' > +++ local repos=3D/home/osstest/repos > +++ '[' -z /home/osstest/repos ']' > +++ '[' '!' -d /home/osstest/repos ']' > +++ echo /home/osstest/repos > ++ repos=3D/home/osstest/repos > ++ repos_lock=3D/home/osstest/repos/lock > ++ '[' x '!=3D' x/home/osstest/repos/lock ']' > ++ OSSTEST_REPOS_LOCK_LOCKED=3D/home/osstest/repos/lock > ++ exec with-lock-ex -w /home/osstest/repos/lock ./ap-push linux-4.1 4ff6= 2ca06c0c0b084f585f7a2cfcf832b21d94fc > + branch=3Dlinux-4.1 > + revision=3D4ff62ca06c0c0b084f585f7a2cfcf832b21d94fc > + . cri-lock-repos > ++ . cri-common > +++ . cri-getconfig > +++ umask 002 > +++ getrepos > ++++ getconfig Repos > ++++ perl -e ' > use Osstest; > readglobalconfig(); > print $c{"Repos"} or die $!; > ' > +++ local repos=3D/home/osstest/repos > +++ '[' -z /home/osstest/repos ']' > +++ '[' '!' -d /home/osstest/repos ']' > +++ echo /home/osstest/repos > ++ repos=3D/home/osstest/repos > ++ repos_lock=3D/home/osstest/repos/lock > ++ '[' x/home/osstest/repos/lock '!=3D' x/home/osstest/repos/lock ']' > + . cri-common > ++ . cri-getconfig > ++ umask 002 > + select_xenbranch > + case "$branch" in > + tree=3Dlinux > + xenbranch=3Dxen-unstable > + '[' xlinux =3D xlinux ']' > + linuxbranch=3Dlinux-4.1 > + '[' x =3D x ']' > + qemuubranch=3Dqemu-upstream-unstable > + select_prevxenbranch > + local b > + local p > ++ ./mg-list-all-branches > + for b in '$(./mg-list-all-branches)' > + case "$b" in > + for b in '$(./mg-list-all-branches)' > + case "$b" in > + for b in '$(./mg-list-all-branches)' > + case "$b" in > + for b in '$(./mg-list-all-branches)' > + case "$b" in > + for b in '$(./mg-list-all-branches)' > + case "$b" in > + for b in '$(./mg-list-all-branches)' > + case "$b" in > + for b in '$(./mg-list-all-branches)' > + case "$b" in > + for b in '$(./mg-list-all-branches)' > + case "$b" in > + for b in '$(./mg-list-all-branches)' > + case "$b" in > + for b in '$(./mg-list-all-branches)' > + case "$b" in > + for b in '$(./mg-list-all-branches)' > + case "$b" in > + for b in '$(./mg-list-all-branches)' > + case "$b" in > + for b in '$(./mg-list-all-branches)' > + case "$b" in > + for b in '$(./mg-list-all-branches)' > + case "$b" in > + for b in '$(./mg-list-all-branches)' > + case "$b" in > + for b in '$(./mg-list-all-branches)' > + case "$b" in > + for b in '$(./mg-list-all-branches)' > + case "$b" in > + for b in '$(./mg-list-all-branches)' > + case "$b" in > + for b in '$(./mg-list-all-branches)' > + case "$b" in > + for b in '$(./mg-list-all-branches)' > + case "$b" in > + for b in '$(./mg-list-all-branches)' > + case "$b" in > + for b in '$(./mg-list-all-branches)' > + case "$b" in > + for b in '$(./mg-list-all-branches)' > + case "$b" in > + for b in '$(./mg-list-all-branches)' > + case "$b" in > + '[' xxen-4.0-testing =3D xxen-unstable ']' > + p=3Dxen-4.0-testing > + for b in '$(./mg-list-all-branches)' > + case "$b" in > + '[' xxen-4.1-testing =3D xxen-unstable ']' > + p=3Dxen-4.1-testing > + for b in '$(./mg-list-all-branches)' > + case "$b" in > + '[' xxen-4.2-testing =3D xxen-unstable ']' > + p=3Dxen-4.2-testing > + for b in '$(./mg-list-all-branches)' > + case "$b" in > + '[' xxen-4.3-testing =3D xxen-unstable ']' > + p=3Dxen-4.3-testing > + for b in '$(./mg-list-all-branches)' > + case "$b" in > + '[' xxen-4.4-testing =3D xxen-unstable ']' > + p=3Dxen-4.4-testing > + for b in '$(./mg-list-all-branches)' > + case "$b" in > + '[' xxen-4.5-testing =3D xxen-unstable ']' > + p=3Dxen-4.5-testing > + for b in '$(./mg-list-all-branches)' > + case "$b" in > + '[' xxen-unstable =3D xxen-unstable ']' > + break > + prevxenbranch=3Dxen-4.5-testing > + : tested/2.6.39.x > + . ap-common > ++ : osstest@xenbits.xen.org > +++ getconfig OsstestUpstream > +++ perl -e ' > use Osstest; > readglobalconfig(); > print $c{"OsstestUpstream"} or die $!; > ' > ++ : > ++ : git://xenbits.xen.org/xen.git > ++ : osstest@xenbits.xen.org:/home/xen/git/xen.git > ++ : git://xenbits.xen.org/staging/qemu-xen-unstable.git > ++ : git://git.kernel.org > ++ : git://git.kernel.org/pub/scm/linux/kernel/git > ++ : git > ++ : git://xenbits.xen.org/libvirt.git > ++ : osstest@xenbits.xen.org:/home/xen/git/libvirt.git > ++ : git://xenbits.xen.org/libvirt.git > ++ : git://xenbits.xen.org/rumpuser-xen.git > ++ : git > ++ : git://xenbits.xen.org/rumpuser-xen.git > ++ : osstest@xenbits.xen.org:/home/xen/git/rumpuser-xen.git > +++ besteffort_repo https://github.com/rumpkernel/rumpkernel-netbsd-src > +++ local repo=3Dhttps://github.com/rumpkernel/rumpkernel-netbsd-src > +++ cached_repo https://github.com/rumpkernel/rumpkernel-netbsd-src '[fet= ch=3Dtry]' > +++ local repo=3Dhttps://github.com/rumpkernel/rumpkernel-netbsd-src > +++ local 'options=3D[fetch=3Dtry]' > ++++ getconfig GitCacheProxy > ++++ perl -e ' > use Osstest; > readglobalconfig(); > print $c{"GitCacheProxy"} or die $!; > ' > +++ local cache=3Dgit://cache:9419/ > +++ '[' xgit://cache:9419/ '!=3D' x ']' > +++ echo 'git://cache:9419/https://github.com/rumpkernel/rumpkernel-netbs= d-src%20[fetch=3Dtry]' > ++ : 'git://cache:9419/https://github.com/rumpkernel/rumpkernel-netbsd-sr= c%20[fetch=3Dtry]' > ++ : git > ++ : git://git.seabios.org/seabios.git > ++ : osstest@xenbits.xen.org:/home/xen/git/osstest/seabios.git > ++ : git://xenbits.xen.org/osstest/seabios.git > ++ : https://github.com/tianocore/edk2.git > ++ : osstest@xenbits.xen.org:/home/xen/git/osstest/ovmf.git > ++ : git://xenbits.xen.org/osstest/ovmf.git > ++ : git://xenbits.xen.org/osstest/linux-firmware.git > ++ : osstest@xenbits.xen.org:/home/osstest/ext/linux-firmware.git > ++ : git://git.kernel.org/pub/scm/linux/kernel/git/firmware/linux-firmwar= e.git > ++ : osstest@xenbits.xen.org:/home/xen/git/linux-pvops.git > ++ : git://xenbits.xen.org/linux-pvops.git > ++ : tested/linux-3.14 > ++ : tested/linux-arm-xen > ++ '[' xgit://git.kernel.org/pub/scm/linux/kernel/git/stable/linux-stable= .git =3D x ']' > ++ '[' xgit://git.kernel.org/pub/scm/linux/kernel/git/stable/linux-stable= .git =3D x ']' > ++ : git://git.kernel.org/pub/scm/linux/kernel/git/konrad/xen.git > ++ : tested/2.6.39.x > ++ : daily-cron.linux-4.1 > ++ : daily-cron.linux-4.1 > ++ : daily-cron.linux-4.1 > ++ : daily-cron.linux-4.1 > ++ : daily-cron.linux-4.1 > ++ : daily-cron.linux-4.1 > ++ : http://hg.uk.xensource.com/carbon/trunk/linux-2.6.27 > ++ : git://xenbits.xen.org/staging/qemu-upstream-unstable.git > ++ : daily-cron.linux-4.1 > ++ : git://git.qemu.org/qemu.git > ++ : git://xenbits.xen.org/osstest/qemu.git > ++ : osstest@xenbits.xen.org:/home/xen/git/osstest/qemu.git > ++ : daily-cron.linux-4.1 > + TREE_LINUX=3Dosstest@xenbits.xen.org:/home/xen/git/linux-pvops.git > + TREE_QEMU_MAINLINE=3Dosstest@xenbits.xen.org:/home/xen/git/osstest/qemu= .git > + TREE_QEMU_UPSTREAM=3Dosstest@xenbits.xen.org:/home/xen/git/qemu-upstrea= m-unstable.git > + TREE_XEN=3Dosstest@xenbits.xen.org:/home/xen/git/xen.git > + TREE_LIBVIRT=3Dosstest@xenbits.xen.org:/home/xen/git/libvirt.git > + TREE_RUMPUSERXEN=3Dosstest@xenbits.xen.org:/home/xen/git/rumpuser-xen.g= it > + TREE_SEABIOS=3Dosstest@xenbits.xen.org:/home/xen/git/osstest/seabios.gi= t > + TREE_OVMF=3Dosstest@xenbits.xen.org:/home/xen/git/osstest/ovmf.git > + info_linux_tree linux-4.1 > + case $1 in > + : git://git.kernel.org/pub/scm/linux/kernel/git/stable/linux-stable.git > + : linux-4.1.y > + : linux-4.1.y > + : git > + : git > + : git://xenbits.xen.org/linux-pvops.git > + : osstest@xenbits.xen.org:/home/xen/git/linux-pvops.git > + : tested/linux-4.1 > + : refs/heads/tested/linux-4.1 > + return 0 > + cd /home/osstest/repos/linux > + git push osstest@xenbits.xen.org:/home/xen/git/linux-pvops.git 4ff62ca0= 6c0c0b084f585f7a2cfcf832b21d94fc:refs/heads/tested/linux-4.1 > To osstest@xenbits.xen.org:/home/xen/git/linux-pvops.git > 352cb86..4ff62ca 4ff62ca06c0c0b084f585f7a2cfcf832b21d94fc -> tested/l= inux-4.1 > + exit 0 --=-lBb+SwyXJE+wa1fFuNAi Content-Disposition: attachment; filename="3.14:60666-vs-4.1:60654" Content-Type: text/plain; name="3.14:60666-vs-4.1:60654"; charset="UTF-8" Content-Transfer-Encoding: base64 NjA2NTQ6IHJlZ3Jlc3Npb25zIC0gRkFJTAoKZmxpZ2h0IDYwNjU0IGxpbnV4LTQuMSByZWFsIFty ZWFsXQpodHRwOi8vbG9ncy50ZXN0LWxhYi54ZW5wcm9qZWN0Lm9yZy9vc3N0ZXN0L2xvZ3MvNjA2 NTQvCgpSZWdyZXNzaW9ucyA6LSgKClRlc3RzIHdoaWNoIGRpZCBub3Qgc3VjY2VlZCBhbmQgYXJl IGJsb2NraW5nLAppbmNsdWRpbmcgdGVzdHMgd2hpY2ggY291bGQgbm90IGJlIHJ1bjoKIHRlc3Qt YW1kNjQtaTM4Ni1wYWlyICAgMjEgZ3Vlc3QtbWlncmF0ZS9zcmNfaG9zdC9kc3RfaG9zdCBmYWls IFJFR1IuIHZzLiA2MDY2NgogdGVzdC1hbWQ2NC1pMzg2LXhsLXhzbSAgICAgICAxNCBndWVzdC1z YXZlcmVzdG9yZSAgICAgICAgIGZhaWwgUkVHUi4gdnMuIDYwNjY2CiB0ZXN0LWFtZDY0LWkzODYt eGwgICAgICAgICAgIDE0IGd1ZXN0LXNhdmVyZXN0b3JlICAgICAgICAgZmFpbCBSRUdSLiB2cy4g NjA2NjYKClJlZ3Jlc3Npb25zIHdoaWNoIGFyZSByZWdhcmRlZCBhcyBhbGxvd2FibGUgKG5vdCBi bG9ja2luZyk6CiB0ZXN0LWFybWhmLWFybWhmLXhsLXJ0ZHMgICAgIDExIGd1ZXN0LXN0YXJ0ICAg ICAgICAgICAgICBmYWlsIGJsb2NrZWQgaW4gNjA2NjYKIHRlc3QtYW1kNjQtaTM4Ni14bC1xZW11 dC1zdHViZG9tLWRlYmlhbmh2bS1hbWQ2NC14c20gMTMgZ3Vlc3QtbG9jYWxtaWdyYXRlIGZhaWwg YmxvY2tlZCBpbiA2MDY2NgogdGVzdC1hbWQ2NC1hbWQ2NC14bC1xZW11dS13aW43LWFtZDY0IDE3 IGd1ZXN0LXN0b3AgICAgICAgICAgICAgZmFpbCBsaWtlIDYwNjY2CiB0ZXN0LWFtZDY0LWFtZDY0 LXhsLXFlbXV0LXdpbjctYW1kNjQgMTcgZ3Vlc3Qtc3RvcCAgICAgICAgICAgICBmYWlsIGxpa2Ug NjA2NjYKIHRlc3QtYXJtaGYtYXJtaGYtbGlidmlydC12aGQgIDYgeGVuLWJvb3QgICAgICAgICAg ICAgICAgICAgICBmYWlsICAgbGlrZSA2MDY2NgoKVGVzdHMgd2hpY2ggZGlkIG5vdCBzdWNjZWVk LCBidXQgYXJlIG5vdCBibG9ja2luZzoKIHRlc3QtYXJtaGYtYXJtaGYteGwtcmF3ICAgICAgIDkg ZGViaWFuLWRpLWluc3RhbGwgICAgICAgICAgICBmYWlsICAgbmV2ZXIgcGFzcwogdGVzdC1hbWQ2 NC1hbWQ2NC1saWJ2aXJ0LXBhaXIgMjEgZ3Vlc3QtbWlncmF0ZS9zcmNfaG9zdC9kc3RfaG9zdCBm YWlsIG5ldmVyIHBhc3MKIHRlc3QtYXJtaGYtYXJtaGYtbGlidmlydC14c20gMTIgbWlncmF0ZS1z dXBwb3J0LWNoZWNrICAgICAgICBmYWlsICAgbmV2ZXIgcGFzcwogdGVzdC1hcm1oZi1hcm1oZi14 bC14c20gICAgICAxMyBzYXZlcmVzdG9yZS1zdXBwb3J0LWNoZWNrICAgIGZhaWwgICBuZXZlciBw YXNzCiB0ZXN0LWFtZDY0LWkzODYtbGlidmlydC1xY293MiAxMSBtaWdyYXRlLXN1cHBvcnQtY2hl Y2sgICAgICAgIGZhaWwgIG5ldmVyIHBhc3MKIHRlc3QtYXJtaGYtYXJtaGYtbGlidmlydC1xY293 MiAgOSBkZWJpYW4tZGktaW5zdGFsbCAgICAgICAgICAgIGZhaWwgbmV2ZXIgcGFzcwogdGVzdC1h cm1oZi1hcm1oZi14bC1jdWJpZXRydWNrIDEyIG1pZ3JhdGUtc3VwcG9ydC1jaGVjayAgICAgICAg ZmFpbCBuZXZlciBwYXNzCiB0ZXN0LWFtZDY0LWkzODYtbGlidmlydC14c20gIDEyIG1pZ3JhdGUt c3VwcG9ydC1jaGVjayAgICAgICAgZmFpbCAgIG5ldmVyIHBhc3MKIHRlc3QtYW1kNjQtYW1kNjQt bGlidmlydC14c20gMTIgbWlncmF0ZS1zdXBwb3J0LWNoZWNrICAgICAgICBmYWlsICAgbmV2ZXIg cGFzcwogdGVzdC1hbWQ2NC1hbWQ2NC1saWJ2aXJ0ICAgICAxMiBtaWdyYXRlLXN1cHBvcnQtY2hl Y2sgICAgICAgIGZhaWwgICBuZXZlciBwYXNzCiB0ZXN0LWFybWhmLWFybWhmLXhsLWNyZWRpdDIg IDEzIHNhdmVyZXN0b3JlLXN1cHBvcnQtY2hlY2sgICAgZmFpbCAgIG5ldmVyIHBhc3MKIHRlc3Qt YW1kNjQtaTM4Ni1saWJ2aXJ0LXJhdyAgMTEgbWlncmF0ZS1zdXBwb3J0LWNoZWNrICAgICAgICBm YWlsICAgbmV2ZXIgcGFzcwogdGVzdC1hcm1oZi1hcm1oZi1saWJ2aXJ0LXJhdyAgOSBkZWJpYW4t ZGktaW5zdGFsbCAgICAgICAgICAgIGZhaWwgICBuZXZlciBwYXNzCiB0ZXN0LWFybWhmLWFybWhm LWxpYnZpcnQgICAgIDE0IGd1ZXN0LXNhdmVyZXN0b3JlICAgICAgICAgICAgZmFpbCAgIG5ldmVy IHBhc3MKIHRlc3QtYXJtaGYtYXJtaGYteGwtY3ViaWV0cnVjayAxMyBzYXZlcmVzdG9yZS1zdXBw b3J0LWNoZWNrICAgIGZhaWwgbmV2ZXIgcGFzcwogdGVzdC1hbWQ2NC1pMzg2LWxpYnZpcnQtdmhk ICAxMSBtaWdyYXRlLXN1cHBvcnQtY2hlY2sgICAgICAgIGZhaWwgICBuZXZlciBwYXNzCiB0ZXN0 LWFtZDY0LWkzODYtbGlidmlydCAgICAgIDE0IGd1ZXN0LXNhdmVyZXN0b3JlICAgICAgICAgICAg ZmFpbCAgIG5ldmVyIHBhc3MKIHRlc3QtYW1kNjQtaTM4Ni1saWJ2aXJ0LXFlbXV1LWRlYmlhbmh2 bS1hbWQ2NC14c20gMTAgbWlncmF0ZS1zdXBwb3J0LWNoZWNrIGZhaWwgbmV2ZXIgcGFzcwogdGVz dC1hbWQ2NC1hbWQ2NC1saWJ2aXJ0LXFlbXV1LWRlYmlhbmh2bS1hbWQ2NC14c20gMTAgbWlncmF0 ZS1zdXBwb3J0LWNoZWNrIGZhaWwgbmV2ZXIgcGFzcwogdGVzdC1hcm1oZi1hcm1oZi14bCAgICAg ICAgICAxMiBtaWdyYXRlLXN1cHBvcnQtY2hlY2sgICAgICAgIGZhaWwgICBuZXZlciBwYXNzCiB0 ZXN0LWFtZDY0LWFtZDY0LWxpYnZpcnQtdmhkIDExIG1pZ3JhdGUtc3VwcG9ydC1jaGVjayAgICAg ICAgZmFpbCAgIG5ldmVyIHBhc3MKIHRlc3QtYXJtaGYtYXJtaGYteGwteHNtICAgICAgMTIgbWln cmF0ZS1zdXBwb3J0LWNoZWNrICAgICAgICBmYWlsICAgbmV2ZXIgcGFzcwogdGVzdC1hbWQ2NC1h bWQ2NC1saWJ2aXJ0LXJhdyAxMSBtaWdyYXRlLXN1cHBvcnQtY2hlY2sgICAgICAgIGZhaWwgICBu ZXZlciBwYXNzCiB0ZXN0LWFtZDY0LWkzODYteGwtcWVtdXUtd2luNy1hbWQ2NCAxNyBndWVzdC1z dG9wICAgICAgICAgICAgICBmYWlsIG5ldmVyIHBhc3MKIHRlc3QtYW1kNjQtaTM4Ni14bC1xZW11 dC13aW43LWFtZDY0IDE3IGd1ZXN0LXN0b3AgICAgICAgICAgICAgIGZhaWwgbmV2ZXIgcGFzcwog dGVzdC1hbWQ2NC1pMzg2LWxpYnZpcnQgICAgICAxMiBtaWdyYXRlLXN1cHBvcnQtY2hlY2sgICAg ICAgIGZhaWwgICBuZXZlciBwYXNzCiB0ZXN0LWFybWhmLWFybWhmLXhsICAgICAgICAgIDEzIHNh dmVyZXN0b3JlLXN1cHBvcnQtY2hlY2sgICAgZmFpbCAgIG5ldmVyIHBhc3MKIHRlc3QtYXJtaGYt YXJtaGYtbGlidmlydC14c20gMTQgZ3Vlc3Qtc2F2ZXJlc3RvcmUgICAgICAgICAgICBmYWlsICAg bmV2ZXIgcGFzcwogdGVzdC1hbWQ2NC1hbWQ2NC14bC1wdmgtYW1kICAxMSBndWVzdC1zdGFydCAg ICAgICAgICAgICAgICAgIGZhaWwgICBuZXZlciBwYXNzCiB0ZXN0LWFybWhmLWFybWhmLXhsLW11 bHRpdmNwdSAxMyBzYXZlcmVzdG9yZS1zdXBwb3J0LWNoZWNrICAgIGZhaWwgIG5ldmVyIHBhc3MK IHRlc3QtYXJtaGYtYXJtaGYteGwtYXJuZGFsZSAgMTIgbWlncmF0ZS1zdXBwb3J0LWNoZWNrICAg ICAgICBmYWlsICAgbmV2ZXIgcGFzcwogdGVzdC1hbWQ2NC1hbWQ2NC1saWJ2aXJ0LXFjb3cyIDEx IG1pZ3JhdGUtc3VwcG9ydC1jaGVjayAgICAgICAgZmFpbCBuZXZlciBwYXNzCiB0ZXN0LWFybWhm LWFybWhmLXhsLWNyZWRpdDIgIDEyIG1pZ3JhdGUtc3VwcG9ydC1jaGVjayAgICAgICAgZmFpbCAg IG5ldmVyIHBhc3MKIHRlc3QtYW1kNjQtaTM4Ni1saWJ2aXJ0LXhzbSAgMTQgZ3Vlc3Qtc2F2ZXJl c3RvcmUgICAgICAgICAgICBmYWlsICAgbmV2ZXIgcGFzcwogdGVzdC1hcm1oZi1hcm1oZi14bC1h cm5kYWxlICAxMyBzYXZlcmVzdG9yZS1zdXBwb3J0LWNoZWNrICAgIGZhaWwgICBuZXZlciBwYXNz CiB0ZXN0LWFybWhmLWFybWhmLXhsLW11bHRpdmNwdSAxMiBtaWdyYXRlLXN1cHBvcnQtY2hlY2sg ICAgICAgIGZhaWwgIG5ldmVyIHBhc3MKIHRlc3QtYW1kNjQtaTM4Ni1saWJ2aXJ0LXBhaXIgMjEg Z3Vlc3QtbWlncmF0ZS9zcmNfaG9zdC9kc3RfaG9zdCBmYWlsIG5ldmVyIHBhc3MKIHRlc3QtYW1k NjQtYW1kNjQteGwtcHZoLWludGVsIDE0IGd1ZXN0LXNhdmVyZXN0b3JlICAgICAgICAgICAgZmFp bCAgbmV2ZXIgcGFzcwogdGVzdC1hcm1oZi1hcm1oZi14bC1xY293MiAgICAgOSBkZWJpYW4tZGkt aW5zdGFsbCAgICAgICAgICAgIGZhaWwgICBuZXZlciBwYXNzCiB0ZXN0LWFybWhmLWFybWhmLWxp YnZpcnQgICAgIDEyIG1pZ3JhdGUtc3VwcG9ydC1jaGVjayAgICAgICAgZmFpbCAgIG5ldmVyIHBh c3MKIHRlc3QtYXJtaGYtYXJtaGYteGwtdmhkICAgICAgIDkgZGViaWFuLWRpLWluc3RhbGwgICAg ICAgICAgICBmYWlsICAgbmV2ZXIgcGFzcwoKYmFzZWxpbmUgdmVyc2lvbjoKIGZsaWdodCAgICAg ICAgICAgICAgIDYwNjY2Cgpqb2JzOgogYnVpbGQtYW1kNjQteHNtICAgICAgICAgICAgICAgICAg ICAgICAgICAgICAgICAgICAgICAgICAgICAgIHBhc3MgICAgCiBidWlsZC1hcm1oZi14c20gICAg ICAgICAgICAgICAgICAgICAgICAgICAgICAgICAgICAgICAgICAgICAgcGFzcyAgICAKIGJ1aWxk LWkzODYteHNtICAgICAgICAgICAgICAgICAgICAgICAgICAgICAgICAgICAgICAgICAgICAgICBw YXNzICAgIAogYnVpbGQtYW1kNjQgICAgICAgICAgICAgICAgICAgICAgICAgICAgICAgICAgICAg ICAgICAgICAgICAgIHBhc3MgICAgCiBidWlsZC1hcm1oZiAgICAgICAgICAgICAgICAgICAgICAg ICAgICAgICAgICAgICAgICAgICAgICAgICAgcGFzcyAgICAKIGJ1aWxkLWkzODYgICAgICAgICAg ICAgICAgICAgICAgICAgICAgICAgICAgICAgICAgICAgICAgICAgICBwYXNzICAgIAogYnVpbGQt YW1kNjQtbGlidmlydCAgICAgICAgICAgICAgICAgICAgICAgICAgICAgICAgICAgICAgICAgIHBh c3MgICAgCiBidWlsZC1hcm1oZi1saWJ2aXJ0ICAgICAgICAgICAgICAgICAgICAgICAgICAgICAg ICAgICAgICAgICAgcGFzcyAgICAKIGJ1aWxkLWkzODYtbGlidmlydCAgICAgICAgICAgICAgICAg ICAgICAgICAgICAgICAgICAgICAgICAgICBwYXNzICAgIAogYnVpbGQtYW1kNjQtcHZvcHMgICAg ICAgICAgICAgICAgICAgICAgICAgICAgICAgICAgICAgICAgICAgIHBhc3MgICAgCiBidWlsZC1h cm1oZi1wdm9wcyAgICAgICAgICAgICAgICAgICAgICAgICAgICAgICAgICAgICAgICAgICAgcGFz cyAgICAKIGJ1aWxkLWkzODYtcHZvcHMgICAgICAgICAgICAgICAgICAgICAgICAgICAgICAgICAg ICAgICAgICAgICBwYXNzICAgIAogYnVpbGQtYW1kNjQtcnVtcHVzZXJ4ZW4gICAgICAgICAgICAg ICAgICAgICAgICAgICAgICAgICAgICAgIHBhc3MgICAgCiBidWlsZC1pMzg2LXJ1bXB1c2VyeGVu ICAgICAgICAgICAgICAgICAgICAgICAgICAgICAgICAgICAgICAgcGFzcyAgICAKIHRlc3QtYW1k NjQtYW1kNjQteGwgICAgICAgICAgICAgICAgICAgICAgICAgICAgICAgICAgICAgICAgICBwYXNz ICAgIAogdGVzdC1hcm1oZi1hcm1oZi14bCAgICAgICAgICAgICAgICAgICAgICAgICAgICAgICAg ICAgICAgICAgIHBhc3MgICAgCiB0ZXN0LWFtZDY0LWkzODYteGwgICAgICAgICAgICAgICAgICAg ICAgICAgICAgICAgICAgICAgICAgICAgZmFpbCAgICAKIHRlc3QtYW1kNjQtYW1kNjQteGwtcWVt dXQtZGViaWFuaHZtLWFtZDY0LXhzbSAgICAgICAgICAgICAgICBwYXNzICAgIAogdGVzdC1hbWQ2 NC1pMzg2LXhsLXFlbXV0LWRlYmlhbmh2bS1hbWQ2NC14c20gICAgICAgICAgICAgICAgIHBhc3Mg ICAgCiB0ZXN0LWFtZDY0LWFtZDY0LWxpYnZpcnQtcWVtdXUtZGViaWFuaHZtLWFtZDY0LXhzbSAg ICAgICAgICAgcGFzcyAgICAKIHRlc3QtYW1kNjQtaTM4Ni1saWJ2aXJ0LXFlbXV1LWRlYmlhbmh2 bS1hbWQ2NC14c20gICAgICAgICAgICBwYXNzICAgIAogdGVzdC1hbWQ2NC1hbWQ2NC14bC1xZW11 dS1kZWJpYW5odm0tYW1kNjQteHNtICAgICAgICAgICAgICAgIHBhc3MgICAgCiB0ZXN0LWFtZDY0 LWkzODYteGwtcWVtdXUtZGViaWFuaHZtLWFtZDY0LXhzbSAgICAgICAgICAgICAgICAgcGFzcyAg ICAKIHRlc3QtYW1kNjQtYW1kNjQteGwtcWVtdXQtc3R1YmRvbS1kZWJpYW5odm0tYW1kNjQteHNt ICAgICAgICBwYXNzICAgIAogdGVzdC1hbWQ2NC1pMzg2LXhsLXFlbXV0LXN0dWJkb20tZGViaWFu aHZtLWFtZDY0LXhzbSAgICAgICAgIGZhaWwgICAgCiB0ZXN0LWFtZDY0LWFtZDY0LWxpYnZpcnQt eHNtICAgICAgICAgICAgICAgICAgICAgICAgICAgICAgICAgcGFzcyAgICAKIHRlc3QtYXJtaGYt YXJtaGYtbGlidmlydC14c20gICAgICAgICAgICAgICAgICAgICAgICAgICAgICAgICBmYWlsICAg IAogdGVzdC1hbWQ2NC1pMzg2LWxpYnZpcnQteHNtICAgICAgICAgICAgICAgICAgICAgICAgICAg ICAgICAgIGZhaWwgICAgCiB0ZXN0LWFtZDY0LWFtZDY0LXhsLXhzbSAgICAgICAgICAgICAgICAg ICAgICAgICAgICAgICAgICAgICAgcGFzcyAgICAKIHRlc3QtYXJtaGYtYXJtaGYteGwteHNtICAg ICAgICAgICAgICAgICAgICAgICAgICAgICAgICAgICAgICBwYXNzICAgIAogdGVzdC1hbWQ2NC1p Mzg2LXhsLXhzbSAgICAgICAgICAgICAgICAgICAgICAgICAgICAgICAgICAgICAgIGZhaWwgICAg CiB0ZXN0LWFtZDY0LWFtZDY0LXhsLXB2aC1hbWQgICAgICAgICAgICAgICAgICAgICAgICAgICAg ICAgICAgZmFpbCAgICAKIHRlc3QtYW1kNjQtaTM4Ni1xZW11dC1yaGVsNmh2bS1hbWQgICAgICAg ICAgICAgICAgICAgICAgICAgICBwYXNzICAgIAogdGVzdC1hbWQ2NC1pMzg2LXFlbXV1LXJoZWw2 aHZtLWFtZCAgICAgICAgICAgICAgICAgICAgICAgICAgIHBhc3MgICAgCiB0ZXN0LWFtZDY0LWFt ZDY0LXhsLXFlbXV0LWRlYmlhbmh2bS1hbWQ2NCAgICAgICAgICAgICAgICAgICAgcGFzcyAgICAK IHRlc3QtYW1kNjQtaTM4Ni14bC1xZW11dC1kZWJpYW5odm0tYW1kNjQgICAgICAgICAgICAgICAg ICAgICBwYXNzICAgIAogdGVzdC1hbWQ2NC1hbWQ2NC14bC1xZW11dS1kZWJpYW5odm0tYW1kNjQg ICAgICAgICAgICAgICAgICAgIHBhc3MgICAgCiB0ZXN0LWFtZDY0LWkzODYteGwtcWVtdXUtZGVi aWFuaHZtLWFtZDY0ICAgICAgICAgICAgICAgICAgICAgcGFzcyAgICAKIHRlc3QtYW1kNjQtaTM4 Ni1mcmVlYnNkMTAtYW1kNjQgICAgICAgICAgICAgICAgICAgICAgICAgICAgICBwYXNzICAgIAog dGVzdC1hbWQ2NC1hbWQ2NC14bC1xZW11dS1vdm1mLWFtZDY0ICAgICAgICAgICAgICAgICAgICAg ICAgIHBhc3MgICAgCiB0ZXN0LWFtZDY0LWkzODYteGwtcWVtdXUtb3ZtZi1hbWQ2NCAgICAgICAg ICAgICAgICAgICAgICAgICAgcGFzcyAgICAKIHRlc3QtYW1kNjQtYW1kNjQtcnVtcHVzZXJ4ZW4t YW1kNjQgICAgICAgICAgICAgICAgICAgICAgICAgICBwYXNzICAgIAogdGVzdC1hbWQ2NC1hbWQ2 NC14bC1xZW11dC13aW43LWFtZDY0ICAgICAgICAgICAgICAgICAgICAgICAgIGZhaWwgICAgCiB0 ZXN0LWFtZDY0LWkzODYteGwtcWVtdXQtd2luNy1hbWQ2NCAgICAgICAgICAgICAgICAgICAgICAg ICAgZmFpbCAgICAKIHRlc3QtYW1kNjQtYW1kNjQteGwtcWVtdXUtd2luNy1hbWQ2NCAgICAgICAg ICAgICAgICAgICAgICAgICBmYWlsICAgIAogdGVzdC1hbWQ2NC1pMzg2LXhsLXFlbXV1LXdpbjct YW1kNjQgICAgICAgICAgICAgICAgICAgICAgICAgIGZhaWwgICAgCiB0ZXN0LWFybWhmLWFybWhm LXhsLWFybmRhbGUgICAgICAgICAgICAgICAgICAgICAgICAgICAgICAgICAgcGFzcyAgICAKIHRl c3QtYW1kNjQtYW1kNjQteGwtY3JlZGl0MiAgICAgICAgICAgICAgICAgICAgICAgICAgICAgICAg ICBwYXNzICAgIAogdGVzdC1hcm1oZi1hcm1oZi14bC1jcmVkaXQyICAgICAgICAgICAgICAgICAg ICAgICAgICAgICAgICAgIHBhc3MgICAgCiB0ZXN0LWFybWhmLWFybWhmLXhsLWN1YmlldHJ1Y2sg ICAgICAgICAgICAgICAgICAgICAgICAgICAgICAgcGFzcyAgICAKIHRlc3QtYW1kNjQtaTM4Ni1m cmVlYnNkMTAtaTM4NiAgICAgICAgICAgICAgICAgICAgICAgICAgICAgICBwYXNzICAgIAogdGVz dC1hbWQ2NC1pMzg2LXJ1bXB1c2VyeGVuLWkzODYgICAgICAgICAgICAgICAgICAgICAgICAgICAg IHBhc3MgICAgCiB0ZXN0LWFtZDY0LWFtZDY0LXhsLXB2aC1pbnRlbCAgICAgICAgICAgICAgICAg ICAgICAgICAgICAgICAgZmFpbCAgICAKIHRlc3QtYW1kNjQtaTM4Ni1xZW11dC1yaGVsNmh2bS1p bnRlbCAgICAgICAgICAgICAgICAgICAgICAgICBwYXNzICAgIAogdGVzdC1hbWQ2NC1pMzg2LXFl bXV1LXJoZWw2aHZtLWludGVsICAgICAgICAgICAgICAgICAgICAgICAgIHBhc3MgICAgCiB0ZXN0 LWFtZDY0LWFtZDY0LWxpYnZpcnQgICAgICAgICAgICAgICAgICAgICAgICAgICAgICAgICAgICAg cGFzcyAgICAKIHRlc3QtYXJtaGYtYXJtaGYtbGlidmlydCAgICAgICAgICAgICAgICAgICAgICAg ICAgICAgICAgICAgICBmYWlsICAgIAogdGVzdC1hbWQ2NC1pMzg2LWxpYnZpcnQgICAgICAgICAg ICAgICAgICAgICAgICAgICAgICAgICAgICAgIGZhaWwgICAgCiB0ZXN0LWFtZDY0LWFtZDY0LXhs LW11bHRpdmNwdSAgICAgICAgICAgICAgICAgICAgICAgICAgICAgICAgcGFzcyAgICAKIHRlc3Qt YXJtaGYtYXJtaGYteGwtbXVsdGl2Y3B1ICAgICAgICAgICAgICAgICAgICAgICAgICAgICAgICBw YXNzICAgIAogdGVzdC1hbWQ2NC1hbWQ2NC1wYWlyICAgICAgICAgICAgICAgICAgICAgICAgICAg ICAgICAgICAgICAgIHBhc3MgICAgCiB0ZXN0LWFtZDY0LWkzODYtcGFpciAgICAgICAgICAgICAg ICAgICAgICAgICAgICAgICAgICAgICAgICAgZmFpbCAgICAKIHRlc3QtYW1kNjQtYW1kNjQtbGli dmlydC1wYWlyICAgICAgICAgICAgICAgICAgICAgICAgICAgICAgICBmYWlsICAgIAogdGVzdC1h bWQ2NC1pMzg2LWxpYnZpcnQtcGFpciAgICAgICAgICAgICAgICAgICAgICAgICAgICAgICAgIGZh aWwgICAgCiB0ZXN0LWFtZDY0LWFtZDY0LWFtZDY0LXB2Z3J1YiAgICAgICAgICAgICAgICAgICAg ICAgICAgICAgICAgcGFzcyAgICAKIHRlc3QtYW1kNjQtYW1kNjQtaTM4Ni1wdmdydWIgICAgICAg ICAgICAgICAgICAgICAgICAgICAgICAgICBwYXNzICAgIAogdGVzdC1hbWQ2NC1hbWQ2NC1weWdy dWIgICAgICAgICAgICAgICAgICAgICAgICAgICAgICAgICAgICAgIHBhc3MgICAgCiB0ZXN0LWFt ZDY0LWFtZDY0LWxpYnZpcnQtcWNvdzIgICAgICAgICAgICAgICAgICAgICAgICAgICAgICAgcGFz cyAgICAKIHRlc3QtYXJtaGYtYXJtaGYtbGlidmlydC1xY293MiAgICAgICAgICAgICAgICAgICAg ICAgICAgICAgICBmYWlsICAgIAogdGVzdC1hbWQ2NC1pMzg2LWxpYnZpcnQtcWNvdzIgICAgICAg ICAgICAgICAgICAgICAgICAgICAgICAgIHBhc3MgICAgCiB0ZXN0LWFtZDY0LWFtZDY0LXhsLXFj b3cyICAgICAgICAgICAgICAgICAgICAgICAgICAgICAgICAgICAgcGFzcyAgICAKIHRlc3QtYXJt aGYtYXJtaGYteGwtcWNvdzIgICAgICAgICAgICAgICAgICAgICAgICAgICAgICAgICAgICBmYWls ICAgIAogdGVzdC1hbWQ2NC1pMzg2LXhsLXFjb3cyICAgICAgICAgICAgICAgICAgICAgICAgICAg ICAgICAgICAgIHBhc3MgICAgCiB0ZXN0LWFtZDY0LWFtZDY0LWxpYnZpcnQtcmF3ICAgICAgICAg ICAgICAgICAgICAgICAgICAgICAgICAgcGFzcyAgICAKIHRlc3QtYXJtaGYtYXJtaGYtbGlidmly dC1yYXcgICAgICAgICAgICAgICAgICAgICAgICAgICAgICAgICBmYWlsICAgIAogdGVzdC1hbWQ2 NC1pMzg2LWxpYnZpcnQtcmF3ICAgICAgICAgICAgICAgICAgICAgICAgICAgICAgICAgIHBhc3Mg ICAgCiB0ZXN0LWFtZDY0LWFtZDY0LXhsLXJhdyAgICAgICAgICAgICAgICAgICAgICAgICAgICAg ICAgICAgICAgcGFzcyAgICAKIHRlc3QtYXJtaGYtYXJtaGYteGwtcmF3ICAgICAgICAgICAgICAg ICAgICAgICAgICAgICAgICAgICAgICBmYWlsICAgIAogdGVzdC1hbWQ2NC1pMzg2LXhsLXJhdyAg ICAgICAgICAgICAgICAgICAgICAgICAgICAgICAgICAgICAgIHBhc3MgICAgCiB0ZXN0LWFtZDY0 LWFtZDY0LXhsLXJ0ZHMgICAgICAgICAgICAgICAgICAgICAgICAgICAgICAgICAgICAgcGFzcyAg ICAKIHRlc3QtYXJtaGYtYXJtaGYteGwtcnRkcyAgICAgICAgICAgICAgICAgICAgICAgICAgICAg ICAgICAgICBmYWlsICAgIAogdGVzdC1hbWQ2NC1pMzg2LXhsLXFlbXV0LXdpbnhwc3AzLXZjcHVz MSAgICAgICAgICAgICAgICAgICAgIHBhc3MgICAgCiB0ZXN0LWFtZDY0LWkzODYteGwtcWVtdXUt d2lueHBzcDMtdmNwdXMxICAgICAgICAgICAgICAgICAgICAgcGFzcyAgICAKIHRlc3QtYW1kNjQt YW1kNjQtbGlidmlydC12aGQgICAgICAgICAgICAgICAgICAgICAgICAgICAgICAgICBwYXNzICAg IAogdGVzdC1hcm1oZi1hcm1oZi1saWJ2aXJ0LXZoZCAgICAgICAgICAgICAgICAgICAgICAgICAg ICAgICAgIGZhaWwgICAgCiB0ZXN0LWFtZDY0LWkzODYtbGlidmlydC12aGQgICAgICAgICAgICAg ICAgICAgICAgICAgICAgICAgICAgcGFzcyAgICAKIHRlc3QtYW1kNjQtYW1kNjQteGwtdmhkICAg ICAgICAgICAgICAgICAgICAgICAgICAgICAgICAgICAgICBwYXNzICAgIAogdGVzdC1hcm1oZi1h cm1oZi14bC12aGQgICAgICAgICAgICAgICAgICAgICAgICAgICAgICAgICAgICAgIGZhaWwgICAg CiB0ZXN0LWFtZDY0LWkzODYteGwtdmhkICAgICAgICAgICAgICAgICAgICAgICAgICAgICAgICAg ICAgICAgcGFzcyAgICAKIHRlc3QtYW1kNjQtYW1kNjQteGwtcWVtdXQtd2lueHBzcDMgICAgICAg ICAgICAgICAgICAgICAgICAgICBwYXNzICAgIAogdGVzdC1hbWQ2NC1pMzg2LXhsLXFlbXV0LXdp bnhwc3AzICAgICAgICAgICAgICAgICAgICAgICAgICAgIHBhc3MgICAgCiB0ZXN0LWFtZDY0LWFt ZDY0LXhsLXFlbXV1LXdpbnhwc3AzICAgICAgICAgICAgICAgICAgICAgICAgICAgcGFzcyAgICAK IHRlc3QtYW1kNjQtaTM4Ni14bC1xZW11dS13aW54cHNwMyAgICAgICAgICAgICAgICAgICAgICAg ICAgICBwYXNzICAgIAoKCi0tLS0tLS0tLS0tLS0tLS0tLS0tLS0tLS0tLS0tLS0tLS0tLS0tLS0t LS0tLS0tLS0tLS0tLS0tLS0tLQpzZy1yZXBvcnQtZmxpZ2h0IG9uIG9zc3Rlc3QudGVzdC1sYWIu eGVucHJvamVjdC5vcmcKbG9nczogL2hvbWUvbG9ncy9sb2dzCmltYWdlczogL2hvbWUvbG9ncy9p bWFnZXMKCkxvZ3MsIGNvbmZpZyBmaWxlcywgZXRjLiBhcmUgYXZhaWxhYmxlIGF0CiAgICBodHRw Oi8vbG9ncy50ZXN0LWxhYi54ZW5wcm9qZWN0Lm9yZy9vc3N0ZXN0L2xvZ3MKCkV4cGxhbmF0aW9u IG9mIHRoZXNlIHJlcG9ydHMsIGFuZCBvZiBvc3N0ZXN0IGluIGdlbmVyYWwsIGlzIGF0CiAgICBo dHRwOi8veGVuYml0cy54ZW4ub3JnL2dpdHdlYi8/cD1vc3N0ZXN0LmdpdDthPWJsb2I7Zj1SRUFE TUUuZW1haWw7aGI9bWFzdGVyCiAgICBodHRwOi8veGVuYml0cy54ZW4ub3JnL2dpdHdlYi8/cD1v c3N0ZXN0LmdpdDthPWJsb2I7Zj1SRUFETUU7aGI9bWFzdGVyCgpUZXN0IGhhcm5lc3MgY29kZSBj YW4gYmUgZm91bmQgYXQKICAgIGh0dHA6Ly94ZW5iaXRzLnhlbi5vcmcvZ2l0d2ViP3A9b3NzdGVz dC5naXQ7YT1zdW1tYXJ5Cgo= --=-lBb+SwyXJE+wa1fFuNAi Content-Disposition: attachment; filename="3.14:60666-vs-4.1:60785" Content-Type: text/plain; name="3.14:60666-vs-4.1:60785"; charset="UTF-8" Content-Transfer-Encoding: base64 NjA3ODU6IHJlZ3Jlc3Npb25zIC0gRkFJTAoKZmxpZ2h0IDYwNzg1IGxpbnV4LTQuMSByZWFsIFty ZWFsXQpodHRwOi8vbG9ncy50ZXN0LWxhYi54ZW5wcm9qZWN0Lm9yZy9vc3N0ZXN0L2xvZ3MvNjA3 ODUvCgpSZWdyZXNzaW9ucyA6LSgKClRlc3RzIHdoaWNoIGRpZCBub3Qgc3VjY2VlZCBhbmQgYXJl IGJsb2NraW5nLAppbmNsdWRpbmcgdGVzdHMgd2hpY2ggY291bGQgbm90IGJlIHJ1bjoKIHRlc3Qt YW1kNjQtaTM4Ni1wYWlyICAgMjEgZ3Vlc3QtbWlncmF0ZS9zcmNfaG9zdC9kc3RfaG9zdCBmYWls IFJFR1IuIHZzLiA2MDY2NgogdGVzdC1hbWQ2NC1pMzg2LXhsLXhzbSAgICAgICAxNCBndWVzdC1z YXZlcmVzdG9yZSAgICAgICAgIGZhaWwgUkVHUi4gdnMuIDYwNjY2CiB0ZXN0LWFtZDY0LWFtZDY0 LXhsLXFlbXV0LXN0dWJkb20tZGViaWFuaHZtLWFtZDY0LXhzbSAxMyBndWVzdC1sb2NhbG1pZ3Jh dGUgZmFpbCBSRUdSLiB2cy4gNjA2NjYKIHRlc3QtYW1kNjQtaTM4Ni1saWJ2aXJ0LXFlbXV1LWRl Ymlhbmh2bS1hbWQ2NC14c20gMTYgZ3Vlc3Qtc3RhcnQvZGViaWFuaHZtLnJlcGVhdCBmYWlsIFJF R1IuIHZzLiA2MDY2NgogdGVzdC1hbWQ2NC1pMzg2LXhsICAgICAgICAgICAxNCBndWVzdC1zYXZl cmVzdG9yZSAgICAgICAgIGZhaWwgUkVHUi4gdnMuIDYwNjY2CgpSZWdyZXNzaW9ucyB3aGljaCBh cmUgcmVnYXJkZWQgYXMgYWxsb3dhYmxlIChub3QgYmxvY2tpbmcpOgogdGVzdC1hcm1oZi1hcm1o Zi14bC1ydGRzICAgICAxMSBndWVzdC1zdGFydCAgICAgICAgICAgICAgZmFpbCBibG9ja2VkIGlu IDYwNjY2CiB0ZXN0LWFtZDY0LWkzODYteGwtcWVtdXQtc3R1YmRvbS1kZWJpYW5odm0tYW1kNjQt eHNtIDE1IGd1ZXN0LWxvY2FsbWlncmF0ZS4yIGZhaWwgYmxvY2tlZCBpbiA2MDY2NgogdGVzdC1h bWQ2NC1hbWQ2NC14bC1xZW11dS13aW43LWFtZDY0IDE3IGd1ZXN0LXN0b3AgICAgICAgICAgICAg ZmFpbCBsaWtlIDYwNjY2CiB0ZXN0LWFtZDY0LWFtZDY0LXhsLXFlbXV0LXdpbjctYW1kNjQgMTcg Z3Vlc3Qtc3RvcCAgICAgICAgICAgICBmYWlsIGxpa2UgNjA2NjYKIHRlc3QtYW1kNjQtYW1kNjQt cnVtcHVzZXJ4ZW4tYW1kNjQgMTUgcnVtcHVzZXJ4ZW4tZGVtby14ZW5zdG9yZWxzL3hlbnN0b3Jl bHMucmVwZWF0IGZhaWwgbGlrZSA2MDY2NgoKVGVzdHMgd2hpY2ggZGlkIG5vdCBzdWNjZWVkLCBi dXQgYXJlIG5vdCBibG9ja2luZzoKIHRlc3QtYXJtaGYtYXJtaGYteGwtcmF3ICAgICAgIDkgZGVi aWFuLWRpLWluc3RhbGwgICAgICAgICAgICBmYWlsICAgbmV2ZXIgcGFzcwogdGVzdC1hbWQ2NC1h bWQ2NC1saWJ2aXJ0LXBhaXIgMjEgZ3Vlc3QtbWlncmF0ZS9zcmNfaG9zdC9kc3RfaG9zdCBmYWls IG5ldmVyIHBhc3MKIHRlc3QtYXJtaGYtYXJtaGYtbGlidmlydC14c20gMTIgbWlncmF0ZS1zdXBw b3J0LWNoZWNrICAgICAgICBmYWlsICAgbmV2ZXIgcGFzcwogdGVzdC1hcm1oZi1hcm1oZi14bC14 c20gICAgICAxMyBzYXZlcmVzdG9yZS1zdXBwb3J0LWNoZWNrICAgIGZhaWwgICBuZXZlciBwYXNz CiB0ZXN0LWFtZDY0LWkzODYtbGlidmlydC1xY293MiAxMSBtaWdyYXRlLXN1cHBvcnQtY2hlY2sg ICAgICAgIGZhaWwgIG5ldmVyIHBhc3MKIHRlc3QtYXJtaGYtYXJtaGYtbGlidmlydC1xY293MiAg OSBkZWJpYW4tZGktaW5zdGFsbCAgICAgICAgICAgIGZhaWwgbmV2ZXIgcGFzcwogdGVzdC1hcm1o Zi1hcm1oZi14bC1jdWJpZXRydWNrIDEyIG1pZ3JhdGUtc3VwcG9ydC1jaGVjayAgICAgICAgZmFp bCBuZXZlciBwYXNzCiB0ZXN0LWFtZDY0LWkzODYtbGlidmlydC14c20gIDEyIG1pZ3JhdGUtc3Vw cG9ydC1jaGVjayAgICAgICAgZmFpbCAgIG5ldmVyIHBhc3MKIHRlc3QtYW1kNjQtYW1kNjQtbGli dmlydC14c20gMTIgbWlncmF0ZS1zdXBwb3J0LWNoZWNrICAgICAgICBmYWlsICAgbmV2ZXIgcGFz cwogdGVzdC1hbWQ2NC1hbWQ2NC1saWJ2aXJ0ICAgICAxMiBtaWdyYXRlLXN1cHBvcnQtY2hlY2sg ICAgICAgIGZhaWwgICBuZXZlciBwYXNzCiB0ZXN0LWFybWhmLWFybWhmLXhsLWNyZWRpdDIgIDEz IHNhdmVyZXN0b3JlLXN1cHBvcnQtY2hlY2sgICAgZmFpbCAgIG5ldmVyIHBhc3MKIHRlc3QtYW1k NjQtaTM4Ni1saWJ2aXJ0LXJhdyAgMTEgbWlncmF0ZS1zdXBwb3J0LWNoZWNrICAgICAgICBmYWls ICAgbmV2ZXIgcGFzcwogdGVzdC1hcm1oZi1hcm1oZi1saWJ2aXJ0LXJhdyAgOSBkZWJpYW4tZGkt aW5zdGFsbCAgICAgICAgICAgIGZhaWwgICBuZXZlciBwYXNzCiB0ZXN0LWFybWhmLWFybWhmLWxp YnZpcnQgICAgIDE0IGd1ZXN0LXNhdmVyZXN0b3JlICAgICAgICAgICAgZmFpbCAgIG5ldmVyIHBh c3MKIHRlc3QtYXJtaGYtYXJtaGYteGwtY3ViaWV0cnVjayAxMyBzYXZlcmVzdG9yZS1zdXBwb3J0 LWNoZWNrICAgIGZhaWwgbmV2ZXIgcGFzcwogdGVzdC1hbWQ2NC1pMzg2LWxpYnZpcnQtdmhkICAx MSBtaWdyYXRlLXN1cHBvcnQtY2hlY2sgICAgICAgIGZhaWwgICBuZXZlciBwYXNzCiB0ZXN0LWFt ZDY0LWkzODYtbGlidmlydCAgICAgIDE0IGd1ZXN0LXNhdmVyZXN0b3JlICAgICAgICAgICAgZmFp bCAgIG5ldmVyIHBhc3MKIHRlc3QtYW1kNjQtaTM4Ni1saWJ2aXJ0LXFlbXV1LWRlYmlhbmh2bS1h bWQ2NC14c20gMTAgbWlncmF0ZS1zdXBwb3J0LWNoZWNrIGZhaWwgbmV2ZXIgcGFzcwogdGVzdC1h bWQ2NC1hbWQ2NC1saWJ2aXJ0LXFlbXV1LWRlYmlhbmh2bS1hbWQ2NC14c20gMTAgbWlncmF0ZS1z dXBwb3J0LWNoZWNrIGZhaWwgbmV2ZXIgcGFzcwogdGVzdC1hcm1oZi1hcm1oZi14bCAgICAgICAg ICAxMiBtaWdyYXRlLXN1cHBvcnQtY2hlY2sgICAgICAgIGZhaWwgICBuZXZlciBwYXNzCiB0ZXN0 LWFtZDY0LWFtZDY0LWxpYnZpcnQtdmhkIDExIG1pZ3JhdGUtc3VwcG9ydC1jaGVjayAgICAgICAg ZmFpbCAgIG5ldmVyIHBhc3MKIHRlc3QtYXJtaGYtYXJtaGYteGwteHNtICAgICAgMTIgbWlncmF0 ZS1zdXBwb3J0LWNoZWNrICAgICAgICBmYWlsICAgbmV2ZXIgcGFzcwogdGVzdC1hbWQ2NC1hbWQ2 NC1saWJ2aXJ0LXJhdyAxMSBtaWdyYXRlLXN1cHBvcnQtY2hlY2sgICAgICAgIGZhaWwgICBuZXZl ciBwYXNzCiB0ZXN0LWFtZDY0LWkzODYteGwtcWVtdXUtd2luNy1hbWQ2NCAxNyBndWVzdC1zdG9w ICAgICAgICAgICAgICBmYWlsIG5ldmVyIHBhc3MKIHRlc3QtYW1kNjQtaTM4Ni14bC1xZW11dC13 aW43LWFtZDY0IDE3IGd1ZXN0LXN0b3AgICAgICAgICAgICAgIGZhaWwgbmV2ZXIgcGFzcwogdGVz dC1hbWQ2NC1pMzg2LWxpYnZpcnQgICAgICAxMiBtaWdyYXRlLXN1cHBvcnQtY2hlY2sgICAgICAg IGZhaWwgICBuZXZlciBwYXNzCiB0ZXN0LWFybWhmLWFybWhmLXhsICAgICAgICAgIDEzIHNhdmVy ZXN0b3JlLXN1cHBvcnQtY2hlY2sgICAgZmFpbCAgIG5ldmVyIHBhc3MKIHRlc3QtYXJtaGYtYXJt aGYtbGlidmlydC14c20gMTQgZ3Vlc3Qtc2F2ZXJlc3RvcmUgICAgICAgICAgICBmYWlsICAgbmV2 ZXIgcGFzcwogdGVzdC1hbWQ2NC1hbWQ2NC14bC1wdmgtYW1kICAxMSBndWVzdC1zdGFydCAgICAg ICAgICAgICAgICAgIGZhaWwgICBuZXZlciBwYXNzCiB0ZXN0LWFybWhmLWFybWhmLXhsLW11bHRp dmNwdSAxMyBzYXZlcmVzdG9yZS1zdXBwb3J0LWNoZWNrICAgIGZhaWwgIG5ldmVyIHBhc3MKIHRl c3QtYXJtaGYtYXJtaGYteGwtYXJuZGFsZSAgMTIgbWlncmF0ZS1zdXBwb3J0LWNoZWNrICAgICAg ICBmYWlsICAgbmV2ZXIgcGFzcwogdGVzdC1hbWQ2NC1hbWQ2NC1saWJ2aXJ0LXFjb3cyIDExIG1p Z3JhdGUtc3VwcG9ydC1jaGVjayAgICAgICAgZmFpbCBuZXZlciBwYXNzCiB0ZXN0LWFybWhmLWFy bWhmLXhsLWNyZWRpdDIgIDEyIG1pZ3JhdGUtc3VwcG9ydC1jaGVjayAgICAgICAgZmFpbCAgIG5l dmVyIHBhc3MKIHRlc3QtYW1kNjQtaTM4Ni1saWJ2aXJ0LXhzbSAgMTQgZ3Vlc3Qtc2F2ZXJlc3Rv cmUgICAgICAgICAgICBmYWlsICAgbmV2ZXIgcGFzcwogdGVzdC1hcm1oZi1hcm1oZi14bC1hcm5k YWxlICAxMyBzYXZlcmVzdG9yZS1zdXBwb3J0LWNoZWNrICAgIGZhaWwgICBuZXZlciBwYXNzCiB0 ZXN0LWFybWhmLWFybWhmLXhsLW11bHRpdmNwdSAxMiBtaWdyYXRlLXN1cHBvcnQtY2hlY2sgICAg ICAgIGZhaWwgIG5ldmVyIHBhc3MKIHRlc3QtYW1kNjQtaTM4Ni1saWJ2aXJ0LXBhaXIgMjEgZ3Vl c3QtbWlncmF0ZS9zcmNfaG9zdC9kc3RfaG9zdCBmYWlsIG5ldmVyIHBhc3MKIHRlc3QtYXJtaGYt YXJtaGYtbGlidmlydC12aGQgIDkgZGViaWFuLWRpLWluc3RhbGwgICAgICAgICAgICBmYWlsICAg bmV2ZXIgcGFzcwogdGVzdC1hbWQ2NC1hbWQ2NC14bC1wdmgtaW50ZWwgMTQgZ3Vlc3Qtc2F2ZXJl c3RvcmUgICAgICAgICAgICBmYWlsICBuZXZlciBwYXNzCiB0ZXN0LWFybWhmLWFybWhmLXhsLXFj b3cyICAgICA5IGRlYmlhbi1kaS1pbnN0YWxsICAgICAgICAgICAgZmFpbCAgIG5ldmVyIHBhc3MK IHRlc3QtYXJtaGYtYXJtaGYtbGlidmlydCAgICAgMTIgbWlncmF0ZS1zdXBwb3J0LWNoZWNrICAg ICAgICBmYWlsICAgbmV2ZXIgcGFzcwogdGVzdC1hcm1oZi1hcm1oZi14bC12aGQgICAgICAgOSBk ZWJpYW4tZGktaW5zdGFsbCAgICAgICAgICAgIGZhaWwgICBuZXZlciBwYXNzCgpiYXNlbGluZSB2 ZXJzaW9uOgogZmxpZ2h0ICAgICAgICAgICAgICAgNjA2NjYKCmpvYnM6CiBidWlsZC1hbWQ2NC14 c20gICAgICAgICAgICAgICAgICAgICAgICAgICAgICAgICAgICAgICAgICAgICAgcGFzcyAgICAK IGJ1aWxkLWFybWhmLXhzbSAgICAgICAgICAgICAgICAgICAgICAgICAgICAgICAgICAgICAgICAg ICAgICBwYXNzICAgIAogYnVpbGQtaTM4Ni14c20gICAgICAgICAgICAgICAgICAgICAgICAgICAg ICAgICAgICAgICAgICAgICAgIHBhc3MgICAgCiBidWlsZC1hbWQ2NCAgICAgICAgICAgICAgICAg ICAgICAgICAgICAgICAgICAgICAgICAgICAgICAgICAgcGFzcyAgICAKIGJ1aWxkLWFybWhmICAg ICAgICAgICAgICAgICAgICAgICAgICAgICAgICAgICAgICAgICAgICAgICAgICBwYXNzICAgIAog YnVpbGQtaTM4NiAgICAgICAgICAgICAgICAgICAgICAgICAgICAgICAgICAgICAgICAgICAgICAg ICAgIHBhc3MgICAgCiBidWlsZC1hbWQ2NC1saWJ2aXJ0ICAgICAgICAgICAgICAgICAgICAgICAg ICAgICAgICAgICAgICAgICAgcGFzcyAgICAKIGJ1aWxkLWFybWhmLWxpYnZpcnQgICAgICAgICAg ICAgICAgICAgICAgICAgICAgICAgICAgICAgICAgICBwYXNzICAgIAogYnVpbGQtaTM4Ni1saWJ2 aXJ0ICAgICAgICAgICAgICAgICAgICAgICAgICAgICAgICAgICAgICAgICAgIHBhc3MgICAgCiBi dWlsZC1hbWQ2NC1wdm9wcyAgICAgICAgICAgICAgICAgICAgICAgICAgICAgICAgICAgICAgICAg ICAgcGFzcyAgICAKIGJ1aWxkLWFybWhmLXB2b3BzICAgICAgICAgICAgICAgICAgICAgICAgICAg ICAgICAgICAgICAgICAgICBwYXNzICAgIAogYnVpbGQtaTM4Ni1wdm9wcyAgICAgICAgICAgICAg ICAgICAgICAgICAgICAgICAgICAgICAgICAgICAgIHBhc3MgICAgCiBidWlsZC1hbWQ2NC1ydW1w dXNlcnhlbiAgICAgICAgICAgICAgICAgICAgICAgICAgICAgICAgICAgICAgcGFzcyAgICAKIGJ1 aWxkLWkzODYtcnVtcHVzZXJ4ZW4gICAgICAgICAgICAgICAgICAgICAgICAgICAgICAgICAgICAg ICBwYXNzICAgIAogdGVzdC1hbWQ2NC1hbWQ2NC14bCAgICAgICAgICAgICAgICAgICAgICAgICAg ICAgICAgICAgICAgICAgIHBhc3MgICAgCiB0ZXN0LWFybWhmLWFybWhmLXhsICAgICAgICAgICAg ICAgICAgICAgICAgICAgICAgICAgICAgICAgICAgcGFzcyAgICAKIHRlc3QtYW1kNjQtaTM4Ni14 bCAgICAgICAgICAgICAgICAgICAgICAgICAgICAgICAgICAgICAgICAgICBmYWlsICAgIAogdGVz dC1hbWQ2NC1hbWQ2NC14bC1xZW11dC1kZWJpYW5odm0tYW1kNjQteHNtICAgICAgICAgICAgICAg IHBhc3MgICAgCiB0ZXN0LWFtZDY0LWkzODYteGwtcWVtdXQtZGViaWFuaHZtLWFtZDY0LXhzbSAg ICAgICAgICAgICAgICAgcGFzcyAgICAKIHRlc3QtYW1kNjQtYW1kNjQtbGlidmlydC1xZW11dS1k ZWJpYW5odm0tYW1kNjQteHNtICAgICAgICAgICBwYXNzICAgIAogdGVzdC1hbWQ2NC1pMzg2LWxp YnZpcnQtcWVtdXUtZGViaWFuaHZtLWFtZDY0LXhzbSAgICAgICAgICAgIGZhaWwgICAgCiB0ZXN0 LWFtZDY0LWFtZDY0LXhsLXFlbXV1LWRlYmlhbmh2bS1hbWQ2NC14c20gICAgICAgICAgICAgICAg cGFzcyAgICAKIHRlc3QtYW1kNjQtaTM4Ni14bC1xZW11dS1kZWJpYW5odm0tYW1kNjQteHNtICAg ICAgICAgICAgICAgICBwYXNzICAgIAogdGVzdC1hbWQ2NC1hbWQ2NC14bC1xZW11dC1zdHViZG9t LWRlYmlhbmh2bS1hbWQ2NC14c20gICAgICAgIGZhaWwgICAgCiB0ZXN0LWFtZDY0LWkzODYteGwt cWVtdXQtc3R1YmRvbS1kZWJpYW5odm0tYW1kNjQteHNtICAgICAgICAgZmFpbCAgICAKIHRlc3Qt YW1kNjQtYW1kNjQtbGlidmlydC14c20gICAgICAgICAgICAgICAgICAgICAgICAgICAgICAgICBw YXNzICAgIAogdGVzdC1hcm1oZi1hcm1oZi1saWJ2aXJ0LXhzbSAgICAgICAgICAgICAgICAgICAg ICAgICAgICAgICAgIGZhaWwgICAgCiB0ZXN0LWFtZDY0LWkzODYtbGlidmlydC14c20gICAgICAg ICAgICAgICAgICAgICAgICAgICAgICAgICAgZmFpbCAgICAKIHRlc3QtYW1kNjQtYW1kNjQteGwt eHNtICAgICAgICAgICAgICAgICAgICAgICAgICAgICAgICAgICAgICBwYXNzICAgIAogdGVzdC1h cm1oZi1hcm1oZi14bC14c20gICAgICAgICAgICAgICAgICAgICAgICAgICAgICAgICAgICAgIHBh c3MgICAgCiB0ZXN0LWFtZDY0LWkzODYteGwteHNtICAgICAgICAgICAgICAgICAgICAgICAgICAg ICAgICAgICAgICAgZmFpbCAgICAKIHRlc3QtYW1kNjQtYW1kNjQteGwtcHZoLWFtZCAgICAgICAg ICAgICAgICAgICAgICAgICAgICAgICAgICBmYWlsICAgIAogdGVzdC1hbWQ2NC1pMzg2LXFlbXV0 LXJoZWw2aHZtLWFtZCAgICAgICAgICAgICAgICAgICAgICAgICAgIHBhc3MgICAgCiB0ZXN0LWFt ZDY0LWkzODYtcWVtdXUtcmhlbDZodm0tYW1kICAgICAgICAgICAgICAgICAgICAgICAgICAgcGFz cyAgICAKIHRlc3QtYW1kNjQtYW1kNjQteGwtcWVtdXQtZGViaWFuaHZtLWFtZDY0ICAgICAgICAg ICAgICAgICAgICBwYXNzICAgIAogdGVzdC1hbWQ2NC1pMzg2LXhsLXFlbXV0LWRlYmlhbmh2bS1h bWQ2NCAgICAgICAgICAgICAgICAgICAgIHBhc3MgICAgCiB0ZXN0LWFtZDY0LWFtZDY0LXhsLXFl bXV1LWRlYmlhbmh2bS1hbWQ2NCAgICAgICAgICAgICAgICAgICAgcGFzcyAgICAKIHRlc3QtYW1k NjQtaTM4Ni14bC1xZW11dS1kZWJpYW5odm0tYW1kNjQgICAgICAgICAgICAgICAgICAgICBwYXNz ICAgIAogdGVzdC1hbWQ2NC1pMzg2LWZyZWVic2QxMC1hbWQ2NCAgICAgICAgICAgICAgICAgICAg ICAgICAgICAgIHBhc3MgICAgCiB0ZXN0LWFtZDY0LWFtZDY0LXhsLXFlbXV1LW92bWYtYW1kNjQg ICAgICAgICAgICAgICAgICAgICAgICAgcGFzcyAgICAKIHRlc3QtYW1kNjQtaTM4Ni14bC1xZW11 dS1vdm1mLWFtZDY0ICAgICAgICAgICAgICAgICAgICAgICAgICBwYXNzICAgIAogdGVzdC1hbWQ2 NC1hbWQ2NC1ydW1wdXNlcnhlbi1hbWQ2NCAgICAgICAgICAgICAgICAgICAgICAgICAgIGZhaWwg ICAgCiB0ZXN0LWFtZDY0LWFtZDY0LXhsLXFlbXV0LXdpbjctYW1kNjQgICAgICAgICAgICAgICAg ICAgICAgICAgZmFpbCAgICAKIHRlc3QtYW1kNjQtaTM4Ni14bC1xZW11dC13aW43LWFtZDY0ICAg ICAgICAgICAgICAgICAgICAgICAgICBmYWlsICAgIAogdGVzdC1hbWQ2NC1hbWQ2NC14bC1xZW11 dS13aW43LWFtZDY0ICAgICAgICAgICAgICAgICAgICAgICAgIGZhaWwgICAgCiB0ZXN0LWFtZDY0 LWkzODYteGwtcWVtdXUtd2luNy1hbWQ2NCAgICAgICAgICAgICAgICAgICAgICAgICAgZmFpbCAg ICAKIHRlc3QtYXJtaGYtYXJtaGYteGwtYXJuZGFsZSAgICAgICAgICAgICAgICAgICAgICAgICAg ICAgICAgICBwYXNzICAgIAogdGVzdC1hbWQ2NC1hbWQ2NC14bC1jcmVkaXQyICAgICAgICAgICAg ICAgICAgICAgICAgICAgICAgICAgIHBhc3MgICAgCiB0ZXN0LWFybWhmLWFybWhmLXhsLWNyZWRp dDIgICAgICAgICAgICAgICAgICAgICAgICAgICAgICAgICAgcGFzcyAgICAKIHRlc3QtYXJtaGYt YXJtaGYteGwtY3ViaWV0cnVjayAgICAgICAgICAgICAgICAgICAgICAgICAgICAgICBwYXNzICAg IAogdGVzdC1hbWQ2NC1pMzg2LWZyZWVic2QxMC1pMzg2ICAgICAgICAgICAgICAgICAgICAgICAg ICAgICAgIHBhc3MgICAgCiB0ZXN0LWFtZDY0LWkzODYtcnVtcHVzZXJ4ZW4taTM4NiAgICAgICAg ICAgICAgICAgICAgICAgICAgICAgcGFzcyAgICAKIHRlc3QtYW1kNjQtYW1kNjQteGwtcHZoLWlu dGVsICAgICAgICAgICAgICAgICAgICAgICAgICAgICAgICBmYWlsICAgIAogdGVzdC1hbWQ2NC1p Mzg2LXFlbXV0LXJoZWw2aHZtLWludGVsICAgICAgICAgICAgICAgICAgICAgICAgIHBhc3MgICAg CiB0ZXN0LWFtZDY0LWkzODYtcWVtdXUtcmhlbDZodm0taW50ZWwgICAgICAgICAgICAgICAgICAg ICAgICAgcGFzcyAgICAKIHRlc3QtYW1kNjQtYW1kNjQtbGlidmlydCAgICAgICAgICAgICAgICAg ICAgICAgICAgICAgICAgICAgICBwYXNzICAgIAogdGVzdC1hcm1oZi1hcm1oZi1saWJ2aXJ0ICAg ICAgICAgICAgICAgICAgICAgICAgICAgICAgICAgICAgIGZhaWwgICAgCiB0ZXN0LWFtZDY0LWkz ODYtbGlidmlydCAgICAgICAgICAgICAgICAgICAgICAgICAgICAgICAgICAgICAgZmFpbCAgICAK IHRlc3QtYW1kNjQtYW1kNjQteGwtbXVsdGl2Y3B1ICAgICAgICAgICAgICAgICAgICAgICAgICAg ICAgICBwYXNzICAgIAogdGVzdC1hcm1oZi1hcm1oZi14bC1tdWx0aXZjcHUgICAgICAgICAgICAg ICAgICAgICAgICAgICAgICAgIHBhc3MgICAgCiB0ZXN0LWFtZDY0LWFtZDY0LXBhaXIgICAgICAg ICAgICAgICAgICAgICAgICAgICAgICAgICAgICAgICAgcGFzcyAgICAKIHRlc3QtYW1kNjQtaTM4 Ni1wYWlyICAgICAgICAgICAgICAgICAgICAgICAgICAgICAgICAgICAgICAgICBmYWlsICAgIAog dGVzdC1hbWQ2NC1hbWQ2NC1saWJ2aXJ0LXBhaXIgICAgICAgICAgICAgICAgICAgICAgICAgICAg ICAgIGZhaWwgICAgCiB0ZXN0LWFtZDY0LWkzODYtbGlidmlydC1wYWlyICAgICAgICAgICAgICAg ICAgICAgICAgICAgICAgICAgZmFpbCAgICAKIHRlc3QtYW1kNjQtYW1kNjQtYW1kNjQtcHZncnVi ICAgICAgICAgICAgICAgICAgICAgICAgICAgICAgICBwYXNzICAgIAogdGVzdC1hbWQ2NC1hbWQ2 NC1pMzg2LXB2Z3J1YiAgICAgICAgICAgICAgICAgICAgICAgICAgICAgICAgIHBhc3MgICAgCiB0 ZXN0LWFtZDY0LWFtZDY0LXB5Z3J1YiAgICAgICAgICAgICAgICAgICAgICAgICAgICAgICAgICAg ICAgcGFzcyAgICAKIHRlc3QtYW1kNjQtYW1kNjQtbGlidmlydC1xY293MiAgICAgICAgICAgICAg ICAgICAgICAgICAgICAgICBwYXNzICAgIAogdGVzdC1hcm1oZi1hcm1oZi1saWJ2aXJ0LXFjb3cy ICAgICAgICAgICAgICAgICAgICAgICAgICAgICAgIGZhaWwgICAgCiB0ZXN0LWFtZDY0LWkzODYt bGlidmlydC1xY293MiAgICAgICAgICAgICAgICAgICAgICAgICAgICAgICAgcGFzcyAgICAKIHRl c3QtYW1kNjQtYW1kNjQteGwtcWNvdzIgICAgICAgICAgICAgICAgICAgICAgICAgICAgICAgICAg ICBwYXNzICAgIAogdGVzdC1hcm1oZi1hcm1oZi14bC1xY293MiAgICAgICAgICAgICAgICAgICAg ICAgICAgICAgICAgICAgIGZhaWwgICAgCiB0ZXN0LWFtZDY0LWkzODYteGwtcWNvdzIgICAgICAg ICAgICAgICAgICAgICAgICAgICAgICAgICAgICAgcGFzcyAgICAKIHRlc3QtYW1kNjQtYW1kNjQt bGlidmlydC1yYXcgICAgICAgICAgICAgICAgICAgICAgICAgICAgICAgICBwYXNzICAgIAogdGVz dC1hcm1oZi1hcm1oZi1saWJ2aXJ0LXJhdyAgICAgICAgICAgICAgICAgICAgICAgICAgICAgICAg IGZhaWwgICAgCiB0ZXN0LWFtZDY0LWkzODYtbGlidmlydC1yYXcgICAgICAgICAgICAgICAgICAg ICAgICAgICAgICAgICAgcGFzcyAgICAKIHRlc3QtYW1kNjQtYW1kNjQteGwtcmF3ICAgICAgICAg ICAgICAgICAgICAgICAgICAgICAgICAgICAgICBwYXNzICAgIAogdGVzdC1hcm1oZi1hcm1oZi14 bC1yYXcgICAgICAgICAgICAgICAgICAgICAgICAgICAgICAgICAgICAgIGZhaWwgICAgCiB0ZXN0 LWFtZDY0LWkzODYteGwtcmF3ICAgICAgICAgICAgICAgICAgICAgICAgICAgICAgICAgICAgICAg cGFzcyAgICAKIHRlc3QtYW1kNjQtYW1kNjQteGwtcnRkcyAgICAgICAgICAgICAgICAgICAgICAg ICAgICAgICAgICAgICBwYXNzICAgIAogdGVzdC1hcm1oZi1hcm1oZi14bC1ydGRzICAgICAgICAg ICAgICAgICAgICAgICAgICAgICAgICAgICAgIGZhaWwgICAgCiB0ZXN0LWFtZDY0LWkzODYteGwt cWVtdXQtd2lueHBzcDMtdmNwdXMxICAgICAgICAgICAgICAgICAgICAgcGFzcyAgICAKIHRlc3Qt YW1kNjQtaTM4Ni14bC1xZW11dS13aW54cHNwMy12Y3B1czEgICAgICAgICAgICAgICAgICAgICBw YXNzICAgIAogdGVzdC1hbWQ2NC1hbWQ2NC1saWJ2aXJ0LXZoZCAgICAgICAgICAgICAgICAgICAg ICAgICAgICAgICAgIHBhc3MgICAgCiB0ZXN0LWFybWhmLWFybWhmLWxpYnZpcnQtdmhkICAgICAg ICAgICAgICAgICAgICAgICAgICAgICAgICAgZmFpbCAgICAKIHRlc3QtYW1kNjQtaTM4Ni1saWJ2 aXJ0LXZoZCAgICAgICAgICAgICAgICAgICAgICAgICAgICAgICAgICBwYXNzICAgIAogdGVzdC1h bWQ2NC1hbWQ2NC14bC12aGQgICAgICAgICAgICAgICAgICAgICAgICAgICAgICAgICAgICAgIHBh c3MgICAgCiB0ZXN0LWFybWhmLWFybWhmLXhsLXZoZCAgICAgICAgICAgICAgICAgICAgICAgICAg ICAgICAgICAgICAgZmFpbCAgICAKIHRlc3QtYW1kNjQtaTM4Ni14bC12aGQgICAgICAgICAgICAg ICAgICAgICAgICAgICAgICAgICAgICAgICBwYXNzICAgIAogdGVzdC1hbWQ2NC1hbWQ2NC14bC1x ZW11dC13aW54cHNwMyAgICAgICAgICAgICAgICAgICAgICAgICAgIHBhc3MgICAgCiB0ZXN0LWFt ZDY0LWkzODYteGwtcWVtdXQtd2lueHBzcDMgICAgICAgICAgICAgICAgICAgICAgICAgICAgcGFz cyAgICAKIHRlc3QtYW1kNjQtYW1kNjQteGwtcWVtdXUtd2lueHBzcDMgICAgICAgICAgICAgICAg ICAgICAgICAgICBwYXNzICAgIAogdGVzdC1hbWQ2NC1pMzg2LXhsLXFlbXV1LXdpbnhwc3AzICAg ICAgICAgICAgICAgICAgICAgICAgICAgIHBhc3MgICAgCgoKLS0tLS0tLS0tLS0tLS0tLS0tLS0t LS0tLS0tLS0tLS0tLS0tLS0tLS0tLS0tLS0tLS0tLS0tLS0tLS0tCnNnLXJlcG9ydC1mbGlnaHQg b24gb3NzdGVzdC50ZXN0LWxhYi54ZW5wcm9qZWN0Lm9yZwpsb2dzOiAvaG9tZS9sb2dzL2xvZ3MK aW1hZ2VzOiAvaG9tZS9sb2dzL2ltYWdlcwoKTG9ncywgY29uZmlnIGZpbGVzLCBldGMuIGFyZSBh dmFpbGFibGUgYXQKICAgIGh0dHA6Ly9sb2dzLnRlc3QtbGFiLnhlbnByb2plY3Qub3JnL29zc3Rl c3QvbG9ncwoKRXhwbGFuYXRpb24gb2YgdGhlc2UgcmVwb3J0cywgYW5kIG9mIG9zc3Rlc3QgaW4g Z2VuZXJhbCwgaXMgYXQKICAgIGh0dHA6Ly94ZW5iaXRzLnhlbi5vcmcvZ2l0d2ViLz9wPW9zc3Rl c3QuZ2l0O2E9YmxvYjtmPVJFQURNRS5lbWFpbDtoYj1tYXN0ZXIKICAgIGh0dHA6Ly94ZW5iaXRz Lnhlbi5vcmcvZ2l0d2ViLz9wPW9zc3Rlc3QuZ2l0O2E9YmxvYjtmPVJFQURNRTtoYj1tYXN0ZXIK ClRlc3QgaGFybmVzcyBjb2RlIGNhbiBiZSBmb3VuZCBhdAogICAgaHR0cDovL3hlbmJpdHMueGVu Lm9yZy9naXR3ZWI/cD1vc3N0ZXN0LmdpdDthPXN1bW1hcnkKCi== --=-lBb+SwyXJE+wa1fFuNAi Content-Type: text/plain; charset="us-ascii" MIME-Version: 1.0 Content-Transfer-Encoding: 7bit Content-Disposition: inline _______________________________________________ Xen-devel mailing list Xen-devel@lists.xen.org http://lists.xen.org/xen-devel --=-lBb+SwyXJE+wa1fFuNAi--