* [linux-3.18 test] 61244: regressions - FAIL
@ 2015-09-02 0:43 osstest service owner
2015-09-02 9:17 ` Please backport 5054daa285 to stable trees with 63753fac67 (Was: Re: [linux-3.18 test] 61244: regressions - FAIL) Ian Campbell
2015-09-02 9:18 ` Ian Campbell
0 siblings, 2 replies; 6+ messages in thread
From: osstest service owner @ 2015-09-02 0:43 UTC (permalink / raw)
To: xen-devel, osstest-admin
flight 61244 linux-3.18 real [real]
http://logs.test-lab.xenproject.org/osstest/logs/61244/
Regressions :-(
Tests which did not succeed and are blocking,
including tests which could not be run:
test-amd64-amd64-xl-pvh-intel 11 guest-start fail REGR. vs. 58581
Regressions which are regarded as allowable (not blocking):
test-armhf-armhf-libvirt 6 xen-boot fail REGR. vs. 58581
test-amd64-i386-xl-qemut-stubdom-debianhvm-amd64-xsm 13 guest-localmigrate fail baseline untested
test-armhf-armhf-xl-rtds 11 guest-start fail baseline untested
test-amd64-amd64-xl-qemut-stubdom-debianhvm-amd64-xsm 13 guest-localmigrate fail baseline untested
test-armhf-armhf-libvirt-xsm 6 xen-boot fail like 58581
test-armhf-armhf-xl-credit2 6 xen-boot fail like 58581
test-armhf-armhf-xl-multivcpu 6 xen-boot fail like 58581
test-armhf-armhf-xl 6 xen-boot fail like 58581
test-armhf-armhf-xl-xsm 6 xen-boot fail like 58581
test-amd64-i386-xl-qemuu-win7-amd64 17 guest-stop fail like 58581
test-amd64-amd64-xl-qemut-win7-amd64 17 guest-stop fail like 58581
test-amd64-amd64-xl-qemuu-win7-amd64 17 guest-stop fail like 58581
Tests which did not succeed, but are not blocking:
test-armhf-armhf-xl-qcow2 9 debian-di-install fail never pass
test-armhf-armhf-libvirt-qcow2 9 debian-di-install fail never pass
test-amd64-amd64-xl-pvh-amd 11 guest-start fail never pass
test-armhf-armhf-libvirt-raw 9 debian-di-install fail never pass
test-armhf-armhf-xl-raw 9 debian-di-install fail never pass
test-armhf-armhf-libvirt-vhd 9 debian-di-install fail never pass
test-armhf-armhf-xl-cubietruck 6 xen-boot fail never pass
test-amd64-amd64-libvirt-pair 21 guest-migrate/src_host/dst_host fail never pass
test-amd64-i386-libvirt-xsm 12 migrate-support-check fail never pass
test-amd64-amd64-libvirt-xsm 12 migrate-support-check fail never pass
test-armhf-armhf-xl-arndale 12 migrate-support-check fail never pass
test-armhf-armhf-xl-arndale 13 saverestore-support-check fail never pass
test-amd64-amd64-libvirt-qemuu-debianhvm-amd64-xsm 10 migrate-support-check fail never pass
test-amd64-amd64-libvirt-qcow2 11 migrate-support-check fail never pass
test-amd64-i386-libvirt-qemuu-debianhvm-amd64-xsm 10 migrate-support-check fail never pass
test-amd64-i386-libvirt-pair 21 guest-migrate/src_host/dst_host fail never pass
test-amd64-i386-libvirt-raw 11 migrate-support-check fail never pass
test-amd64-amd64-libvirt-vhd 11 migrate-support-check fail never pass
test-amd64-i386-libvirt 12 migrate-support-check fail never pass
test-amd64-amd64-libvirt 12 migrate-support-check fail never pass
test-amd64-i386-libvirt-vhd 11 migrate-support-check fail never pass
test-armhf-armhf-xl-vhd 9 debian-di-install fail never pass
test-amd64-i386-libvirt-qcow2 11 migrate-support-check fail never pass
test-amd64-amd64-libvirt-raw 11 migrate-support-check fail never pass
test-amd64-i386-xl-qemut-win7-amd64 17 guest-stop fail never pass
version targeted for testing:
linux e9fd6ddcabf8695329f2462d3ece5a8442f2a8cf
baseline version:
linux d048c068d00da7d4cfa5ea7651933b99026958cf
Last test of basis 58581 2015-06-15 09:42:22 Z 78 days
Failing since 58976 2015-06-29 19:43:23 Z 64 days 53 attempts
Testing same since 60642 2015-08-09 13:18:01 Z 23 days 12 attempts
------------------------------------------------------------
383 people touched revisions under test,
not listing them all
jobs:
build-amd64-xsm pass
build-armhf-xsm pass
build-i386-xsm pass
build-amd64 pass
build-armhf pass
build-i386 pass
build-amd64-libvirt pass
build-armhf-libvirt pass
build-i386-libvirt pass
build-amd64-pvops pass
build-armhf-pvops pass
build-i386-pvops pass
build-amd64-rumpuserxen pass
build-i386-rumpuserxen pass
test-amd64-amd64-xl pass
test-armhf-armhf-xl fail
test-amd64-i386-xl pass
test-amd64-amd64-xl-qemut-debianhvm-amd64-xsm pass
test-amd64-i386-xl-qemut-debianhvm-amd64-xsm pass
test-amd64-amd64-libvirt-qemuu-debianhvm-amd64-xsm pass
test-amd64-i386-libvirt-qemuu-debianhvm-amd64-xsm pass
test-amd64-amd64-xl-qemuu-debianhvm-amd64-xsm pass
test-amd64-i386-xl-qemuu-debianhvm-amd64-xsm pass
test-amd64-amd64-xl-qemut-stubdom-debianhvm-amd64-xsm fail
test-amd64-i386-xl-qemut-stubdom-debianhvm-amd64-xsm fail
test-amd64-amd64-libvirt-xsm pass
test-armhf-armhf-libvirt-xsm fail
test-amd64-i386-libvirt-xsm pass
test-amd64-amd64-xl-xsm pass
test-armhf-armhf-xl-xsm fail
test-amd64-i386-xl-xsm pass
test-amd64-amd64-xl-pvh-amd fail
test-amd64-i386-qemut-rhel6hvm-amd pass
test-amd64-i386-qemuu-rhel6hvm-amd pass
test-amd64-amd64-xl-qemut-debianhvm-amd64 pass
test-amd64-i386-xl-qemut-debianhvm-amd64 pass
test-amd64-amd64-xl-qemuu-debianhvm-amd64 pass
test-amd64-i386-xl-qemuu-debianhvm-amd64 pass
test-amd64-i386-freebsd10-amd64 pass
test-amd64-amd64-xl-qemuu-ovmf-amd64 pass
test-amd64-i386-xl-qemuu-ovmf-amd64 pass
test-amd64-amd64-rumpuserxen-amd64 pass
test-amd64-amd64-xl-qemut-win7-amd64 fail
test-amd64-i386-xl-qemut-win7-amd64 fail
test-amd64-amd64-xl-qemuu-win7-amd64 fail
test-amd64-i386-xl-qemuu-win7-amd64 fail
test-armhf-armhf-xl-arndale pass
test-amd64-amd64-xl-credit2 pass
test-armhf-armhf-xl-credit2 fail
test-armhf-armhf-xl-cubietruck fail
test-amd64-i386-freebsd10-i386 pass
test-amd64-i386-rumpuserxen-i386 pass
test-amd64-amd64-xl-pvh-intel fail
test-amd64-i386-qemut-rhel6hvm-intel pass
test-amd64-i386-qemuu-rhel6hvm-intel pass
test-amd64-amd64-libvirt pass
test-armhf-armhf-libvirt fail
test-amd64-i386-libvirt pass
test-amd64-amd64-xl-multivcpu pass
test-armhf-armhf-xl-multivcpu fail
test-amd64-amd64-pair pass
test-amd64-i386-pair pass
test-amd64-amd64-libvirt-pair fail
test-amd64-i386-libvirt-pair fail
test-amd64-amd64-amd64-pvgrub pass
test-amd64-amd64-i386-pvgrub pass
test-amd64-amd64-pygrub pass
test-amd64-amd64-libvirt-qcow2 pass
test-armhf-armhf-libvirt-qcow2 fail
test-amd64-i386-libvirt-qcow2 pass
test-amd64-amd64-xl-qcow2 pass
test-armhf-armhf-xl-qcow2 fail
test-amd64-i386-xl-qcow2 pass
test-amd64-amd64-libvirt-raw pass
test-armhf-armhf-libvirt-raw fail
test-amd64-i386-libvirt-raw pass
test-amd64-amd64-xl-raw pass
test-armhf-armhf-xl-raw fail
test-amd64-i386-xl-raw pass
test-amd64-amd64-xl-rtds pass
test-armhf-armhf-xl-rtds fail
test-amd64-i386-xl-qemut-winxpsp3-vcpus1 pass
test-amd64-i386-xl-qemuu-winxpsp3-vcpus1 pass
test-amd64-amd64-libvirt-vhd pass
test-armhf-armhf-libvirt-vhd fail
test-amd64-i386-libvirt-vhd pass
test-amd64-amd64-xl-vhd pass
test-armhf-armhf-xl-vhd fail
test-amd64-i386-xl-vhd pass
test-amd64-amd64-xl-qemut-winxpsp3 pass
test-amd64-i386-xl-qemut-winxpsp3 pass
test-amd64-amd64-xl-qemuu-winxpsp3 pass
test-amd64-i386-xl-qemuu-winxpsp3 pass
------------------------------------------------------------
sg-report-flight on osstest.test-lab.xenproject.org
logs: /home/logs/logs
images: /home/logs/images
Logs, config files, etc. are available at
http://logs.test-lab.xenproject.org/osstest/logs
Explanation of these reports, and of osstest in general, is at
http://xenbits.xen.org/gitweb/?p=osstest.git;a=blob;f=README.email;hb=master
http://xenbits.xen.org/gitweb/?p=osstest.git;a=blob;f=README;hb=master
Test harness code can be found at
http://xenbits.xen.org/gitweb?p=osstest.git;a=summary
Not pushing.
(No revision log; it would be 10532 lines long.)
^ permalink raw reply [flat|nested] 6+ messages in thread
* Please backport 5054daa285 to stable trees with 63753fac67 (Was: Re: [linux-3.18 test] 61244: regressions - FAIL)
2015-09-02 0:43 [linux-3.18 test] 61244: regressions - FAIL osstest service owner
@ 2015-09-02 9:17 ` Ian Campbell
2015-09-02 9:18 ` Ian Campbell
1 sibling, 0 replies; 6+ messages in thread
From: Ian Campbell @ 2015-09-02 9:17 UTC (permalink / raw)
To: osstest service owner, xen-devel, stable, Sasha Levin
Cc: Boris Ostrovsky, David Vrabel, Andy Lutomirski
On Wed, 2015-09-02 at 00:43 +0000, osstest service owner wrote:
> flight 61244 linux-3.18 real [real]
> http://logs.test-lab.xenproject.org/osstest/logs/61244/
>
> Regressions :-(
>
> Tests which did not succeed and are blocking,
> including tests which could not be run:
> test-amd64-amd64-xl-pvh-intel 11 guest-start fail REGR. vs. 58581
This has been failing for a while now in http://mid.gmane.org/<
559C26FC.8020902@oracle.com> Boris noted that backporting 1e02ce4cccdc
("x86: Store a per-cpu shadow copy of CR4") also requires backporting as a
fixup 5054daa285 ("x86/xen: Initialize cr4 shadow for 64-bit PV(H)
guests").
Sasha, linux-3.18.y has 1e02ce4cccdc as 63753fac67e1, please could you
pickup the followup fix from 5054daa285 too?.
>From a brief grep of the git logs it doesn't look like any other LTS
kernels have picked up the original commit.
Ian.
>
> Regressions which are regarded as allowable (not blocking):
> test-armhf-armhf-libvirt 6 xen-boot fail REGR. vs.
> 58581
> test-amd64-i386-xl-qemut-stubdom-debianhvm-amd64-xsm 13 guest
> -localmigrate fail baseline untested
> test-armhf-armhf-xl-rtds 11 guest-start fail baseline
> untested
> test-amd64-amd64-xl-qemut-stubdom-debianhvm-amd64-xsm 13 guest
> -localmigrate fail baseline untested
> test-armhf-armhf-libvirt-xsm 6 xen-boot fail like
> 58581
> test-armhf-armhf-xl-credit2 6 xen-boot fail like
> 58581
> test-armhf-armhf-xl-multivcpu 6 xen-boot fail like
> 58581
> test-armhf-armhf-xl 6 xen-boot fail like
> 58581
> test-armhf-armhf-xl-xsm 6 xen-boot fail like
> 58581
> test-amd64-i386-xl-qemuu-win7-amd64 17 guest-stop fail like
> 58581
> test-amd64-amd64-xl-qemut-win7-amd64 17 guest-stop fail like
> 58581
> test-amd64-amd64-xl-qemuu-win7-amd64 17 guest-stop fail like
> 58581
>
> Tests which did not succeed, but are not blocking:
> test-armhf-armhf-xl-qcow2 9 debian-di-install fail
> never pass
> test-armhf-armhf-libvirt-qcow2 9 debian-di-install fail
> never pass
> test-amd64-amd64-xl-pvh-amd 11 guest-start fail
> never pass
> test-armhf-armhf-libvirt-raw 9 debian-di-install fail
> never pass
> test-armhf-armhf-xl-raw 9 debian-di-install fail
> never pass
> test-armhf-armhf-libvirt-vhd 9 debian-di-install fail
> never pass
> test-armhf-armhf-xl-cubietruck 6 xen-boot fail
> never pass
> test-amd64-amd64-libvirt-pair 21 guest-migrate/src_host/dst_host fail
> never pass
> test-amd64-i386-libvirt-xsm 12 migrate-support-check fail
> never pass
> test-amd64-amd64-libvirt-xsm 12 migrate-support-check fail
> never pass
> test-armhf-armhf-xl-arndale 12 migrate-support-check fail
> never pass
> test-armhf-armhf-xl-arndale 13 saverestore-support-check fail
> never pass
> test-amd64-amd64-libvirt-qemuu-debianhvm-amd64-xsm 10 migrate-support
> -check fail never pass
> test-amd64-amd64-libvirt-qcow2 11 migrate-support-check fail
> never pass
> test-amd64-i386-libvirt-qemuu-debianhvm-amd64-xsm 10 migrate-support
> -check fail never pass
> test-amd64-i386-libvirt-pair 21 guest-migrate/src_host/dst_host fail
> never pass
> test-amd64-i386-libvirt-raw 11 migrate-support-check fail
> never pass
> test-amd64-amd64-libvirt-vhd 11 migrate-support-check fail
> never pass
> test-amd64-i386-libvirt 12 migrate-support-check fail
> never pass
> test-amd64-amd64-libvirt 12 migrate-support-check fail
> never pass
> test-amd64-i386-libvirt-vhd 11 migrate-support-check fail
> never pass
> test-armhf-armhf-xl-vhd 9 debian-di-install fail
> never pass
> test-amd64-i386-libvirt-qcow2 11 migrate-support-check fail
> never pass
> test-amd64-amd64-libvirt-raw 11 migrate-support-check fail
> never pass
> test-amd64-i386-xl-qemut-win7-amd64 17 guest-stop fail
> never pass
>
> version targeted for testing:
> linux e9fd6ddcabf8695329f2462d3ece5a8442f2a8cf
> baseline version:
> linux d048c068d00da7d4cfa5ea7651933b99026958cf
>
> Last test of basis 58581 2015-06-15 09:42:22 Z 78 days
> Failing since 58976 2015-06-29 19:43:23 Z 64 days 53
> attempts
> Testing same since 60642 2015-08-09 13:18:01 Z 23 days 12
> attempts
>
> ------------------------------------------------------------
> 383 people touched revisions under test,
> not listing them all
>
> jobs:
> build-amd64-xsm pass
> build-armhf-xsm pass
> build-i386-xsm pass
> build-amd64 pass
> build-armhf pass
> build-i386 pass
> build-amd64-libvirt pass
> build-armhf-libvirt pass
> build-i386-libvirt pass
> build-amd64-pvops pass
> build-armhf-pvops pass
> build-i386-pvops pass
> build-amd64-rumpuserxen pass
> build-i386-rumpuserxen pass
> test-amd64-amd64-xl pass
> test-armhf-armhf-xl fail
> test-amd64-i386-xl pass
> test-amd64-amd64-xl-qemut-debianhvm-amd64-xsm pass
> test-amd64-i386-xl-qemut-debianhvm-amd64-xsm pass
> test-amd64-amd64-libvirt-qemuu-debianhvm-amd64-xsm pass
> test-amd64-i386-libvirt-qemuu-debianhvm-amd64-xsm pass
> test-amd64-amd64-xl-qemuu-debianhvm-amd64-xsm pass
> test-amd64-i386-xl-qemuu-debianhvm-amd64-xsm pass
> test-amd64-amd64-xl-qemut-stubdom-debianhvm-amd64-xsm fail
> test-amd64-i386-xl-qemut-stubdom-debianhvm-amd64-xsm fail
> test-amd64-amd64-libvirt-xsm pass
> test-armhf-armhf-libvirt-xsm fail
> test-amd64-i386-libvirt-xsm pass
> test-amd64-amd64-xl-xsm pass
> test-armhf-armhf-xl-xsm fail
> test-amd64-i386-xl-xsm pass
> test-amd64-amd64-xl-pvh-amd fail
> test-amd64-i386-qemut-rhel6hvm-amd pass
> test-amd64-i386-qemuu-rhel6hvm-amd pass
> test-amd64-amd64-xl-qemut-debianhvm-amd64 pass
> test-amd64-i386-xl-qemut-debianhvm-amd64 pass
> test-amd64-amd64-xl-qemuu-debianhvm-amd64 pass
> test-amd64-i386-xl-qemuu-debianhvm-amd64 pass
> test-amd64-i386-freebsd10-amd64 pass
> test-amd64-amd64-xl-qemuu-ovmf-amd64 pass
> test-amd64-i386-xl-qemuu-ovmf-amd64 pass
> test-amd64-amd64-rumpuserxen-amd64 pass
> test-amd64-amd64-xl-qemut-win7-amd64 fail
> test-amd64-i386-xl-qemut-win7-amd64 fail
> test-amd64-amd64-xl-qemuu-win7-amd64 fail
> test-amd64-i386-xl-qemuu-win7-amd64 fail
> test-armhf-armhf-xl-arndale pass
> test-amd64-amd64-xl-credit2 pass
> test-armhf-armhf-xl-credit2 fail
> test-armhf-armhf-xl-cubietruck fail
> test-amd64-i386-freebsd10-i386 pass
> test-amd64-i386-rumpuserxen-i386 pass
> test-amd64-amd64-xl-pvh-intel fail
> test-amd64-i386-qemut-rhel6hvm-intel pass
> test-amd64-i386-qemuu-rhel6hvm-intel pass
> test-amd64-amd64-libvirt pass
> test-armhf-armhf-libvirt fail
> test-amd64-i386-libvirt pass
> test-amd64-amd64-xl-multivcpu pass
> test-armhf-armhf-xl-multivcpu fail
> test-amd64-amd64-pair pass
> test-amd64-i386-pair pass
> test-amd64-amd64-libvirt-pair fail
> test-amd64-i386-libvirt-pair fail
> test-amd64-amd64-amd64-pvgrub pass
> test-amd64-amd64-i386-pvgrub pass
> test-amd64-amd64-pygrub pass
> test-amd64-amd64-libvirt-qcow2 pass
> test-armhf-armhf-libvirt-qcow2 fail
> test-amd64-i386-libvirt-qcow2 pass
> test-amd64-amd64-xl-qcow2 pass
> test-armhf-armhf-xl-qcow2 fail
> test-amd64-i386-xl-qcow2 pass
> test-amd64-amd64-libvirt-raw pass
> test-armhf-armhf-libvirt-raw fail
> test-amd64-i386-libvirt-raw pass
> test-amd64-amd64-xl-raw pass
> test-armhf-armhf-xl-raw fail
> test-amd64-i386-xl-raw pass
> test-amd64-amd64-xl-rtds pass
> test-armhf-armhf-xl-rtds fail
> test-amd64-i386-xl-qemut-winxpsp3-vcpus1 pass
> test-amd64-i386-xl-qemuu-winxpsp3-vcpus1 pass
> test-amd64-amd64-libvirt-vhd pass
> test-armhf-armhf-libvirt-vhd fail
> test-amd64-i386-libvirt-vhd pass
> test-amd64-amd64-xl-vhd pass
> test-armhf-armhf-xl-vhd fail
> test-amd64-i386-xl-vhd pass
> test-amd64-amd64-xl-qemut-winxpsp3 pass
> test-amd64-i386-xl-qemut-winxpsp3 pass
> test-amd64-amd64-xl-qemuu-winxpsp3 pass
> test-amd64-i386-xl-qemuu-winxpsp3 pass
>
>
> ------------------------------------------------------------
> sg-report-flight on osstest.test-lab.xenproject.org
> logs: /home/logs/logs
> images: /home/logs/images
>
> Logs, config files, etc. are available at
> http://logs.test-lab.xenproject.org/osstest/logs
>
> Explanation of these reports, and of osstest in general, is at
> http://xenbits.xen.org/gitweb/?p=osstest.git;a=blob;f=README.email;hb
> =master
>
> http://xenbits.xen.org/gitweb/?p=osstest.git;a=blob;f=README;hb=master
>
> Test harness code can be found at
> http://xenbits.xen.org/gitweb?p=osstest.git;a=summary
>
>
> Not pushing.
>
> (No revision log; it would be 10532 lines long.)
^ permalink raw reply [flat|nested] 6+ messages in thread
* Please backport 5054daa285 to stable trees with 63753fac67 (Was: Re: [linux-3.18 test] 61244: regressions - FAIL)
2015-09-02 0:43 [linux-3.18 test] 61244: regressions - FAIL osstest service owner
2015-09-02 9:17 ` Please backport 5054daa285 to stable trees with 63753fac67 (Was: Re: [linux-3.18 test] 61244: regressions - FAIL) Ian Campbell
@ 2015-09-02 9:18 ` Ian Campbell
2015-09-11 15:10 ` Ian Campbell
1 sibling, 1 reply; 6+ messages in thread
From: Ian Campbell @ 2015-09-02 9:18 UTC (permalink / raw)
To: osstest service owner, xen-devel, stable, Sasha Levin
Cc: Boris Ostrovsky, Andy Lutomirski, David Vrabel
[resending to correct stable address, sorry folks]
On Wed, 2015-09-02 at 00:43 +0000, osstest service owner wrote:
> flight 61244 linux-3.18 real [real]
> http://logs.test-lab.xenproject.org/osstest/logs/61244/
>
> Regressions :-(
>
> Tests which did not succeed and are blocking,
> including tests which could not be run:
> test-amd64-amd64-xl-pvh-intel 11 guest-start fail REGR. vs.
> 58581
This has been failing for a while now in http://mid.gmane.org/<;
559C26FC.8020902@oracle.com> Boris noted that backporting 1e02ce4cccdc
("x86: Store a per-cpu shadow copy of CR4") also requires backporting as a
fixup 5054daa285 ("x86/xen: Initialize cr4 shadow for 64-bit PV(H)
guests").
Sasha, linux-3.18.y has 1e02ce4cccdc as 63753fac67e1, please could you
pickup the followup fix from 5054daa285 too?.
>From a brief grep of the git logs it doesn't look like any other LTS
kernels have picked up the original commit.
Ian.
>
> Regressions which are regarded as allowable (not blocking):
> test-armhf-armhf-libvirt 6 xen-boot fail REGR. vs.
>
> 58581
> test-amd64-i386-xl-qemut-stubdom-debianhvm-amd64-xsm 13 guest
> -localmigrate fail baseline untested
> test-armhf-armhf-xl-rtds 11 guest-start fail baseline
> untested
> test-amd64-amd64-xl-qemut-stubdom-debianhvm-amd64-xsm 13 guest
> -localmigrate fail baseline untested
> test-armhf-armhf-libvirt-xsm 6 xen-boot fail like
>
> 58581
> test-armhf-armhf-xl-credit2 6 xen-boot fail like
>
> 58581
> test-armhf-armhf-xl-multivcpu 6 xen-boot fail like
>
> 58581
> test-armhf-armhf-xl 6 xen-boot fail like
>
> 58581
> test-armhf-armhf-xl-xsm 6 xen-boot fail like
>
> 58581
> test-amd64-i386-xl-qemuu-win7-amd64 17 guest-stop fail like
>
> 58581
> test-amd64-amd64-xl-qemut-win7-amd64 17 guest-stop fail like
>
> 58581
> test-amd64-amd64-xl-qemuu-win7-amd64 17 guest-stop fail like
>
> 58581
>
> Tests which did not succeed, but are not blocking:
> test-armhf-armhf-xl-qcow2 9 debian-di-install fail
> never pass
> test-armhf-armhf-libvirt-qcow2 9 debian-di-install fail
> never pass
> test-amd64-amd64-xl-pvh-amd 11 guest-start fail
> never pass
> test-armhf-armhf-libvirt-raw 9 debian-di-install fail
> never pass
> test-armhf-armhf-xl-raw 9 debian-di-install fail
> never pass
> test-armhf-armhf-libvirt-vhd 9 debian-di-install fail
> never pass
> test-armhf-armhf-xl-cubietruck 6 xen-boot fail
> never pass
> test-amd64-amd64-libvirt-pair 21 guest-migrate/src_host/dst_host fail
> never pass
> test-amd64-i386-libvirt-xsm 12 migrate-support-check fail
> never pass
> test-amd64-amd64-libvirt-xsm 12 migrate-support-check fail
> never pass
> test-armhf-armhf-xl-arndale 12 migrate-support-check fail
> never pass
> test-armhf-armhf-xl-arndale 13 saverestore-support-check fail
> never pass
> test-amd64-amd64-libvirt-qemuu-debianhvm-amd64-xsm 10 migrate-support
> -check fail never pass
> test-amd64-amd64-libvirt-qcow2 11 migrate-support-check fail
> never pass
> test-amd64-i386-libvirt-qemuu-debianhvm-amd64-xsm 10 migrate-support
> -check fail never pass
> test-amd64-i386-libvirt-pair 21 guest-migrate/src_host/dst_host fail
> never pass
> test-amd64-i386-libvirt-raw 11 migrate-support-check fail
> never pass
> test-amd64-amd64-libvirt-vhd 11 migrate-support-check fail
> never pass
> test-amd64-i386-libvirt 12 migrate-support-check fail
> never pass
> test-amd64-amd64-libvirt 12 migrate-support-check fail
> never pass
> test-amd64-i386-libvirt-vhd 11 migrate-support-check fail
> never pass
> test-armhf-armhf-xl-vhd 9 debian-di-install fail
> never pass
> test-amd64-i386-libvirt-qcow2 11 migrate-support-check fail
> never pass
> test-amd64-amd64-libvirt-raw 11 migrate-support-check fail
> never pass
> test-amd64-i386-xl-qemut-win7-amd64 17 guest-stop fail
> never pass
>
> version targeted for testing:
> linux e9fd6ddcabf8695329f2462d3ece5a8442f2a8cf
> baseline version:
> linux d048c068d00da7d4cfa5ea7651933b99026958cf
>
> Last test of basis 58581 2015-06-15 09:42:22 Z 78 days
> Failing since 58976 2015-06-29 19:43:23 Z 64 days 53
> attempts
> Testing same since 60642 2015-08-09 13:18:01 Z 23 days 12
> attempts
>
> ------------------------------------------------------------
> 383 people touched revisions under test,
> not listing them all
>
> jobs:
> build-amd64-xsm pass
> build-armhf-xsm pass
> build-i386-xsm pass
> build-amd64 pass
> build-armhf pass
> build-i386 pass
> build-amd64-libvirt pass
> build-armhf-libvirt pass
> build-i386-libvirt pass
> build-amd64-pvops pass
> build-armhf-pvops pass
> build-i386-pvops pass
> build-amd64-rumpuserxen pass
> build-i386-rumpuserxen pass
> test-amd64-amd64-xl pass
> test-armhf-armhf-xl fail
> test-amd64-i386-xl pass
> test-amd64-amd64-xl-qemut-debianhvm-amd64-xsm pass
> test-amd64-i386-xl-qemut-debianhvm-amd64-xsm pass
> test-amd64-amd64-libvirt-qemuu-debianhvm-amd64-xsm pass
> test-amd64-i386-libvirt-qemuu-debianhvm-amd64-xsm pass
> test-amd64-amd64-xl-qemuu-debianhvm-amd64-xsm pass
> test-amd64-i386-xl-qemuu-debianhvm-amd64-xsm pass
> test-amd64-amd64-xl-qemut-stubdom-debianhvm-amd64-xsm fail
> test-amd64-i386-xl-qemut-stubdom-debianhvm-amd64-xsm fail
> test-amd64-amd64-libvirt-xsm pass
> test-armhf-armhf-libvirt-xsm fail
> test-amd64-i386-libvirt-xsm pass
> test-amd64-amd64-xl-xsm pass
> test-armhf-armhf-xl-xsm fail
> test-amd64-i386-xl-xsm pass
> test-amd64-amd64-xl-pvh-amd fail
> test-amd64-i386-qemut-rhel6hvm-amd pass
> test-amd64-i386-qemuu-rhel6hvm-amd pass
> test-amd64-amd64-xl-qemut-debianhvm-amd64 pass
> test-amd64-i386-xl-qemut-debianhvm-amd64 pass
> test-amd64-amd64-xl-qemuu-debianhvm-amd64 pass
> test-amd64-i386-xl-qemuu-debianhvm-amd64 pass
> test-amd64-i386-freebsd10-amd64 pass
> test-amd64-amd64-xl-qemuu-ovmf-amd64 pass
> test-amd64-i386-xl-qemuu-ovmf-amd64 pass
> test-amd64-amd64-rumpuserxen-amd64 pass
> test-amd64-amd64-xl-qemut-win7-amd64 fail
> test-amd64-i386-xl-qemut-win7-amd64 fail
> test-amd64-amd64-xl-qemuu-win7-amd64 fail
> test-amd64-i386-xl-qemuu-win7-amd64 fail
> test-armhf-armhf-xl-arndale pass
> test-amd64-amd64-xl-credit2 pass
> test-armhf-armhf-xl-credit2 fail
> test-armhf-armhf-xl-cubietruck fail
> test-amd64-i386-freebsd10-i386 pass
> test-amd64-i386-rumpuserxen-i386 pass
> test-amd64-amd64-xl-pvh-intel fail
> test-amd64-i386-qemut-rhel6hvm-intel pass
> test-amd64-i386-qemuu-rhel6hvm-intel pass
> test-amd64-amd64-libvirt pass
> test-armhf-armhf-libvirt fail
> test-amd64-i386-libvirt pass
> test-amd64-amd64-xl-multivcpu pass
> test-armhf-armhf-xl-multivcpu fail
> test-amd64-amd64-pair pass
> test-amd64-i386-pair pass
> test-amd64-amd64-libvirt-pair fail
> test-amd64-i386-libvirt-pair fail
> test-amd64-amd64-amd64-pvgrub pass
> test-amd64-amd64-i386-pvgrub pass
> test-amd64-amd64-pygrub pass
> test-amd64-amd64-libvirt-qcow2 pass
> test-armhf-armhf-libvirt-qcow2 fail
> test-amd64-i386-libvirt-qcow2 pass
> test-amd64-amd64-xl-qcow2 pass
> test-armhf-armhf-xl-qcow2 fail
> test-amd64-i386-xl-qcow2 pass
> test-amd64-amd64-libvirt-raw pass
> test-armhf-armhf-libvirt-raw fail
> test-amd64-i386-libvirt-raw pass
> test-amd64-amd64-xl-raw pass
> test-armhf-armhf-xl-raw fail
> test-amd64-i386-xl-raw pass
> test-amd64-amd64-xl-rtds pass
> test-armhf-armhf-xl-rtds fail
> test-amd64-i386-xl-qemut-winxpsp3-vcpus1 pass
> test-amd64-i386-xl-qemuu-winxpsp3-vcpus1 pass
> test-amd64-amd64-libvirt-vhd pass
> test-armhf-armhf-libvirt-vhd fail
> test-amd64-i386-libvirt-vhd pass
> test-amd64-amd64-xl-vhd pass
> test-armhf-armhf-xl-vhd fail
> test-amd64-i386-xl-vhd pass
> test-amd64-amd64-xl-qemut-winxpsp3 pass
> test-amd64-i386-xl-qemut-winxpsp3 pass
> test-amd64-amd64-xl-qemuu-winxpsp3 pass
> test-amd64-i386-xl-qemuu-winxpsp3 pass
>
>
> ------------------------------------------------------------
> sg-report-flight on osstest.test-lab.xenproject.org
> logs: /home/logs/logs
> images: /home/logs/images
>
> Logs, config files, etc. are available at
> http://logs.test-lab.xenproject.org/osstest/logs
>
> Explanation of these reports, and of osstest in general, is at
> http://xenbits.xen.org/gitweb/?p=osstest.git;a=blob;f=README.email;hb
> =master
>
> http://xenbits.xen.org/gitweb/?p=osstest.git;a=blob;f=README;hb=master
>
> Test harness code can be found at
> http://xenbits.xen.org/gitweb?p=osstest.git;a=summary
>
>
> Not pushing.
>
> (No revision log; it would be 10532 lines long.)
^ permalink raw reply [flat|nested] 6+ messages in thread
* Re: Please backport 5054daa285 to stable trees with 63753fac67 (Was: Re: [linux-3.18 test] 61244: regressions - FAIL)
2015-09-02 9:18 ` Ian Campbell
@ 2015-09-11 15:10 ` Ian Campbell
2015-09-11 15:42 ` Sasha Levin
0 siblings, 1 reply; 6+ messages in thread
From: Ian Campbell @ 2015-09-11 15:10 UTC (permalink / raw)
To: osstest service owner, xen-devel, stable, Sasha Levin
Cc: Boris Ostrovsky, Andy Lutomirski, David Vrabel
ping?
On Wed, 2015-09-02 at 10:18 +0100, Ian Campbell wrote:
> [resending to correct stable address, sorry folks]
>
> On Wed, 2015-09-02 at 00:43 +0000, osstest service owner wrote:
> > flight 61244 linux-3.18 real [real]
> > http://logs.test-lab.xenproject.org/osstest/logs/61244/
> >
> > Regressions :-(
> >
> > Tests which did not succeed and are blocking,
> > including tests which could not be run:
> > test-amd64-amd64-xl-pvh-intel 11 guest-start fail REGR.
> > vs.
> > 58581
>
> This has been failing for a while now in http://mid.gmane.org/<;;
> 559C26FC.8020902@oracle.com> Boris noted that backporting 1e02ce4cccdc
> ("x86: Store a per-cpu shadow copy of CR4") also requires backporting as
> a
> fixup 5054daa285 ("x86/xen: Initialize cr4 shadow for 64-bit PV(H)
> guests").
>
> Sasha, linux-3.18.y has 1e02ce4cccdc as 63753fac67e1, please could you
> pickup the followup fix from 5054daa285 too?.
>
> From a brief grep of the git logs it doesn't look like any other LTS
> kernels have picked up the original commit.
>
> Ian.
>
> >
> > Regressions which are regarded as allowable (not blocking):
> > test-armhf-armhf-libvirt 6 xen-boot fail REGR.
> > vs.
> >
> > 58581
> > test-amd64-i386-xl-qemut-stubdom-debianhvm-amd64-xsm 13 guest
> > -localmigrate fail baseline untested
> > test-armhf-armhf-xl-rtds 11 guest-start fail baseline
> > untested
> > test-amd64-amd64-xl-qemut-stubdom-debianhvm-amd64-xsm 13 guest
> > -localmigrate fail baseline untested
> > test-armhf-armhf-libvirt-xsm 6 xen-boot fail
> > like
> >
> > 58581
> > test-armhf-armhf-xl-credit2 6 xen-boot fail
> > like
> >
> > 58581
> > test-armhf-armhf-xl-multivcpu 6 xen-boot fail
> > like
> >
> > 58581
> > test-armhf-armhf-xl 6 xen-boot fail
> > like
> >
> > 58581
> > test-armhf-armhf-xl-xsm 6 xen-boot fail
> > like
> >
> > 58581
> > test-amd64-i386-xl-qemuu-win7-amd64 17 guest-stop fail
> > like
> >
> > 58581
> > test-amd64-amd64-xl-qemut-win7-amd64 17 guest-stop fail
> > like
> >
> > 58581
> > test-amd64-amd64-xl-qemuu-win7-amd64 17 guest-stop fail
> > like
> >
> > 58581
> >
> > Tests which did not succeed, but are not blocking:
> > test-armhf-armhf-xl-qcow2 9 debian-di-install fail
> > never pass
> > test-armhf-armhf-libvirt-qcow2 9 debian-di-install fail
> > never pass
> > test-amd64-amd64-xl-pvh-amd 11 guest-start fail
> > never pass
> > test-armhf-armhf-libvirt-raw 9 debian-di-install fail
> > never pass
> > test-armhf-armhf-xl-raw 9 debian-di-install fail
> > never pass
> > test-armhf-armhf-libvirt-vhd 9 debian-di-install fail
> > never pass
> > test-armhf-armhf-xl-cubietruck 6 xen-boot fail
> > never pass
> > test-amd64-amd64-libvirt-pair 21 guest-migrate/src_host/dst_host fail
> > never pass
> > test-amd64-i386-libvirt-xsm 12 migrate-support-check fail
> > never pass
> > test-amd64-amd64-libvirt-xsm 12 migrate-support-check fail
> > never pass
> > test-armhf-armhf-xl-arndale 12 migrate-support-check fail
> > never pass
> > test-armhf-armhf-xl-arndale 13 saverestore-support-check fail
> > never pass
> > test-amd64-amd64-libvirt-qemuu-debianhvm-amd64-xsm 10 migrate-support
> > -check fail never pass
> > test-amd64-amd64-libvirt-qcow2 11 migrate-support-check fail
> > never pass
> > test-amd64-i386-libvirt-qemuu-debianhvm-amd64-xsm 10 migrate-support
> > -check fail never pass
> > test-amd64-i386-libvirt-pair 21 guest-migrate/src_host/dst_host fail
> > never pass
> > test-amd64-i386-libvirt-raw 11 migrate-support-check fail
> > never pass
> > test-amd64-amd64-libvirt-vhd 11 migrate-support-check fail
> > never pass
> > test-amd64-i386-libvirt 12 migrate-support-check fail
> > never pass
> > test-amd64-amd64-libvirt 12 migrate-support-check fail
> > never pass
> > test-amd64-i386-libvirt-vhd 11 migrate-support-check fail
> > never pass
> > test-armhf-armhf-xl-vhd 9 debian-di-install fail
> > never pass
> > test-amd64-i386-libvirt-qcow2 11 migrate-support-check fail
> > never pass
> > test-amd64-amd64-libvirt-raw 11 migrate-support-check fail
> > never pass
> > test-amd64-i386-xl-qemut-win7-amd64 17 guest-stop fail
> > never pass
> >
> > version targeted for testing:
> > linux e9fd6ddcabf8695329f2462d3ece5a8442f2a8cf
> > baseline version:
> > linux d048c068d00da7d4cfa5ea7651933b99026958cf
> >
> > Last test of basis 58581 2015-06-15 09:42:22 Z 78 days
> > Failing since 58976 2015-06-29 19:43:23 Z 64 days 53
> > attempts
> > Testing same since 60642 2015-08-09 13:18:01 Z 23 days 12
> > attempts
> >
> > ------------------------------------------------------------
> > 383 people touched revisions under test,
> > not listing them all
> >
> > jobs:
> > build-amd64-xsm pass
> > build-armhf-xsm pass
> > build-i386-xsm pass
> > build-amd64 pass
> > build-armhf pass
> > build-i386 pass
> > build-amd64-libvirt pass
> > build-armhf-libvirt pass
> > build-i386-libvirt pass
> > build-amd64-pvops pass
> > build-armhf-pvops pass
> > build-i386-pvops pass
> > build-amd64-rumpuserxen pass
> > build-i386-rumpuserxen pass
> > test-amd64-amd64-xl pass
> > test-armhf-armhf-xl fail
> > test-amd64-i386-xl pass
> > test-amd64-amd64-xl-qemut-debianhvm-amd64-xsm pass
> > test-amd64-i386-xl-qemut-debianhvm-amd64-xsm pass
> > test-amd64-amd64-libvirt-qemuu-debianhvm-amd64-xsm pass
> > test-amd64-i386-libvirt-qemuu-debianhvm-amd64-xsm pass
> > test-amd64-amd64-xl-qemuu-debianhvm-amd64-xsm pass
> > test-amd64-i386-xl-qemuu-debianhvm-amd64-xsm pass
> > test-amd64-amd64-xl-qemut-stubdom-debianhvm-amd64-xsm fail
> > test-amd64-i386-xl-qemut-stubdom-debianhvm-amd64-xsm fail
> > test-amd64-amd64-libvirt-xsm pass
> > test-armhf-armhf-libvirt-xsm fail
> > test-amd64-i386-libvirt-xsm pass
> > test-amd64-amd64-xl-xsm pass
> > test-armhf-armhf-xl-xsm fail
> > test-amd64-i386-xl-xsm pass
> > test-amd64-amd64-xl-pvh-amd fail
> > test-amd64-i386-qemut-rhel6hvm-amd pass
> > test-amd64-i386-qemuu-rhel6hvm-amd pass
> > test-amd64-amd64-xl-qemut-debianhvm-amd64 pass
> > test-amd64-i386-xl-qemut-debianhvm-amd64 pass
> > test-amd64-amd64-xl-qemuu-debianhvm-amd64 pass
> > test-amd64-i386-xl-qemuu-debianhvm-amd64 pass
> > test-amd64-i386-freebsd10-amd64 pass
> > test-amd64-amd64-xl-qemuu-ovmf-amd64 pass
> > test-amd64-i386-xl-qemuu-ovmf-amd64 pass
> > test-amd64-amd64-rumpuserxen-amd64 pass
> > test-amd64-amd64-xl-qemut-win7-amd64 fail
> > test-amd64-i386-xl-qemut-win7-amd64 fail
> > test-amd64-amd64-xl-qemuu-win7-amd64 fail
> > test-amd64-i386-xl-qemuu-win7-amd64 fail
> > test-armhf-armhf-xl-arndale pass
> > test-amd64-amd64-xl-credit2 pass
> > test-armhf-armhf-xl-credit2 fail
> > test-armhf-armhf-xl-cubietruck fail
> > test-amd64-i386-freebsd10-i386 pass
> > test-amd64-i386-rumpuserxen-i386 pass
> > test-amd64-amd64-xl-pvh-intel fail
> > test-amd64-i386-qemut-rhel6hvm-intel pass
> > test-amd64-i386-qemuu-rhel6hvm-intel pass
> > test-amd64-amd64-libvirt pass
> > test-armhf-armhf-libvirt fail
> > test-amd64-i386-libvirt pass
> > test-amd64-amd64-xl-multivcpu pass
> > test-armhf-armhf-xl-multivcpu fail
> > test-amd64-amd64-pair pass
> > test-amd64-i386-pair pass
> > test-amd64-amd64-libvirt-pair fail
> > test-amd64-i386-libvirt-pair fail
> > test-amd64-amd64-amd64-pvgrub pass
> > test-amd64-amd64-i386-pvgrub pass
> > test-amd64-amd64-pygrub pass
> > test-amd64-amd64-libvirt-qcow2 pass
> > test-armhf-armhf-libvirt-qcow2 fail
> > test-amd64-i386-libvirt-qcow2 pass
> > test-amd64-amd64-xl-qcow2 pass
> > test-armhf-armhf-xl-qcow2 fail
> > test-amd64-i386-xl-qcow2 pass
> > test-amd64-amd64-libvirt-raw pass
> > test-armhf-armhf-libvirt-raw fail
> > test-amd64-i386-libvirt-raw pass
> > test-amd64-amd64-xl-raw pass
> > test-armhf-armhf-xl-raw fail
> > test-amd64-i386-xl-raw pass
> > test-amd64-amd64-xl-rtds pass
> > test-armhf-armhf-xl-rtds fail
> > test-amd64-i386-xl-qemut-winxpsp3-vcpus1 pass
> > test-amd64-i386-xl-qemuu-winxpsp3-vcpus1 pass
> > test-amd64-amd64-libvirt-vhd pass
> > test-armhf-armhf-libvirt-vhd fail
> > test-amd64-i386-libvirt-vhd pass
> > test-amd64-amd64-xl-vhd pass
> > test-armhf-armhf-xl-vhd fail
> > test-amd64-i386-xl-vhd pass
> > test-amd64-amd64-xl-qemut-winxpsp3 pass
> > test-amd64-i386-xl-qemut-winxpsp3 pass
> > test-amd64-amd64-xl-qemuu-winxpsp3 pass
> > test-amd64-i386-xl-qemuu-winxpsp3 pass
> >
> >
> > ------------------------------------------------------------
> > sg-report-flight on osstest.test-lab.xenproject.org
> > logs: /home/logs/logs
> > images: /home/logs/images
> >
> > Logs, config files, etc. are available at
> > http://logs.test-lab.xenproject.org/osstest/logs
> >
> > Explanation of these reports, and of osstest in general, is at
> >
> > http://xenbits.xen.org/gitweb/?p=osstest.git;a=blob;f=README.email;hb
> > =master
> >
> > http://xenbits.xen.org/gitweb/?p=osstest.git;a=blob;f=README;hb=master
> >
> > Test harness code can be found at
> > http://xenbits.xen.org/gitweb?p=osstest.git;a=summary
> >
> >
> > Not pushing.
> >
> > (No revision log; it would be 10532 lines long.)
^ permalink raw reply [flat|nested] 6+ messages in thread
* Re: Please backport 5054daa285 to stable trees with 63753fac67 (Was: Re: [linux-3.18 test] 61244: regressions - FAIL)
2015-09-11 15:10 ` Ian Campbell
@ 2015-09-11 15:42 ` Sasha Levin
2015-09-11 15:52 ` Ian Campbell
0 siblings, 1 reply; 6+ messages in thread
From: Sasha Levin @ 2015-09-11 15:42 UTC (permalink / raw)
To: Ian Campbell, osstest service owner, xen-devel, stable
Cc: Boris Ostrovsky, Andy Lutomirski, David Vrabel
Hey Ian,
Sorry - I forgot to reply. It's in my stable queue and will be shipped in
the next release.
Thanks,
Sasha
On 09/11/2015 11:10 AM, Ian Campbell wrote:
> ping?
>
> On Wed, 2015-09-02 at 10:18 +0100, Ian Campbell wrote:
>> [resending to correct stable address, sorry folks]
>>
>> On Wed, 2015-09-02 at 00:43 +0000, osstest service owner wrote:
>>> flight 61244 linux-3.18 real [real]
>>> http://logs.test-lab.xenproject.org/osstest/logs/61244/
>>>
>>> Regressions :-(
>>>
>>> Tests which did not succeed and are blocking,
>>> including tests which could not be run:
>>> test-amd64-amd64-xl-pvh-intel 11 guest-start fail REGR.
>>> vs.
>>> 58581
>>
>> This has been failing for a while now in http://mid.gmane.org/<;;
>> 559C26FC.8020902@oracle.com> Boris noted that backporting 1e02ce4cccdc
>> ("x86: Store a per-cpu shadow copy of CR4") also requires backporting as
>> a
>> fixup 5054daa285 ("x86/xen: Initialize cr4 shadow for 64-bit PV(H)
>> guests").
>>
>> Sasha, linux-3.18.y has 1e02ce4cccdc as 63753fac67e1, please could you
>> pickup the followup fix from 5054daa285 too?.
>>
>> From a brief grep of the git logs it doesn't look like any other LTS
>> kernels have picked up the original commit.
>>
>> Ian.
>>
>>>
>>> Regressions which are regarded as allowable (not blocking):
>>> test-armhf-armhf-libvirt 6 xen-boot fail REGR.
>>> vs.
>>>
>>> 58581
>>> test-amd64-i386-xl-qemut-stubdom-debianhvm-amd64-xsm 13 guest
>>> -localmigrate fail baseline untested
>>> test-armhf-armhf-xl-rtds 11 guest-start fail baseline
>>> untested
>>> test-amd64-amd64-xl-qemut-stubdom-debianhvm-amd64-xsm 13 guest
>>> -localmigrate fail baseline untested
>>> test-armhf-armhf-libvirt-xsm 6 xen-boot fail
>>> like
>>>
>>> 58581
>>> test-armhf-armhf-xl-credit2 6 xen-boot fail
>>> like
>>>
>>> 58581
>>> test-armhf-armhf-xl-multivcpu 6 xen-boot fail
>>> like
>>>
>>> 58581
>>> test-armhf-armhf-xl 6 xen-boot fail
>>> like
>>>
>>> 58581
>>> test-armhf-armhf-xl-xsm 6 xen-boot fail
>>> like
>>>
>>> 58581
>>> test-amd64-i386-xl-qemuu-win7-amd64 17 guest-stop fail
>>> like
>>>
>>> 58581
>>> test-amd64-amd64-xl-qemut-win7-amd64 17 guest-stop fail
>>> like
>>>
>>> 58581
>>> test-amd64-amd64-xl-qemuu-win7-amd64 17 guest-stop fail
>>> like
>>>
>>> 58581
>>>
>>> Tests which did not succeed, but are not blocking:
>>> test-armhf-armhf-xl-qcow2 9 debian-di-install fail
>>> never pass
>>> test-armhf-armhf-libvirt-qcow2 9 debian-di-install fail
>>> never pass
>>> test-amd64-amd64-xl-pvh-amd 11 guest-start fail
>>> never pass
>>> test-armhf-armhf-libvirt-raw 9 debian-di-install fail
>>> never pass
>>> test-armhf-armhf-xl-raw 9 debian-di-install fail
>>> never pass
>>> test-armhf-armhf-libvirt-vhd 9 debian-di-install fail
>>> never pass
>>> test-armhf-armhf-xl-cubietruck 6 xen-boot fail
>>> never pass
>>> test-amd64-amd64-libvirt-pair 21 guest-migrate/src_host/dst_host fail
>>> never pass
>>> test-amd64-i386-libvirt-xsm 12 migrate-support-check fail
>>> never pass
>>> test-amd64-amd64-libvirt-xsm 12 migrate-support-check fail
>>> never pass
>>> test-armhf-armhf-xl-arndale 12 migrate-support-check fail
>>> never pass
>>> test-armhf-armhf-xl-arndale 13 saverestore-support-check fail
>>> never pass
>>> test-amd64-amd64-libvirt-qemuu-debianhvm-amd64-xsm 10 migrate-support
>>> -check fail never pass
>>> test-amd64-amd64-libvirt-qcow2 11 migrate-support-check fail
>>> never pass
>>> test-amd64-i386-libvirt-qemuu-debianhvm-amd64-xsm 10 migrate-support
>>> -check fail never pass
>>> test-amd64-i386-libvirt-pair 21 guest-migrate/src_host/dst_host fail
>>> never pass
>>> test-amd64-i386-libvirt-raw 11 migrate-support-check fail
>>> never pass
>>> test-amd64-amd64-libvirt-vhd 11 migrate-support-check fail
>>> never pass
>>> test-amd64-i386-libvirt 12 migrate-support-check fail
>>> never pass
>>> test-amd64-amd64-libvirt 12 migrate-support-check fail
>>> never pass
>>> test-amd64-i386-libvirt-vhd 11 migrate-support-check fail
>>> never pass
>>> test-armhf-armhf-xl-vhd 9 debian-di-install fail
>>> never pass
>>> test-amd64-i386-libvirt-qcow2 11 migrate-support-check fail
>>> never pass
>>> test-amd64-amd64-libvirt-raw 11 migrate-support-check fail
>>> never pass
>>> test-amd64-i386-xl-qemut-win7-amd64 17 guest-stop fail
>>> never pass
>>>
>>> version targeted for testing:
>>> linux e9fd6ddcabf8695329f2462d3ece5a8442f2a8cf
>>> baseline version:
>>> linux d048c068d00da7d4cfa5ea7651933b99026958cf
>>>
>>> Last test of basis 58581 2015-06-15 09:42:22 Z 78 days
>>> Failing since 58976 2015-06-29 19:43:23 Z 64 days 53
>>> attempts
>>> Testing same since 60642 2015-08-09 13:18:01 Z 23 days 12
>>> attempts
>>>
>>> ------------------------------------------------------------
>>> 383 people touched revisions under test,
>>> not listing them all
>>>
>>> jobs:
>>> build-amd64-xsm pass
>>> build-armhf-xsm pass
>>> build-i386-xsm pass
>>> build-amd64 pass
>>> build-armhf pass
>>> build-i386 pass
>>> build-amd64-libvirt pass
>>> build-armhf-libvirt pass
>>> build-i386-libvirt pass
>>> build-amd64-pvops pass
>>> build-armhf-pvops pass
>>> build-i386-pvops pass
>>> build-amd64-rumpuserxen pass
>>> build-i386-rumpuserxen pass
>>> test-amd64-amd64-xl pass
>>> test-armhf-armhf-xl fail
>>> test-amd64-i386-xl pass
>>> test-amd64-amd64-xl-qemut-debianhvm-amd64-xsm pass
>>> test-amd64-i386-xl-qemut-debianhvm-amd64-xsm pass
>>> test-amd64-amd64-libvirt-qemuu-debianhvm-amd64-xsm pass
>>> test-amd64-i386-libvirt-qemuu-debianhvm-amd64-xsm pass
>>> test-amd64-amd64-xl-qemuu-debianhvm-amd64-xsm pass
>>> test-amd64-i386-xl-qemuu-debianhvm-amd64-xsm pass
>>> test-amd64-amd64-xl-qemut-stubdom-debianhvm-amd64-xsm fail
>>> test-amd64-i386-xl-qemut-stubdom-debianhvm-amd64-xsm fail
>>> test-amd64-amd64-libvirt-xsm pass
>>> test-armhf-armhf-libvirt-xsm fail
>>> test-amd64-i386-libvirt-xsm pass
>>> test-amd64-amd64-xl-xsm pass
>>> test-armhf-armhf-xl-xsm fail
>>> test-amd64-i386-xl-xsm pass
>>> test-amd64-amd64-xl-pvh-amd fail
>>> test-amd64-i386-qemut-rhel6hvm-amd pass
>>> test-amd64-i386-qemuu-rhel6hvm-amd pass
>>> test-amd64-amd64-xl-qemut-debianhvm-amd64 pass
>>> test-amd64-i386-xl-qemut-debianhvm-amd64 pass
>>> test-amd64-amd64-xl-qemuu-debianhvm-amd64 pass
>>> test-amd64-i386-xl-qemuu-debianhvm-amd64 pass
>>> test-amd64-i386-freebsd10-amd64 pass
>>> test-amd64-amd64-xl-qemuu-ovmf-amd64 pass
>>> test-amd64-i386-xl-qemuu-ovmf-amd64 pass
>>> test-amd64-amd64-rumpuserxen-amd64 pass
>>> test-amd64-amd64-xl-qemut-win7-amd64 fail
>>> test-amd64-i386-xl-qemut-win7-amd64 fail
>>> test-amd64-amd64-xl-qemuu-win7-amd64 fail
>>> test-amd64-i386-xl-qemuu-win7-amd64 fail
>>> test-armhf-armhf-xl-arndale pass
>>> test-amd64-amd64-xl-credit2 pass
>>> test-armhf-armhf-xl-credit2 fail
>>> test-armhf-armhf-xl-cubietruck fail
>>> test-amd64-i386-freebsd10-i386 pass
>>> test-amd64-i386-rumpuserxen-i386 pass
>>> test-amd64-amd64-xl-pvh-intel fail
>>> test-amd64-i386-qemut-rhel6hvm-intel pass
>>> test-amd64-i386-qemuu-rhel6hvm-intel pass
>>> test-amd64-amd64-libvirt pass
>>> test-armhf-armhf-libvirt fail
>>> test-amd64-i386-libvirt pass
>>> test-amd64-amd64-xl-multivcpu pass
>>> test-armhf-armhf-xl-multivcpu fail
>>> test-amd64-amd64-pair pass
>>> test-amd64-i386-pair pass
>>> test-amd64-amd64-libvirt-pair fail
>>> test-amd64-i386-libvirt-pair fail
>>> test-amd64-amd64-amd64-pvgrub pass
>>> test-amd64-amd64-i386-pvgrub pass
>>> test-amd64-amd64-pygrub pass
>>> test-amd64-amd64-libvirt-qcow2 pass
>>> test-armhf-armhf-libvirt-qcow2 fail
>>> test-amd64-i386-libvirt-qcow2 pass
>>> test-amd64-amd64-xl-qcow2 pass
>>> test-armhf-armhf-xl-qcow2 fail
>>> test-amd64-i386-xl-qcow2 pass
>>> test-amd64-amd64-libvirt-raw pass
>>> test-armhf-armhf-libvirt-raw fail
>>> test-amd64-i386-libvirt-raw pass
>>> test-amd64-amd64-xl-raw pass
>>> test-armhf-armhf-xl-raw fail
>>> test-amd64-i386-xl-raw pass
>>> test-amd64-amd64-xl-rtds pass
>>> test-armhf-armhf-xl-rtds fail
>>> test-amd64-i386-xl-qemut-winxpsp3-vcpus1 pass
>>> test-amd64-i386-xl-qemuu-winxpsp3-vcpus1 pass
>>> test-amd64-amd64-libvirt-vhd pass
>>> test-armhf-armhf-libvirt-vhd fail
>>> test-amd64-i386-libvirt-vhd pass
>>> test-amd64-amd64-xl-vhd pass
>>> test-armhf-armhf-xl-vhd fail
>>> test-amd64-i386-xl-vhd pass
>>> test-amd64-amd64-xl-qemut-winxpsp3 pass
>>> test-amd64-i386-xl-qemut-winxpsp3 pass
>>> test-amd64-amd64-xl-qemuu-winxpsp3 pass
>>> test-amd64-i386-xl-qemuu-winxpsp3 pass
>>>
>>>
>>> ------------------------------------------------------------
>>> sg-report-flight on osstest.test-lab.xenproject.org
>>> logs: /home/logs/logs
>>> images: /home/logs/images
>>>
>>> Logs, config files, etc. are available at
>>> http://logs.test-lab.xenproject.org/osstest/logs
>>>
>>> Explanation of these reports, and of osstest in general, is at
>>>
>>> http://xenbits.xen.org/gitweb/?p=osstest.git;a=blob;f=README.email;hb
>>> =master
>>>
>>> http://xenbits.xen.org/gitweb/?p=osstest.git;a=blob;f=README;hb=master
>>>
>>> Test harness code can be found at
>>> http://xenbits.xen.org/gitweb?p=osstest.git;a=summary
>>>
>>>
>>> Not pushing.
>>>
>>> (No revision log; it would be 10532 lines long.)
^ permalink raw reply [flat|nested] 6+ messages in thread
* Re: Please backport 5054daa285 to stable trees with 63753fac67 (Was: Re: [linux-3.18 test] 61244: regressions - FAIL)
2015-09-11 15:42 ` Sasha Levin
@ 2015-09-11 15:52 ` Ian Campbell
0 siblings, 0 replies; 6+ messages in thread
From: Ian Campbell @ 2015-09-11 15:52 UTC (permalink / raw)
To: Sasha Levin, osstest service owner, xen-devel, stable
Cc: Boris Ostrovsky, Andy Lutomirski, David Vrabel
On Fri, 2015-09-11 at 11:42 -0400, Sasha Levin wrote:
> Hey Ian,
>
> Sorry - I forgot to reply. It's in my stable queue and will be shipped in
> the next release.
Thank you!
Ian.
^ permalink raw reply [flat|nested] 6+ messages in thread
end of thread, other threads:[~2015-09-11 15:52 UTC | newest]
Thread overview: 6+ messages (download: mbox.gz follow: Atom feed
-- links below jump to the message on this page --
2015-09-02 0:43 [linux-3.18 test] 61244: regressions - FAIL osstest service owner
2015-09-02 9:17 ` Please backport 5054daa285 to stable trees with 63753fac67 (Was: Re: [linux-3.18 test] 61244: regressions - FAIL) Ian Campbell
2015-09-02 9:18 ` Ian Campbell
2015-09-11 15:10 ` Ian Campbell
2015-09-11 15:42 ` Sasha Levin
2015-09-11 15:52 ` Ian Campbell
This is a public inbox, see mirroring instructions
for how to clone and mirror all data and code used for this inbox;
as well as URLs for NNTP newsgroup(s).