xen-devel.lists.xenproject.org archive mirror
 help / color / mirror / Atom feed
* [linux-3.18 test] 62651: regressions - FAIL
@ 2015-10-06  4:21 osstest service owner
  2015-10-06 10:55 ` Ian Campbell
  0 siblings, 1 reply; 3+ messages in thread
From: osstest service owner @ 2015-10-06  4:21 UTC (permalink / raw)
  To: xen-devel, osstest-admin

flight 62651 linux-3.18 real [real]
http://logs.test-lab.xenproject.org/osstest/logs/62651/

Regressions :-(

Tests which did not succeed and are blocking,
including tests which could not be run:
 test-amd64-i386-qemut-rhel6hvm-amd 12 guest-start/redhat.repeat fail REGR. vs. 58581

Regressions which are regarded as allowable (not blocking):
 test-amd64-amd64-rumpuserxen-amd64 15 rumpuserxen-demo-xenstorels/xenstorels.repeat fail REGR. vs. 58558
 test-armhf-armhf-libvirt      6 xen-boot                  fail REGR. vs. 58581
 test-amd64-amd64-xl-qemut-stubdom-debianhvm-amd64-xsm 13 guest-localmigrate fail baseline untested
 test-amd64-i386-libvirt-pair 21 guest-migrate/src_host/dst_host fail baseline untested
 test-amd64-i386-xl-qemut-stubdom-debianhvm-amd64-xsm 13 guest-localmigrate fail baseline untested
 test-armhf-armhf-xl           6 xen-boot                     fail   like 58581
 test-armhf-armhf-xl-credit2   6 xen-boot                     fail   like 58581
 test-armhf-armhf-xl-multivcpu  6 xen-boot                     fail  like 58581
 test-armhf-armhf-libvirt-xsm  6 xen-boot                     fail   like 58581
 test-armhf-armhf-xl-xsm       6 xen-boot                     fail   like 58581
 test-amd64-amd64-xl-qemut-win7-amd64 17 guest-stop             fail like 58581
 test-amd64-i386-xl-qemuu-win7-amd64 17 guest-stop              fail like 58581
 test-amd64-amd64-xl-qemuu-win7-amd64 17 guest-stop             fail like 58581

Tests which did not succeed, but are not blocking:
 test-amd64-amd64-xl-pvh-intel 14 guest-saverestore            fail  never pass
 test-amd64-amd64-xl-pvh-amd  11 guest-start                  fail   never pass
 test-armhf-armhf-xl-vhd       9 debian-di-install            fail   never pass
 test-armhf-armhf-xl-qcow2     9 debian-di-install            fail   never pass
 test-armhf-armhf-libvirt-vhd  9 debian-di-install            fail   never pass
 test-armhf-armhf-xl-raw       9 debian-di-install            fail   never pass
 test-armhf-armhf-xl-cubietruck  6 xen-boot                     fail never pass
 test-amd64-i386-libvirt      12 migrate-support-check        fail   never pass
 test-amd64-amd64-libvirt-xsm 12 migrate-support-check        fail   never pass
 test-amd64-amd64-libvirt-qcow2 11 migrate-support-check        fail never pass
 test-amd64-i386-libvirt-qcow2 11 migrate-support-check        fail  never pass
 test-amd64-amd64-libvirt-raw 11 migrate-support-check        fail   never pass
 test-amd64-i386-libvirt-raw  11 migrate-support-check        fail   never pass
 test-amd64-amd64-libvirt-vhd 11 migrate-support-check        fail   never pass
 test-armhf-armhf-xl-rtds     13 saverestore-support-check    fail   never pass
 test-armhf-armhf-xl-rtds     12 migrate-support-check        fail   never pass
 test-amd64-i386-libvirt-qemuu-debianhvm-amd64-xsm 10 migrate-support-check fail never pass
 test-amd64-i386-libvirt-vhd  11 migrate-support-check        fail   never pass
 test-amd64-i386-libvirt-xsm  12 migrate-support-check        fail   never pass
 test-amd64-amd64-libvirt-qemuu-debianhvm-amd64-xsm 10 migrate-support-check fail never pass
 test-armhf-armhf-xl-arndale  12 migrate-support-check        fail   never pass
 test-armhf-armhf-xl-arndale  13 saverestore-support-check    fail   never pass
 test-amd64-amd64-libvirt     12 migrate-support-check        fail   never pass
 test-armhf-armhf-libvirt-qcow2  9 debian-di-install            fail never pass
 test-armhf-armhf-libvirt-raw  9 debian-di-install            fail   never pass
 test-amd64-i386-xl-qemut-win7-amd64 17 guest-stop              fail never pass

version targeted for testing:
 linux                ac6d8ef9174fc00b7ea3ff2474fc57f531d312c2
baseline version:
 linux                d048c068d00da7d4cfa5ea7651933b99026958cf

Last test of basis    58581  2015-06-15 09:42:22 Z  112 days
Failing since         58976  2015-06-29 19:43:23 Z   98 days   67 attempts
Testing same since    62651  2015-10-04 04:16:48 Z    1 days    1 attempts

------------------------------------------------------------
501 people touched revisions under test,
not listing them all

jobs:
 build-amd64-xsm                                              pass    
 build-armhf-xsm                                              pass    
 build-i386-xsm                                               pass    
 build-amd64                                                  pass    
 build-armhf                                                  pass    
 build-i386                                                   pass    
 build-amd64-libvirt                                          pass    
 build-armhf-libvirt                                          pass    
 build-i386-libvirt                                           pass    
 build-amd64-pvops                                            pass    
 build-armhf-pvops                                            pass    
 build-i386-pvops                                             pass    
 build-amd64-rumpuserxen                                      pass    
 build-i386-rumpuserxen                                       pass    
 test-amd64-amd64-xl                                          pass    
 test-armhf-armhf-xl                                          fail    
 test-amd64-i386-xl                                           pass    
 test-amd64-amd64-xl-qemut-debianhvm-amd64-xsm                pass    
 test-amd64-i386-xl-qemut-debianhvm-amd64-xsm                 pass    
 test-amd64-amd64-libvirt-qemuu-debianhvm-amd64-xsm           pass    
 test-amd64-i386-libvirt-qemuu-debianhvm-amd64-xsm            pass    
 test-amd64-amd64-xl-qemuu-debianhvm-amd64-xsm                pass    
 test-amd64-i386-xl-qemuu-debianhvm-amd64-xsm                 pass    
 test-amd64-amd64-xl-qemut-stubdom-debianhvm-amd64-xsm        fail    
 test-amd64-i386-xl-qemut-stubdom-debianhvm-amd64-xsm         fail    
 test-amd64-amd64-libvirt-xsm                                 pass    
 test-armhf-armhf-libvirt-xsm                                 fail    
 test-amd64-i386-libvirt-xsm                                  pass    
 test-amd64-amd64-xl-xsm                                      pass    
 test-armhf-armhf-xl-xsm                                      fail    
 test-amd64-i386-xl-xsm                                       pass    
 test-amd64-amd64-xl-pvh-amd                                  fail    
 test-amd64-i386-qemut-rhel6hvm-amd                           fail    
 test-amd64-i386-qemuu-rhel6hvm-amd                           pass    
 test-amd64-amd64-xl-qemut-debianhvm-amd64                    pass    
 test-amd64-i386-xl-qemut-debianhvm-amd64                     pass    
 test-amd64-amd64-xl-qemuu-debianhvm-amd64                    pass    
 test-amd64-i386-xl-qemuu-debianhvm-amd64                     pass    
 test-amd64-i386-freebsd10-amd64                              pass    
 test-amd64-amd64-xl-qemuu-ovmf-amd64                         pass    
 test-amd64-i386-xl-qemuu-ovmf-amd64                          pass    
 test-amd64-amd64-rumpuserxen-amd64                           fail    
 test-amd64-amd64-xl-qemut-win7-amd64                         fail    
 test-amd64-i386-xl-qemut-win7-amd64                          fail    
 test-amd64-amd64-xl-qemuu-win7-amd64                         fail    
 test-amd64-i386-xl-qemuu-win7-amd64                          fail    
 test-armhf-armhf-xl-arndale                                  pass    
 test-amd64-amd64-xl-credit2                                  pass    
 test-armhf-armhf-xl-credit2                                  fail    
 test-armhf-armhf-xl-cubietruck                               fail    
 test-amd64-i386-freebsd10-i386                               pass    
 test-amd64-i386-rumpuserxen-i386                             pass    
 test-amd64-amd64-xl-pvh-intel                                fail    
 test-amd64-i386-qemut-rhel6hvm-intel                         pass    
 test-amd64-i386-qemuu-rhel6hvm-intel                         pass    
 test-amd64-amd64-libvirt                                     pass    
 test-armhf-armhf-libvirt                                     fail    
 test-amd64-i386-libvirt                                      pass    
 test-amd64-amd64-xl-multivcpu                                pass    
 test-armhf-armhf-xl-multivcpu                                fail    
 test-amd64-amd64-pair                                        pass    
 test-amd64-i386-pair                                         pass    
 test-amd64-amd64-libvirt-pair                                pass    
 test-amd64-i386-libvirt-pair                                 fail    
 test-amd64-amd64-amd64-pvgrub                                pass    
 test-amd64-amd64-i386-pvgrub                                 pass    
 test-amd64-amd64-pygrub                                      pass    
 test-amd64-amd64-libvirt-qcow2                               pass    
 test-armhf-armhf-libvirt-qcow2                               fail    
 test-amd64-i386-libvirt-qcow2                                pass    
 test-amd64-amd64-xl-qcow2                                    pass    
 test-armhf-armhf-xl-qcow2                                    fail    
 test-amd64-i386-xl-qcow2                                     pass    
 test-amd64-amd64-libvirt-raw                                 pass    
 test-armhf-armhf-libvirt-raw                                 fail    
 test-amd64-i386-libvirt-raw                                  pass    
 test-amd64-amd64-xl-raw                                      pass    
 test-armhf-armhf-xl-raw                                      fail    
 test-amd64-i386-xl-raw                                       pass    
 test-amd64-amd64-xl-rtds                                     pass    
 test-armhf-armhf-xl-rtds                                     pass    
 test-amd64-i386-xl-qemut-winxpsp3-vcpus1                     pass    
 test-amd64-i386-xl-qemuu-winxpsp3-vcpus1                     pass    
 test-amd64-amd64-libvirt-vhd                                 pass    
 test-armhf-armhf-libvirt-vhd                                 fail    
 test-amd64-i386-libvirt-vhd                                  pass    
 test-amd64-amd64-xl-vhd                                      pass    
 test-armhf-armhf-xl-vhd                                      fail    
 test-amd64-i386-xl-vhd                                       pass    
 test-amd64-amd64-xl-qemut-winxpsp3                           pass    
 test-amd64-i386-xl-qemut-winxpsp3                            pass    
 test-amd64-amd64-xl-qemuu-winxpsp3                           pass    
 test-amd64-i386-xl-qemuu-winxpsp3                            pass    


------------------------------------------------------------
sg-report-flight on osstest.test-lab.xenproject.org
logs: /home/logs/logs
images: /home/logs/images

Logs, config files, etc. are available at
    http://logs.test-lab.xenproject.org/osstest/logs

Explanation of these reports, and of osstest in general, is at
    http://xenbits.xen.org/gitweb/?p=osstest.git;a=blob;f=README.email;hb=master
    http://xenbits.xen.org/gitweb/?p=osstest.git;a=blob;f=README;hb=master

Test harness code can be found at
    http://xenbits.xen.org/gitweb?p=osstest.git;a=summary


Not pushing.

(No revision log; it would be 16265 lines long.)

^ permalink raw reply	[flat|nested] 3+ messages in thread

* Re: [linux-3.18 test] 62651: regressions - FAIL
  2015-10-06  4:21 [linux-3.18 test] 62651: regressions - FAIL osstest service owner
@ 2015-10-06 10:55 ` Ian Campbell
  2015-10-06 15:02   ` Ian Jackson
  0 siblings, 1 reply; 3+ messages in thread
From: Ian Campbell @ 2015-10-06 10:55 UTC (permalink / raw)
  To: osstest service owner, xen-devel

On Tue, 2015-10-06 at 04:21 +0000, osstest service owner wrote:
> flight 62651 linux-3.18 real [real]
> http://logs.test-lab.xenproject.org/osstest/logs/62651/
> 
> Regressions :-(
> 
> Tests which did not succeed and are blocking,
> including tests which could not be run:
>  test-amd64-i386-qemut-rhel6hvm-amd 12 guest-start/redhat.repeat fail REGR. vs. 58581

http://logs.test-lab.xenproject.org/osstest/logs/62651/test-amd64-i386-qemut-rhel6hvm-amd/12.ts-repeat-test.log

Contains something awfully similar seeming to the sshd restart thing which
was just fixed on Debian:

2015-10-06 00:49:38 Z executing ssh ... root@172.16.144.21 xl list
2015-10-06 00:49:38 Z guest redhat.guest.osstest state is r
2015-10-06 00:49:38 Z guest redhat.guest.osstest 5a:36:0e:bb:00:3a 22 link/ip/tcp: waiting 100s...
2015-10-06 00:49:52 Z guest redhat.guest.osstest 5a:36:0e:bb:00:3a 22 link/ip/tcp: ping gave (256): PING 172.16.146.215 (172.16.146.215) 56(84) bytes of data. |  | --- 172.16.146.215 ping statistics --- | 5 packets transmitted, 0 received, 100% packet loss, time XXXms |  |  (waiting) ...
2015-10-06 00:49:58 Z guest redhat.guest.osstest 5a:36:0e:bb:00:3a 22 link/ip/tcp: ping gave (256): PING 172.16.146.215 (172.16.146.215) 56(84) bytes of data. | From 172.16.144.3 icmp_seq=1 Destination Host Unreachable | From 172.16.144.3 icmp_seq=2 Destination Host Unreachable | From 172.16.144.3 icmp_seq=3 Destination Host Unreachable | From 172.16.144.3 icmp_seq=4 Destination Host Unreachable | From 172.16.144.3 icmp_seq=5 Destination Host Unreachable |  | --- 172.16.146.215 ping statistics --- | 5 packets transmitted, 0 received, +5 errors, 100% packet loss, time XXXms | pipe 3 |  (waiting) ...
2015-10-06 00:50:04 Z guest redhat.guest.osstest 5a:36:0e:bb:00:3a 22 link/ip/tcp: ping gave (256): PING 172.16.146.215 (172.16.146.215) 56(84) bytes of data. | From 172.16.144.3 icmp_seq=1 Destination Host Unreachable | From 172.16.144.3 icmp_seq=2 Destination Host Unreachable | From 172.16.144.3 icmp_seq=3 Destination Host Unreachable | From 172.16.144.3 icmp_seq=4 Destination Host Unreachable | From 172.16.144.3 icmp_seq=5 Destination Host Unreachable |  | --- 172.16.146.215 ping statistics --- | 5 packets transmitted, 0 received, +5 errors, 100% packet loss, time XXXms | pipe 4 |  (waiting) ...
2015-10-06 00:50:09 Z guest redhat.guest.osstest 5a:36:0e:bb:00:3a 22 link/ip/tcp: nc: 256 (UNKNOWN) [172.16.146.215] 22 (ssh) : Connection refused |  (waiting) ...
2015-10-06 00:50:13 Z guest redhat.guest.osstest 5a:36:0e:bb:00:3a 22 link/ip/tcp: ok. (35s)
2015-10-06 00:50:13 Z executing ssh ... root@172.16.146.215 echo guest redhat.guest.osstest: ok
2015-10-06 00:50:43 Z command timed out [30]: timeout 60 ssh -o StrictHostKeyChecking=no -o BatchMode=yes -o ConnectTimeout=100 -o ServerAliveInterval=100 -o PasswordAuthentication=no -o ChallengeResponseAuthentication=no -o UserKnownHostsFile=tmp/t.known_hosts_62651.test-amd64-i386-qemut-rhel6hvm-amd root@172.16.146.215 echo guest redhat.guest.osstest: ok
status (timed out) at Osstest/TestSupport.pm line 410.

However
http://logs.test-lab.xenproject.org/osstest/results/history/test-amd64-i386-qemut-rhel6hvm-amd/ALL.html
suggests it is very rare though, much more so than the sshd issue.

I think it is specific to merlot and will work itself out next time. From
http://logs.test-lab.xenproject.org/osstest/results/history/test-amd64-i386-qemut-rhel6hvm-amd/linux-3.18.html
there was one similar failure months ago which succeeded on a second attempt.

Ian.

^ permalink raw reply	[flat|nested] 3+ messages in thread

* Re: [linux-3.18 test] 62651: regressions - FAIL
  2015-10-06 10:55 ` Ian Campbell
@ 2015-10-06 15:02   ` Ian Jackson
  0 siblings, 0 replies; 3+ messages in thread
From: Ian Jackson @ 2015-10-06 15:02 UTC (permalink / raw)
  To: Ian Campbell; +Cc: xen-devel, osstest service owner

Ian Campbell writes ("Re: [linux-3.18 test] 62651: regressions - FAIL"):
> On Tue, 2015-10-06 at 04:21 +0000, osstest service owner wrote:
> 2015-10-06 00:50:13 Z guest redhat.guest.osstest 5a:36:0e:bb:00:3a 22 link/ip/tcp: ok. (35s)
> 2015-10-06 00:50:13 Z executing ssh ... root@172.16.146.215 echo guest redhat.guest.osstest: ok
> 2015-10-06 00:50:43 Z command timed out [30]: timeout 60 ssh -o StrictHostKeyChecking=no -o BatchMode=yes -o ConnectTimeout=100 -o ServerAliveInterval=100 -o PasswordAuthentication=no -o ChallengeResponseAuthentication=no -o UserKnownHostsFile=tmp/t.known_hosts_62651.test-amd64-i386-qemut-rhel6hvm-amd root@172.16.146.215 echo guest redhat.guest.osstest: ok
> status (timed out) at Osstest/TestSupport.pm line 410.

This is quite different: it's a timeout.  And, a 30s one.

> I think it is specific to merlot and will work itself out next time. From
> http://logs.test-lab.xenproject.org/osstest/results/history/test-amd64-i386-qemut-rhel6hvm-amd/linux-3.18.html
> there was one similar failure months ago which succeeded on a second attempt.

I just looked at a Debian HVM stubom failure in the osstest baseline
62620:

http://logs.test-lab.xenproject.org/osstest/logs/62620/test-amd64-amd64-xl-qemut-stubdom-debianhvm-amd64-xsm/info.html

That was a 10s timeout but otherwise very similar.  There wasn't
enough information in the logs to see anything wrong.

We don't seem to have a useable guest console log in these tests.

Ian.

^ permalink raw reply	[flat|nested] 3+ messages in thread

end of thread, other threads:[~2015-10-06 15:02 UTC | newest]

Thread overview: 3+ messages (download: mbox.gz follow: Atom feed
-- links below jump to the message on this page --
2015-10-06  4:21 [linux-3.18 test] 62651: regressions - FAIL osstest service owner
2015-10-06 10:55 ` Ian Campbell
2015-10-06 15:02   ` Ian Jackson

This is a public inbox, see mirroring instructions
for how to clone and mirror all data and code used for this inbox;
as well as URLs for NNTP newsgroup(s).