xen-devel.lists.xenproject.org archive mirror
 help / color / mirror / Atom feed
* [linux-3.16 test] 79367: regressions - FAIL
@ 2016-01-29 10:03 osstest service owner
  2016-01-29 10:59 ` Ian Campbell
  0 siblings, 1 reply; 2+ messages in thread
From: osstest service owner @ 2016-01-29 10:03 UTC (permalink / raw)
  To: xen-devel, osstest-admin

[-- Warning: decoded text below may be mangled, UTF-8 assumed --]
[-- Attachment #1: Type: text/plain, Size: 17484 bytes --]

flight 79367 linux-3.16 real [real]
http://logs.test-lab.xenproject.org/osstest/logs/79367/

Regressions :-(

Tests which did not succeed and are blocking,
including tests which could not be run:
 build-i386-rumpuserxen        6 xen-build                 fail REGR. vs. 77819
 build-amd64-rumpuserxen       6 xen-build                 fail REGR. vs. 77819

Regressions which are regarded as allowable (not blocking):
 test-armhf-armhf-xl-rtds    15 guest-start/debian.repeat fail blocked in 77819
 test-amd64-amd64-xl-credit2  17 guest-localmigrate/x10       fail   like 77819

Tests which did not succeed, but are not blocking:
 test-amd64-amd64-rumpuserxen-amd64  1 build-check(1)               blocked n/a
 test-amd64-i386-rumpuserxen-i386  1 build-check(1)               blocked  n/a
 test-amd64-amd64-xl-pvh-intel 11 guest-start                  fail  never pass
 test-amd64-amd64-xl-pvh-amd  11 guest-start                  fail   never pass
 test-amd64-amd64-xl-multivcpu 17 guest-localmigrate/x10       fail  never pass
 test-armhf-armhf-libvirt-xsm 12 migrate-support-check        fail   never pass
 test-armhf-armhf-libvirt-xsm 14 guest-saverestore            fail   never pass
 test-amd64-amd64-xl-rtds     17 guest-localmigrate/x10       fail   never pass
 test-armhf-armhf-libvirt     14 guest-saverestore            fail   never pass
 test-armhf-armhf-libvirt     12 migrate-support-check        fail   never pass
 test-amd64-amd64-libvirt-xsm 12 migrate-support-check        fail   never pass
 test-amd64-amd64-libvirt     12 migrate-support-check        fail   never pass
 test-armhf-armhf-libvirt-qcow2 11 migrate-support-check        fail never pass
 test-armhf-armhf-libvirt-qcow2 13 guest-saverestore            fail never pass
 test-amd64-amd64-qemuu-nested-amd 16 debian-hvm-install/l1/l2  fail never pass
 test-armhf-armhf-libvirt-raw 13 guest-saverestore            fail   never pass
 test-armhf-armhf-libvirt-raw 11 migrate-support-check        fail   never pass
 test-amd64-i386-libvirt      12 migrate-support-check        fail   never pass
 test-armhf-armhf-xl-xsm      13 saverestore-support-check    fail   never pass
 test-armhf-armhf-xl-xsm      12 migrate-support-check        fail   never pass
 test-armhf-armhf-xl-arndale  12 migrate-support-check        fail   never pass
 test-armhf-armhf-xl-arndale  13 saverestore-support-check    fail   never pass
 test-amd64-i386-libvirt-xsm  12 migrate-support-check        fail   never pass
 test-amd64-amd64-libvirt-qemuu-debianhvm-amd64-xsm 10 migrate-support-check fail never pass
 test-amd64-i386-libvirt-qemuu-debianhvm-amd64-xsm 10 migrate-support-check fail never pass
 test-amd64-i386-xl-qemuu-win7-amd64 16 guest-stop              fail never pass
 test-amd64-amd64-libvirt-vhd 11 migrate-support-check        fail   never pass
 test-armhf-armhf-xl          12 migrate-support-check        fail   never pass
 test-armhf-armhf-xl          13 saverestore-support-check    fail   never pass
 test-armhf-armhf-xl-credit2  13 saverestore-support-check    fail   never pass
 test-armhf-armhf-xl-credit2  12 migrate-support-check        fail   never pass
 test-armhf-armhf-xl-cubietruck 12 migrate-support-check        fail never pass
 test-armhf-armhf-xl-cubietruck 13 saverestore-support-check    fail never pass
 test-armhf-armhf-xl-multivcpu 13 saverestore-support-check    fail  never pass
 test-armhf-armhf-xl-multivcpu 12 migrate-support-check        fail  never pass
 test-armhf-armhf-xl-vhd      11 migrate-support-check        fail   never pass
 test-armhf-armhf-xl-vhd      12 saverestore-support-check    fail   never pass
 test-armhf-armhf-xl-rtds     13 saverestore-support-check    fail   never pass
 test-armhf-armhf-xl-rtds     12 migrate-support-check        fail   never pass

version targeted for testing:
 linux                3c702e47ca83e03824e5dc0358438d3805161102
baseline version:
 linux                c5305f04d7b78f16586a5fbce2690c57a855f5cf

Last test of basis    77819  2016-01-11 11:14:24 Z   17 days
Testing same since    79322  2016-01-28 11:54:23 Z    0 days    2 attempts

------------------------------------------------------------
People who touched revisions under test:
  "Suzuki K. Poulose" <Suzuki.Poulose@arm.com>
  Al Viro <viro@zeniv.linux.org.uk>
  Alan Stern <stern@rowland.harvard.edu>
  Alex Deucher <alexander.deucher@amd.com>
  Alex Thorlton <athorlton@sgi.com>
  Alexandru Cornea <alexandru.cornea@intel.com>
  Alexei Starovoitov <ast@kernel.org>
  Alexey Khoroshilov <khoroshilov@ispras.ru>
  Andrea Arcangeli <aarcange@redhat.com>
  Andrew Banman <abanman@sgi.com>
  Andrew Morton <akpm@linux-foundation.org>
  Andrey Ryabinin <aryabinin@virtuozzo.com>
  Anson Huang <Anson.Huang@freescale.com>
  Anssi Hannula <anssi.hannula@iki.fi>
  Arnaldo Carvalho de Melo <acme@redhat.com>
  Arnd Bergmann <arnd@arndb.de>
  Ashok Raj <ashok.raj@intel.com>
  Ben Hutchings <ben@decadent.org.uk>
  Benjamin Coddington <bcodding@redhat.com>
  Benjamin Herrenschmidt <benh@kernel.crashing.org>
  Borislav Petkov <bp@suse.de>
  Charles Keepax <ckeepax@opensource.wolfsonmicro.com>
  Chris Wilson <chris@chris-wilson.co.uk>
  Chunfeng Yun <chunfeng.yun@mediatek.com>
  Colin Ian King <colin.king@canonical.com>
  Corey Minyard <cminyard@mvista.com>
  Dan Carpenter <dan.carpenter@oracle.com>
  Dan Williams <dan.j.williams@intel.com>
  Daniel Borkmann <daniel@iogearbox.net>
  Daniel J Blueman <daniel@quora.org>
  Daniel Mentz <danielmentz@google.com>
  Daniel Vetter <daniel@ffwll.ch>
  Daniele Palmas <dnlplm@gmail.com>
  Dave Airlie <airlied@redhat.com>
  David Henningsson <david.henningsson@canonical.com>
  David Howells <dhowells@redhat.com>
  David Rientjes <rientjes@google.com>
  David S. Miller <davem@davemloft.net>
  David Turner <novalis@novalis.org>
  David Vrabel <david.vrabel@citrix.com>
  Dmitry Katsubo <dmitry.katsubo@gmail.com>
  Dmitry V. Levin <ldv@altlinux.org>
  Don Zickus <dzickus@redhat.com>
  Doug Ledford <dledford@redhat.com>
  Eran Ben Elisha <eranbe@mellanox.com>
  Eric Anholt <eric@anholt.net>
  Eric Dumazet <edumazet@google.com>
  Eugenia Emantayev <eugenia@mellanox.com>
  Felipe Balbi <balbi@ti.com>
  Francesco Ruggeri <fruggeri@arista.com>
  Francesco Ruggeri <fruggeri@aristanetworks.com>
  Geert Uytterhoeven <geert+renesas@glider.be>
  Greg Kroah-Hartman <gregkh@linuxfoundation.org>
  Guillaume Delbergue <guillaume.delbergue@greensocs.com>
  Hannes Frederic Sowa <hannes@stressinduktion.org>
  Hans de Goede <hdegoede@redhat.com>
  Hans Yang <hansy@nvidia.com>
  Helge Deller <deller@gmx.de>
  Herbert Xu <herbert@gondor.apana.org.au>
  Hillf Danton <hillf.zj@alibaba-inc.com>
  Hui Wang <hui.wang@canonical.com>
  Ingo Molnar <mingo@kernel.org>
  Jacob Pan <jacob.jun.pan@linux.intel.com>
  James Bottomley <James.Bottomley@HansenPartnership.com>
  James Hogan <james.hogan@imgtec.com>
  James Morris <james.l.morris@oracle.com>
  James Morse <james.morse@arm.com>
  Jan Beulich <JBeulich@suse.com>
  Jan Kara <jack@suse.cz>
  Jan Stancek <jstancek@redhat.com>
  Jani Nikula <jani.nikula@intel.com>
  Jarod Wilson <jarod@redhat.com>
  Jason A. Donenfeld <Jason@zx2c4.com>
  Jean Delvare <jdelvare@suse.de>
  Jens Axboe <axboe@fb.com>
  Joe Thornber <ejt@redhat.com>
  Johan Hovold <johan@kernel.org>
  Johannes Berg <johannes.berg@intel.com>
  Jonas Jonsson <jonas@ludd.ltu.se>
  Jonathan Cameron <jic23@kernel.org>
  Joseph Qi <joseph.qi@huawei.com>
  Junxiao Bi <junxiao.bi@oracle.com>
  Kamal Mostafa <kamal@canonical.com>
  Ken Xue <Ken.Xue@amd.com>
  Kirill A. Shutemov <kirill@shutemov.name>
  Konrad Rzeszutek Wilk <konrad.wilk@oracle.com>
  Konstantin Shkolnyy <konstantin.shkolnyy@gmail.com>
  Krzysztof Hałasa <khalasa@piap.pl>
  Linus Torvalds <torvalds@linux-foundation.org>
  Linus Walleij <linus.walleij@linaro.org>
  Luis Henriques <luis.henriques@canonical.com>
  Mans Rullgard <mans@mansr.com>
  Marina Varshaver <marinav@mellanox.com>
  Mario Kleiner <mario.kleiner.de@gmail.com>
  Mark Brown <broonie@kernel.org>
  Martin K. Petersen <martin.petersen@oracle.com>
  Martin Schwidefsky <schwidefsky@de.ibm.com>
  Mathias Nyman <mathias.nyman@linux.intel.com>
  Matt Fleming <matt.fleming@intel.com>
  Maxime Ripard <maxime.ripard@free-electrons.com>
  Michael Ellerman <mpe@ellerman.id.au>
  Michael Holzheu <holzheu@linux.vnet.ibm.com>
  Michael S. Tsirkin <mst@redhat.com>
  Michal Hocko <mhocko@suse.com>
  Mike Snitzer <snitzer@redhat.com>
  Miklos Szeredi <miklos@szeredi.hu>
  Mikulas Patocka <mpatocka@redhat.com>
  Naoya Horiguchi <n-horiguchi@ah.jp.nec.com>
  Neelesh Gupta <neelegup@linux.vnet.ibm.com>
  NeilBrown <neilb@suse.com>
  Nikesh Oswal <Nikesh.Oswal@cirrus.com>
  Oded Gabbay <oded.gabbay@gmail.com>
  Olliver Schinagl <oliver@schinagl.nl>
  Or Gerlitz <ogerlitz@mellanox.com>
  Paolo Bonzini <pbonzini@redhat.com>
  Paul Bolle <pebolle@tiscali.nl>
  Paul Mackerras <paulus@ozlabs.org>
  Paul Mackerras <paulus@samba.org>
  Pavel Machek <pavel@ucw.cz>
  Pavel Tikhomirov <ptikhomirov@virtuozzo.com>
  Peter Hurley <peter@hurleysoftware.com>
  Peter Zijlstra (Intel) <peterz@infradead.org>
  Peter Zijlstra <peterz@infradead.org>
  Prarit Bhargava <prarit@redhat.com>
  Qiu Peiyang <peiyangx.qiu@intel.com>
  Rabin Vincent <rabin@rab.in>
  Rafael J. Wysocki <rafael.j.wysocki@intel.com>
  Ralf Baechle <ralf@linux-mips.org>
  Robert Jarzmik <robert.jarzmik@free.fr>
  Roger Pau Monné <roger.pau@citrix.com>
  Roman Gushchin <klamm@yandex-team.ru>
  Roman Volkov <rvolkov@v1ros.org>
  Ross Lagerwall <ross.lagerwall@citrix.com>
  Russell King <rmk+kernel@arm.linux.org.uk>
  Rusty Russell <rusty@rustcorp.com.au>
  Sagi Grimberg <sagig@mellanox.com>
  Sergei Shtylyov <sergei.shtylyov@cogentembedded.com>
  Seth Jennings <sjennings@variantweb.net>
  Shawn Guo <shawnguo@kernel.org>
  Srinivas Eeda <srinivas.eeda@oracle.com>
  Stefan Wahren <stefan.wahren@i2se.com>
  Stephen Warren <swarren@wwwdotorg.org>
  Steven Rostedt (Red Hat) <rostedt@goodmis.org>
  Steven Rostedt <rostedt@goodmis.org>
  Stewart Smith <stewart@linux.vnet.ibm.com>
  Suman Anna <s-anna@ti.com>
  Takashi Iwai <tiwai@suse.de>
  Tejun Heo <tj@kernel.org>
  Tetsuo Handa <penguin-kernel@i-love.sakura.ne.jp>
  Theodore Ts'o <tytso@mit.edu>
  Thomas Gleixner <tglx@linutronix.de>
  Thomas Hellstrom <thellstrom@vmware.com>
  Thomas Richter <thor@math.tu-berlin.de>
  Tilman Schmidt <tilman@imap.cc>
  Tim Harvey <tharvey@gateworks.com>
  Timur Tabi <timur@tabi.org>
  Tobias Klauser <tklauser@distanz.ch>
  Tomi Valkeinen <tomi.valkeinen@ti.com>
  Tony Camuso <tcamuso@redhat.com>
  Trond Myklebust <trond.myklebust@primarydata.com>
  Vineet Gupta <vgupta@synopsys.com>
  Vinod Koul <vinod.koul@intel.com>
  Wang Dongsheng <dongsheng.wang@freescale.com>
  Wolfram Sang <wsa@the-dreams.de>
  Xiangliang Yu <Xiangliang.Yu@amd.com>
  Xiong Zhang <xiong.y.zhang@intel.com>
  Yevgeny Pats <yevgeny@perception-point.io>
  YOSHIFUJI Hideaki <yoshfuji@linux-ipv6.org>

jobs:
 build-amd64-xsm                                              pass
 build-armhf-xsm                                              pass
 build-i386-xsm                                               pass
 build-amd64                                                  pass
 build-armhf                                                  pass
 build-i386                                                   pass
 build-amd64-libvirt                                          pass
 build-armhf-libvirt                                          pass
 build-i386-libvirt                                           pass
 build-amd64-pvops                                            pass
 build-armhf-pvops                                            pass
 build-i386-pvops                                             pass
 build-amd64-rumpuserxen                                      fail
 build-i386-rumpuserxen                                       fail
 test-amd64-amd64-xl                                          pass
 test-armhf-armhf-xl                                          pass
 test-amd64-i386-xl                                           pass
 test-amd64-amd64-xl-qemut-debianhvm-amd64-xsm                pass
 test-amd64-i386-xl-qemut-debianhvm-amd64-xsm                 pass
 test-amd64-amd64-libvirt-qemuu-debianhvm-amd64-xsm           pass
 test-amd64-i386-libvirt-qemuu-debianhvm-amd64-xsm            pass
 test-amd64-amd64-xl-qemuu-debianhvm-amd64-xsm                pass
 test-amd64-i386-xl-qemuu-debianhvm-amd64-xsm                 pass
 test-amd64-amd64-xl-qemut-stubdom-debianhvm-amd64-xsm        pass
 test-amd64-i386-xl-qemut-stubdom-debianhvm-amd64-xsm         pass
 test-amd64-amd64-libvirt-xsm                                 pass
 test-armhf-armhf-libvirt-xsm                                 fail
 test-amd64-i386-libvirt-xsm                                  pass
 test-amd64-amd64-xl-xsm                                      pass
 test-armhf-armhf-xl-xsm                                      pass
 test-amd64-i386-xl-xsm                                       pass
 test-amd64-amd64-qemuu-nested-amd                            fail
 test-amd64-amd64-xl-pvh-amd                                  fail
 test-amd64-i386-qemut-rhel6hvm-amd                           pass
 test-amd64-i386-qemuu-rhel6hvm-amd                           pass
 test-amd64-amd64-xl-qemut-debianhvm-amd64                    pass
 test-amd64-i386-xl-qemut-debianhvm-amd64                     pass
 test-amd64-amd64-xl-qemuu-debianhvm-amd64                    pass
 test-amd64-i386-xl-qemuu-debianhvm-amd64                     pass
 test-amd64-i386-freebsd10-amd64                              pass
 test-amd64-amd64-xl-qemuu-ovmf-amd64                         pass
 test-amd64-i386-xl-qemuu-ovmf-amd64                          pass
 test-amd64-amd64-rumpuserxen-amd64                           blocked
 test-amd64-amd64-xl-qemut-win7-amd64                         pass
 test-amd64-i386-xl-qemut-win7-amd64                          pass
 test-amd64-amd64-xl-qemuu-win7-amd64                         pass
 test-amd64-i386-xl-qemuu-win7-amd64                          fail
 test-armhf-armhf-xl-arndale                                  pass
 test-amd64-amd64-xl-credit2                                  fail
 test-armhf-armhf-xl-credit2                                  pass
 test-armhf-armhf-xl-cubietruck                               pass
 test-amd64-i386-freebsd10-i386                               pass
 test-amd64-i386-rumpuserxen-i386                             blocked
 test-amd64-amd64-qemuu-nested-intel                          pass
 test-amd64-amd64-xl-pvh-intel                                fail
 test-amd64-i386-qemut-rhel6hvm-intel                         pass
 test-amd64-i386-qemuu-rhel6hvm-intel                         pass
 test-amd64-amd64-libvirt                                     pass
 test-armhf-armhf-libvirt                                     fail
 test-amd64-i386-libvirt                                      pass
 test-amd64-amd64-xl-multivcpu                                fail
 test-armhf-armhf-xl-multivcpu                                pass
 test-amd64-amd64-pair                                        pass
 test-amd64-i386-pair                                         pass
 test-amd64-amd64-libvirt-pair                                pass
 test-amd64-i386-libvirt-pair                                 pass
 test-amd64-amd64-amd64-pvgrub                                pass
 test-amd64-amd64-i386-pvgrub                                 pass
 test-amd64-amd64-pygrub                                      pass
 test-armhf-armhf-libvirt-qcow2                               fail
 test-amd64-amd64-xl-qcow2                                    pass
 test-armhf-armhf-libvirt-raw                                 fail
 test-amd64-i386-xl-raw                                       pass
 test-amd64-amd64-xl-rtds                                     fail
 test-armhf-armhf-xl-rtds                                     fail
 test-amd64-i386-xl-qemut-winxpsp3-vcpus1                     pass
 test-amd64-i386-xl-qemuu-winxpsp3-vcpus1                     pass
 test-amd64-amd64-libvirt-vhd                                 pass
 test-armhf-armhf-xl-vhd                                      pass
 test-amd64-amd64-xl-qemut-winxpsp3                           pass
 test-amd64-i386-xl-qemut-winxpsp3                            pass
 test-amd64-amd64-xl-qemuu-winxpsp3                           pass
 test-amd64-i386-xl-qemuu-winxpsp3                            pass


------------------------------------------------------------
sg-report-flight on osstest.test-lab.xenproject.org
logs: /home/logs/logs
images: /home/logs/images

Logs, config files, etc. are available at
    http://logs.test-lab.xenproject.org/osstest/logs

Explanation of these reports, and of osstest in general, is at
    http://xenbits.xen.org/gitweb/?p=osstest.git;a=blob;f=README.email;hb=master
    http://xenbits.xen.org/gitweb/?p=osstest.git;a=blob;f=README;hb=master

Test harness code can be found at
    http://xenbits.xen.org/gitweb?p=osstest.git;a=summary


Not pushing.

(No revision log; it would be 3570 lines long.)


[-- Attachment #2: Type: text/plain, Size: 126 bytes --]

_______________________________________________
Xen-devel mailing list
Xen-devel@lists.xen.org
http://lists.xen.org/xen-devel

^ permalink raw reply	[flat|nested] 2+ messages in thread

* Re: [linux-3.16 test] 79367: regressions - FAIL
  2016-01-29 10:03 [linux-3.16 test] 79367: regressions - FAIL osstest service owner
@ 2016-01-29 10:59 ` Ian Campbell
  0 siblings, 0 replies; 2+ messages in thread
From: Ian Campbell @ 2016-01-29 10:59 UTC (permalink / raw)
  To: osstest service owner, xen-devel

On Fri, 2016-01-29 at 10:03 +0000, osstest service owner wrote:
> flight 79367 linux-3.16 real [real]
> http://logs.test-lab.xenproject.org/osstest/logs/79367/
> 
> Regressions :-(
> 
> Tests which did not succeed and are blocking,
> including tests which could not be run:
>  build-i386-rumpuserxen        6 xen-build                 fail REGR. vs. 77819
>  build-amd64-rumpuserxen       6 xen-build                 fail REGR. vs. 77819

Force pushed as discussed in response to 79027.

> version targeted for testing:
>  linux                3c702e47ca83e03824e5dc0358438d3805161102
> baseline version:
>  linux                c5305f04d7b78f16586a5fbce2690c57a855f5cf

(test-lab)osstest@osstest:~/branches/for-linux-3.16.git$ OSSTEST_CONFIG=production-config ./ap-push linux-3.16 3c702e47ca83e03824e5dc0358438d3805161102
+ branch=linux-3.16
+ revision=3c702e47ca83e03824e5dc0358438d3805161102
+ . ./cri-lock-repos
++ . ./cri-common
+++ . ./cri-getconfig
+++ umask 002
+++ getrepos
++++ getconfig Repos
++++ perl -e '
                use Osstest;
                readglobalconfig();
                print $c{"Repos"} or die $!;
        '
+++ local repos=/home/osstest/repos
+++ '[' -z /home/osstest/repos ']'
+++ '[' '!' -d /home/osstest/repos ']'
+++ echo /home/osstest/repos
++ repos=/home/osstest/repos
++ repos_lock=/home/osstest/repos/lock
++ '[' x '!=' x/home/osstest/repos/lock ']'
++ OSSTEST_REPOS_LOCK_LOCKED=/home/osstest/repos/lock
++ exec with-lock-ex -w /home/osstest/repos/lock ./ap-push linux-3.16 3c702e47ca83e03824e5dc0358438d3805161102
+ branch=linux-3.16
+ revision=3c702e47ca83e03824e5dc0358438d3805161102
+ . ./cri-lock-repos
++ . ./cri-common
+++ . ./cri-getconfig
+++ umask 002
+++ getrepos
++++ getconfig Repos
++++ perl -e '
                use Osstest;
                readglobalconfig();
                print $c{"Repos"} or die $!;
        '
+++ local repos=/home/osstest/repos
+++ '[' -z /home/osstest/repos ']'
+++ '[' '!' -d /home/osstest/repos ']'
+++ echo /home/osstest/repos
++ repos=/home/osstest/repos
++ repos_lock=/home/osstest/repos/lock
++ '[' x/home/osstest/repos/lock '!=' x/home/osstest/repos/lock ']'
+ . ./cri-common
++ . ./cri-getconfig
++ umask 002
+ select_xenbranch
+ case "$branch" in
+ tree=linux
+ xenbranch=xen-unstable
+ '[' xlinux = xlinux ']'
+ linuxbranch=linux-3.16
+ '[' x = x ']'
+ qemuubranch=qemu-upstream-unstable
+ select_prevxenbranch
++ ./cri-getprevxenbranch xen-unstable
+ prevxenbranch=xen-4.6-testing
+ '[' x3c702e47ca83e03824e5dc0358438d3805161102 = x ']'
+ : tested/2.6.39.x
+ . ./ap-common
++ : osstest@xenbits.xen.org
+++ getconfig OsstestUpstream
+++ perl -e '
                use Osstest;
                readglobalconfig();
                print $c{"OsstestUpstream"} or die $!;
        '
++ :
++ : git://xenbits.xen.org/xen.git
++ : osstest@xenbits.xen.org:/home/xen/git/xen.git
++ : git://xenbits.xen.org/qemu-xen-traditional.git
++ : git://git.kernel.org
++ : git://git.kernel.org/pub/scm/linux/kernel/git
++ : git
++ : git://libvirt.org/libvirt.git
++ : osstest@xenbits.xen.org:/home/xen/git/libvirt.git
++ : git://xenbits.xen.org/libvirt.git
++ : https://github.com/rumpkernel/rumprun-xen
++ : git
++ : git://xenbits.xen.org/rumpuser-xen.git
++ : osstest@xenbits.xen.org:/home/xen/git/rumpuser-xen.git
+++ besteffort_repo https://github.com/rumpkernel/rumpkernel-netbsd-src
+++ local repo=https://github.com/rumpkernel/rumpkernel-netbsd-src
+++ cached_repo https://github.com/rumpkernel/rumpkernel-netbsd-src '[fetch=try]'
+++ local repo=https://github.com/rumpkernel/rumpkernel-netbsd-src
+++ local 'options=[fetch=try]'
++++ getconfig GitCacheProxy
++++ perl -e '
                use Osstest;
                readglobalconfig();
                print $c{"GitCacheProxy"} or die $!;
        '
+++ local cache=git://cache:9419/
+++ '[' xgit://cache:9419/ '!=' x ']'
+++ echo 'git://cache:9419/https://github.com/rumpkernel/rumpkernel-netbsd-src%20[fetch=try]'
++ : 'git://cache:9419/https://github.com/rumpkernel/rumpkernel-netbsd-src%20[fetch=try]'
++ : git
++ : git://git.seabios.org/seabios.git
++ : osstest@xenbits.xen.org:/home/xen/git/osstest/seabios.git
++ : git://xenbits.xen.org/osstest/seabios.git
++ : https://github.com/tianocore/edk2.git
++ : osstest@xenbits.xen.org:/home/xen/git/osstest/ovmf.git
++ : git://xenbits.xen.org/osstest/ovmf.git
++ : git://xenbits.xen.org/osstest/linux-firmware.git
++ : osstest@xenbits.xen.org:/home/osstest/ext/linux-firmware.git
++ : git://git.kernel.org/pub/scm/linux/kernel/git/firmware/linux-firmware.git
++ : osstest@xenbits.xen.org:/home/xen/git/linux-pvops.git
++ : git://xenbits.xen.org/linux-pvops.git
++ : tested/linux-3.14
++ : tested/linux-arm-xen
++ '[' x = x ']'
++ : git://xenbits.xen.org/linux-pvops.git
++ : tested/linux-3.14
++ '[' x = x ']'
++ : git://xenbits.xen.org/linux-pvops.git
++ : tested/linux-arm-xen
++ : git://git.kernel.org/pub/scm/linux/kernel/git/konrad/xen.git
++ : tested/2.6.39.x
++ : daily-cron.linux-3.16
++ : daily-cron.linux-3.16
++ : daily-cron.linux-3.16
++ : daily-cron.linux-3.16
++ : daily-cron.linux-3.16
++ : daily-cron.linux-3.16
++ : http://hg.uk.xensource.com/carbon/trunk/linux-2.6.27
++ : git://xenbits.xen.org/qemu-xen.git
++ : osstest@xenbits.xen.org:/home/xen/git/qemu-xen.git
++ : daily-cron.linux-3.16
++ : git://xenbits.xen.org/qemu-xen.git
++ : git://git.qemu.org/qemu.git
+ TREE_LINUX=osstest@xenbits.xen.org:/home/xen/git/linux-pvops.git
+ TREE_QEMU_UPSTREAM=osstest@xenbits.xen.org:/home/xen/git/qemu-xen.git
+ TREE_XEN=osstest@xenbits.xen.org:/home/xen/git/xen.git
+ TREE_LIBVIRT=osstest@xenbits.xen.org:/home/xen/git/libvirt.git
+ TREE_RUMPUSERXEN=osstest@xenbits.xen.org:/home/xen/git/rumpuser-xen.git
+ TREE_SEABIOS=osstest@xenbits.xen.org:/home/xen/git/osstest/seabios.git
+ TREE_OVMF=osstest@xenbits.xen.org:/home/xen/git/osstest/ovmf.git
+ info_linux_tree linux-3.16
+ case $1 in
+ : git://kernel.ubuntu.com/ubuntu/linux.git
+ : linux-3.16.y
+ : linux-3.16.y
+ : git
+ : git
+ : git://xenbits.xen.org/linux-pvops.git
+ : osstest@xenbits.xen.org:/home/xen/git/linux-pvops.git
+ : tested/linux-3.16
+ : refs/heads/tested/linux-3.16
+ return 0
+ cd /home/osstest/repos/linux
+ git push osstest@xenbits.xen.org:/home/xen/git/linux-pvops.git 3c702e47ca83e03824e5dc0358438d3805161102:refs/heads/tested/linux-3.16
Counting objects: 1099, done.
Delta compression using up to 4 threads.
Compressing objects: 100% (269/269), done.
Writing objects: 100% (813/813), 147.24 KiB, done.
Total 813 (delta 672), reused 683 (delta 543)
To osstest@xenbits.xen.org:/home/xen/git/linux-pvops.git
   c5305f0..3c702e4  3c702e47ca83e03824e5dc0358438d3805161102 -> tested/linux-3.16
+ exit 0

_______________________________________________
Xen-devel mailing list
Xen-devel@lists.xen.org
http://lists.xen.org/xen-devel

^ permalink raw reply	[flat|nested] 2+ messages in thread

end of thread, other threads:[~2016-01-29 10:59 UTC | newest]

Thread overview: 2+ messages (download: mbox.gz follow: Atom feed
-- links below jump to the message on this page --
2016-01-29 10:03 [linux-3.16 test] 79367: regressions - FAIL osstest service owner
2016-01-29 10:59 ` Ian Campbell

This is a public inbox, see mirroring instructions
for how to clone and mirror all data and code used for this inbox;
as well as URLs for NNTP newsgroup(s).