xen-devel.lists.xenproject.org archive mirror
 help / color / mirror / Atom feed
* [xen-unstable test] 93364: regressions - FAIL
@ 2016-05-03  0:20 osstest service owner
  2016-05-03 10:34 ` Wei Liu
  0 siblings, 1 reply; 3+ messages in thread
From: osstest service owner @ 2016-05-03  0:20 UTC (permalink / raw)
  To: xen-devel, osstest-admin

flight 93364 xen-unstable real [real]
http://logs.test-lab.xenproject.org/osstest/logs/93364/

Regressions :-(

Tests which did not succeed and are blocking,
including tests which could not be run:
 test-armhf-armhf-xl-credit2  15 guest-start/debian.repeat fail REGR. vs. 93337

Regressions which are regarded as allowable (not blocking):
 build-i386-rumpuserxen        6 xen-build                    fail   like 93337
 build-amd64-rumpuserxen       6 xen-build                    fail   like 93337
 test-amd64-amd64-xl-qemuu-win7-amd64 16 guest-stop             fail like 93337
 test-amd64-i386-xl-qemut-win7-amd64 16 guest-stop              fail like 93337
 test-amd64-i386-xl-qemuu-win7-amd64 16 guest-stop              fail like 93337
 test-amd64-amd64-xl-qemut-win7-amd64 16 guest-stop             fail like 93337
 test-amd64-amd64-xl-rtds      9 debian-install               fail   like 93337

Tests which did not succeed, but are not blocking:
 test-amd64-i386-rumpuserxen-i386  1 build-check(1)               blocked  n/a
 test-amd64-amd64-rumpuserxen-amd64  1 build-check(1)               blocked n/a
 test-amd64-amd64-xl-pvh-amd  11 guest-start                  fail   never pass
 test-amd64-amd64-xl-pvh-intel 11 guest-start                  fail  never pass
 test-armhf-armhf-libvirt-xsm 12 migrate-support-check        fail   never pass
 test-armhf-armhf-libvirt-xsm 14 guest-saverestore            fail   never pass
 test-amd64-amd64-qemuu-nested-amd 16 debian-hvm-install/l1/l2  fail never pass
 test-amd64-i386-libvirt      12 migrate-support-check        fail   never pass
 test-amd64-amd64-libvirt-xsm 12 migrate-support-check        fail   never pass
 test-amd64-amd64-libvirt     12 migrate-support-check        fail   never pass
 test-amd64-i386-libvirt-xsm  12 migrate-support-check        fail   never pass
 test-amd64-amd64-libvirt-qemuu-debianhvm-amd64-xsm 10 migrate-support-check fail never pass
 test-amd64-amd64-libvirt-vhd 11 migrate-support-check        fail   never pass
 test-amd64-i386-libvirt-qemuu-debianhvm-amd64-xsm 10 migrate-support-check fail never pass
 test-armhf-armhf-xl-multivcpu 13 saverestore-support-check    fail  never pass
 test-armhf-armhf-xl-multivcpu 12 migrate-support-check        fail  never pass
 test-armhf-armhf-xl-cubietruck 12 migrate-support-check        fail never pass
 test-armhf-armhf-xl-cubietruck 13 saverestore-support-check    fail never pass
 test-armhf-armhf-libvirt     14 guest-saverestore            fail   never pass
 test-armhf-armhf-libvirt     12 migrate-support-check        fail   never pass
 test-armhf-armhf-xl-xsm      13 saverestore-support-check    fail   never pass
 test-armhf-armhf-xl-xsm      12 migrate-support-check        fail   never pass
 test-armhf-armhf-libvirt-qcow2 11 migrate-support-check        fail never pass
 test-armhf-armhf-libvirt-qcow2 13 guest-saverestore            fail never pass
 test-armhf-armhf-libvirt-raw 13 guest-saverestore            fail   never pass
 test-armhf-armhf-libvirt-raw 11 migrate-support-check        fail   never pass
 test-armhf-armhf-xl-credit2  13 saverestore-support-check    fail   never pass
 test-armhf-armhf-xl-credit2  12 migrate-support-check        fail   never pass
 test-armhf-armhf-xl-rtds     13 saverestore-support-check    fail   never pass
 test-armhf-armhf-xl-rtds     12 migrate-support-check        fail   never pass
 test-armhf-armhf-xl-arndale  12 migrate-support-check        fail   never pass
 test-armhf-armhf-xl-arndale  13 saverestore-support-check    fail   never pass
 test-armhf-armhf-xl-vhd      11 migrate-support-check        fail   never pass
 test-armhf-armhf-xl-vhd      12 saverestore-support-check    fail   never pass
 test-armhf-armhf-xl          12 migrate-support-check        fail   never pass
 test-armhf-armhf-xl          13 saverestore-support-check    fail   never pass

version targeted for testing:
 xen                  7f62212d992fb8ae600faf6009475692a025bf99
baseline version:
 xen                  c2994f8632d56e5379e612daa216401477dccbdb

Last test of basis    93337  2016-05-02 01:57:38 Z    0 days
Testing same since    93364  2016-05-02 13:47:09 Z    0 days    1 attempts

------------------------------------------------------------
People who touched revisions under test:
  Jan Beulich <jbeulich@suse.com>
  Konrad Rzeszutek Wilk <konrad.wilk@oracle.com>
  Tim Deegan <tim@xen.org>
  Wei Liu <wei.liu2@citrix.com>

jobs:
 build-amd64-xsm                                              pass    
 build-armhf-xsm                                              pass    
 build-i386-xsm                                               pass    
 build-amd64                                                  pass    
 build-armhf                                                  pass    
 build-i386                                                   pass    
 build-amd64-libvirt                                          pass    
 build-armhf-libvirt                                          pass    
 build-i386-libvirt                                           pass    
 build-amd64-oldkern                                          pass    
 build-i386-oldkern                                           pass    
 build-amd64-prev                                             pass    
 build-i386-prev                                              pass    
 build-amd64-pvops                                            pass    
 build-armhf-pvops                                            pass    
 build-i386-pvops                                             pass    
 build-amd64-rumpuserxen                                      fail    
 build-i386-rumpuserxen                                       fail    
 test-amd64-amd64-xl                                          pass    
 test-armhf-armhf-xl                                          pass    
 test-amd64-i386-xl                                           pass    
 test-amd64-amd64-xl-qemut-debianhvm-amd64-xsm                pass    
 test-amd64-i386-xl-qemut-debianhvm-amd64-xsm                 pass    
 test-amd64-amd64-libvirt-qemuu-debianhvm-amd64-xsm           pass    
 test-amd64-i386-libvirt-qemuu-debianhvm-amd64-xsm            pass    
 test-amd64-amd64-xl-qemuu-debianhvm-amd64-xsm                pass    
 test-amd64-i386-xl-qemuu-debianhvm-amd64-xsm                 pass    
 test-amd64-amd64-xl-qemut-stubdom-debianhvm-amd64-xsm        pass    
 test-amd64-i386-xl-qemut-stubdom-debianhvm-amd64-xsm         pass    
 test-amd64-amd64-libvirt-xsm                                 pass    
 test-armhf-armhf-libvirt-xsm                                 fail    
 test-amd64-i386-libvirt-xsm                                  pass    
 test-amd64-amd64-xl-xsm                                      pass    
 test-armhf-armhf-xl-xsm                                      pass    
 test-amd64-i386-xl-xsm                                       pass    
 test-amd64-amd64-qemuu-nested-amd                            fail    
 test-amd64-amd64-xl-pvh-amd                                  fail    
 test-amd64-i386-qemut-rhel6hvm-amd                           pass    
 test-amd64-i386-qemuu-rhel6hvm-amd                           pass    
 test-amd64-amd64-xl-qemut-debianhvm-amd64                    pass    
 test-amd64-i386-xl-qemut-debianhvm-amd64                     pass    
 test-amd64-amd64-xl-qemuu-debianhvm-amd64                    pass    
 test-amd64-i386-xl-qemuu-debianhvm-amd64                     pass    
 test-amd64-i386-freebsd10-amd64                              pass    
 test-amd64-amd64-xl-qemuu-ovmf-amd64                         pass    
 test-amd64-i386-xl-qemuu-ovmf-amd64                          pass    
 test-amd64-amd64-rumpuserxen-amd64                           blocked 
 test-amd64-amd64-xl-qemut-win7-amd64                         fail    
 test-amd64-i386-xl-qemut-win7-amd64                          fail    
 test-amd64-amd64-xl-qemuu-win7-amd64                         fail    
 test-amd64-i386-xl-qemuu-win7-amd64                          fail    
 test-armhf-armhf-xl-arndale                                  pass    
 test-amd64-amd64-xl-credit2                                  pass    
 test-armhf-armhf-xl-credit2                                  fail    
 test-armhf-armhf-xl-cubietruck                               pass    
 test-amd64-i386-freebsd10-i386                               pass    
 test-amd64-i386-rumpuserxen-i386                             blocked 
 test-amd64-amd64-qemuu-nested-intel                          pass    
 test-amd64-amd64-xl-pvh-intel                                fail    
 test-amd64-i386-qemut-rhel6hvm-intel                         pass    
 test-amd64-i386-qemuu-rhel6hvm-intel                         pass    
 test-amd64-amd64-libvirt                                     pass    
 test-armhf-armhf-libvirt                                     fail    
 test-amd64-i386-libvirt                                      pass    
 test-amd64-amd64-migrupgrade                                 pass    
 test-amd64-i386-migrupgrade                                  pass    
 test-amd64-amd64-xl-multivcpu                                pass    
 test-armhf-armhf-xl-multivcpu                                pass    
 test-amd64-amd64-pair                                        pass    
 test-amd64-i386-pair                                         pass    
 test-amd64-amd64-libvirt-pair                                pass    
 test-amd64-i386-libvirt-pair                                 pass    
 test-amd64-amd64-amd64-pvgrub                                pass    
 test-amd64-amd64-i386-pvgrub                                 pass    
 test-amd64-amd64-pygrub                                      pass    
 test-armhf-armhf-libvirt-qcow2                               fail    
 test-amd64-amd64-xl-qcow2                                    pass    
 test-armhf-armhf-libvirt-raw                                 fail    
 test-amd64-i386-xl-raw                                       pass    
 test-amd64-amd64-xl-rtds                                     fail    
 test-armhf-armhf-xl-rtds                                     pass    
 test-amd64-i386-xl-qemut-winxpsp3-vcpus1                     pass    
 test-amd64-i386-xl-qemuu-winxpsp3-vcpus1                     pass    
 test-amd64-amd64-libvirt-vhd                                 pass    
 test-armhf-armhf-xl-vhd                                      pass    
 test-amd64-amd64-xl-qemut-winxpsp3                           pass    
 test-amd64-i386-xl-qemut-winxpsp3                            pass    
 test-amd64-amd64-xl-qemuu-winxpsp3                           pass    
 test-amd64-i386-xl-qemuu-winxpsp3                            pass    


------------------------------------------------------------
sg-report-flight on osstest.test-lab.xenproject.org
logs: /home/logs/logs
images: /home/logs/images

Logs, config files, etc. are available at
    http://logs.test-lab.xenproject.org/osstest/logs

Explanation of these reports, and of osstest in general, is at
    http://xenbits.xen.org/gitweb/?p=osstest.git;a=blob;f=README.email;hb=master
    http://xenbits.xen.org/gitweb/?p=osstest.git;a=blob;f=README;hb=master

Test harness code can be found at
    http://xenbits.xen.org/gitweb?p=osstest.git;a=summary


Not pushing.

------------------------------------------------------------
commit 7f62212d992fb8ae600faf6009475692a025bf99
Author: Wei Liu <wei.liu2@citrix.com>
Date:   Sun May 1 19:21:45 2016 +0100

    tools: xen-xsplice.c: fix length parameter of memset in list_func
    
    The length expression should be the same one used in malloc.
    
    CID: 1358947
    
    Signed-off-by: Wei Liu <wei.liu2@citrix.com>
    Reviewed-by: Konrad Rzeszutek Wilk <konrad.wilk@oracle.com>
    Release-acked-by: Wei Liu <wei.liu2@citrix.com>

commit 397463f2bbb2b1bca235bfddde60aa6f1ffe6ab4
Author: Konrad Rzeszutek Wilk <konrad.wilk@oracle.com>
Date:   Fri Apr 29 02:38:33 2016 -0400

    ocaml/xc_get_cpu_featureset/arm: Return not implemented on ARM
    
    ... as it is not implemented on it.
    
    Signed-off-by: Konrad Rzeszutek Wilk <konrad.wilk@oracle.com>
    Reviewed-by: Andrew Cooper <andrew.cooper3@citrix.com>
    Acked-by: Wei Liu <wei.liu2@citrix.com>
    Release-acked-by: Wei Liu <wei.liu2@citrix.com>

commit 77eb5dbeff78bbe549793325520f59ab46a187f8
Author: Jan Beulich <jbeulich@suse.com>
Date:   Mon May 2 09:20:17 2016 +0200

    x86/shadow: account for ioreq server pages before complaining about not found mapping
    
    prepare_ring_for_helper(), just like share_xen_page_with_guest(),
    takes a write reference on the page, and hence should similarly be
    accounted for when determining whether to log a complaint.
    
    This requires using recursive locking for the ioreq server lock, as the
    offending invocation of sh_remove_all_mappings() is down the call stack
    from hvm_set_ioreq_server_state(). (While not strictly needed to be
    done in all other instances too, convert all of them for consistency.)
    
    At once improve the usefulness of the shadow error message: Log all
    values involved in triggering it as well as the GFN (to aid
    understanding which guest page it is that there is a problem with - in
    cases like the one here the GFN is invariant across invocations, while
    the MFN obviously can [and will] vary).
    
    Signed-off-by: Jan Beulich <jbeulich@suse.com>
    Reviewed-by: Paul Durrant <paul.durrant@citrix.com>
    Reviewed-by: Andrew Cooper <andrew.cooper3@citrix.com>
    Acked-by: Tim Deegan <tim@xen.org>
    Release-acked-by: Wei Liu <wei.liu2@citrix.com>
(qemu changes not included)

_______________________________________________
Xen-devel mailing list
Xen-devel@lists.xen.org
http://lists.xen.org/xen-devel

^ permalink raw reply	[flat|nested] 3+ messages in thread

* Re: [xen-unstable test] 93364: regressions - FAIL
  2016-05-03  0:20 [xen-unstable test] 93364: regressions - FAIL osstest service owner
@ 2016-05-03 10:34 ` Wei Liu
  2016-05-03 17:01   ` Dario Faggioli
  0 siblings, 1 reply; 3+ messages in thread
From: Wei Liu @ 2016-05-03 10:34 UTC (permalink / raw)
  To: osstest service owner; +Cc: Ian Jackson, xen-devel, Wei Liu

On Tue, May 03, 2016 at 12:20:45AM +0000, osstest service owner wrote:
> flight 93364 xen-unstable real [real]
> http://logs.test-lab.xenproject.org/osstest/logs/93364/
> 
> Regressions :-(
> 
> Tests which did not succeed and are blocking,
> including tests which could not be run:
>  test-armhf-armhf-xl-credit2  15 guest-start/debian.repeat fail REGR. vs. 93337
> 

Commits tested in this flight:

    xsplice: Missing if ( sec )
    tools: xen-xsplice.c: fix length parameter of memset in list_func
    ocaml/xc_get_cpu_featureset/arm: Return not implemented on ARM
    x86/shadow: account for ioreq server pages before complaining about
not found mapping

I'm pretty sure the commits will not affect ARM guest startup, i.e. this
is spurious failure. We can force push this if it is necessary.

Wei.

_______________________________________________
Xen-devel mailing list
Xen-devel@lists.xen.org
http://lists.xen.org/xen-devel

^ permalink raw reply	[flat|nested] 3+ messages in thread

* Re: [xen-unstable test] 93364: regressions - FAIL
  2016-05-03 10:34 ` Wei Liu
@ 2016-05-03 17:01   ` Dario Faggioli
  0 siblings, 0 replies; 3+ messages in thread
From: Dario Faggioli @ 2016-05-03 17:01 UTC (permalink / raw)
  To: Wei Liu, osstest service owner; +Cc: xen-devel, Ian Jackson

On Tue, 2016-05-03 at 11:34 +0100, Wei Liu wrote:
> On Tue, May 03, 2016 at 12:20:45AM +0000, osstest service owner
> wrote:
> > 
> > flight 93364 xen-unstable real [real]
> > http://logs.test-lab.xenproject.org/osstest/logs/93364/
> > 
> > Regressions :-(
> > 
> > Tests which did not succeed and are blocking,
> > including tests which could not be run:
> >  test-armhf-armhf-xl-credit2  15 guest-start/debian.repeat fail
> > REGR. vs. 93337
> > 
> Commits tested in this flight:
> 
>     xsplice: Missing if ( sec )
>     tools: xen-xsplice.c: fix length parameter of memset in list_func
>     ocaml/xc_get_cpu_featureset/arm: Return not implemented on ARM
>     x86/shadow: account for ioreq server pages before complaining
> about
> not found mapping
> 
> I'm pretty sure the commits will not affect ARM guest startup, i.e.
> this
> is spurious failure. We can force push this if it is necessary.
> 
Agreed on the spurious-ness.

This occasional failure of Credit2 on ARM is next on my TODO list of
things to investigate, as soon as I'll be finished with merlot (which
is also not going as quick as I hoped, but anyway)

Regards,
Dario
-- 
<<This happens because I choose it to happen!>> (Raistlin Majere)
-----------------------------------------------------------------
Dario Faggioli, Ph.D, http://about.me/dario.faggioli
Senior Software Engineer, Citrix Systems R&D Ltd., Cambridge (UK)



_______________________________________________
Xen-devel mailing list
Xen-devel@lists.xen.org
http://lists.xen.org/xen-devel

^ permalink raw reply	[flat|nested] 3+ messages in thread

end of thread, other threads:[~2016-05-03 17:01 UTC | newest]

Thread overview: 3+ messages (download: mbox.gz follow: Atom feed
-- links below jump to the message on this page --
2016-05-03  0:20 [xen-unstable test] 93364: regressions - FAIL osstest service owner
2016-05-03 10:34 ` Wei Liu
2016-05-03 17:01   ` Dario Faggioli

This is a public inbox, see mirroring instructions
for how to clone and mirror all data and code used for this inbox;
as well as URLs for NNTP newsgroup(s).