* [linux-linus test] 105655: regressions - FAIL
@ 2017-02-09 10:00 osstest service owner
2017-02-09 10:44 ` Dario Faggioli
0 siblings, 1 reply; 3+ messages in thread
From: osstest service owner @ 2017-02-09 10:00 UTC (permalink / raw)
To: xen-devel, osstest-admin
flight 105655 linux-linus real [real]
http://logs.test-lab.xenproject.org/osstest/logs/105655/
Regressions :-(
Tests which did not succeed and are blocking,
including tests which could not be run:
test-amd64-amd64-xl-credit2 14 guest-saverestore fail REGR. vs. 59254
test-amd64-amd64-xl 17 guest-localmigrate/x10 fail REGR. vs. 59254
test-amd64-amd64-xl-xsm 17 guest-localmigrate/x10 fail REGR. vs. 59254
test-amd64-i386-xl 17 guest-localmigrate/x10 fail REGR. vs. 59254
test-amd64-amd64-xl-multivcpu 14 guest-saverestore fail REGR. vs. 59254
test-armhf-armhf-xl-credit2 6 xen-boot fail REGR. vs. 59254
test-armhf-armhf-libvirt 6 xen-boot fail REGR. vs. 59254
test-armhf-armhf-xl 6 xen-boot fail REGR. vs. 59254
test-armhf-armhf-libvirt-xsm 6 xen-boot fail REGR. vs. 59254
test-armhf-armhf-xl-arndale 6 xen-boot fail REGR. vs. 59254
test-armhf-armhf-xl-multivcpu 6 xen-boot fail REGR. vs. 59254
test-armhf-armhf-xl-xsm 6 xen-boot fail REGR. vs. 59254
Regressions which are regarded as allowable (not blocking):
test-armhf-armhf-xl-rtds 6 xen-boot fail REGR. vs. 59254
test-amd64-amd64-xl-rtds 9 debian-install fail REGR. vs. 59254
test-armhf-armhf-libvirt-raw 6 xen-boot fail baseline untested
test-armhf-armhf-xl-vhd 6 xen-boot fail baseline untested
test-amd64-i386-libvirt-pair 21 guest-migrate/src_host/dst_host fail baseline untested
test-amd64-i386-rumprun-i386 16 rumprun-demo-xenstorels/xenstorels.repeat fail baseline untested
test-amd64-i386-libvirt 15 guest-saverestore.2 fail blocked in 59254
test-amd64-amd64-libvirt-xsm 14 guest-saverestore fail blocked in 59254
test-amd64-i386-xl-qemuu-win7-amd64 16 guest-stop fail like 59254
test-amd64-amd64-xl-qemuu-win7-amd64 16 guest-stop fail like 59254
test-amd64-amd64-xl-qemut-win7-amd64 16 guest-stop fail like 59254
test-amd64-i386-xl-qemut-win7-amd64 16 guest-stop fail like 59254
Tests which did not succeed, but are not blocking:
test-arm64-arm64-libvirt-xsm 1 build-check(1) blocked n/a
test-arm64-arm64-xl 1 build-check(1) blocked n/a
build-arm64-libvirt 1 build-check(1) blocked n/a
test-arm64-arm64-libvirt-qcow2 1 build-check(1) blocked n/a
test-arm64-arm64-libvirt 1 build-check(1) blocked n/a
test-arm64-arm64-xl-credit2 1 build-check(1) blocked n/a
test-arm64-arm64-xl-rtds 1 build-check(1) blocked n/a
test-arm64-arm64-xl-multivcpu 1 build-check(1) blocked n/a
test-arm64-arm64-xl-xsm 1 build-check(1) blocked n/a
build-arm64 5 xen-build fail never pass
test-amd64-amd64-xl-pvh-amd 11 guest-start fail never pass
test-amd64-amd64-xl-pvh-intel 14 guest-saverestore fail never pass
test-amd64-i386-libvirt-xsm 12 migrate-support-check fail never pass
test-amd64-i386-libvirt 12 migrate-support-check fail never pass
build-arm64-xsm 5 xen-build fail never pass
test-amd64-amd64-libvirt-xsm 12 migrate-support-check fail never pass
test-amd64-amd64-libvirt 12 migrate-support-check fail never pass
test-amd64-amd64-libvirt-qemuu-debianhvm-amd64-xsm 10 migrate-support-check fail never pass
test-amd64-i386-libvirt-qemuu-debianhvm-amd64-xsm 10 migrate-support-check fail never pass
test-amd64-amd64-libvirt-vhd 11 migrate-support-check fail never pass
test-amd64-amd64-qemuu-nested-amd 16 debian-hvm-install/l1/l2 fail never pass
test-armhf-armhf-xl-cubietruck 12 migrate-support-check fail never pass
test-armhf-armhf-xl-cubietruck 13 saverestore-support-check fail never pass
version targeted for testing:
linux 507053d23b886fdedc8336ca2233883fe4c82aa2
baseline version:
linux 45820c294fe1b1a9df495d57f40585ef2d069a39
Last test of basis 59254 2015-07-09 04:20:48 Z 581 days
Failing since 59348 2015-07-10 04:24:05 Z 580 days 260 attempts
Testing same since 105655 2017-02-09 02:00:55 Z 0 days 1 attempts
------------------------------------------------------------
7569 people touched revisions under test,
not listing them all
jobs:
build-amd64-xsm pass
build-arm64-xsm fail
build-armhf-xsm pass
build-i386-xsm pass
build-amd64 pass
build-arm64 fail
build-armhf pass
build-i386 pass
build-amd64-libvirt pass
build-arm64-libvirt blocked
build-armhf-libvirt pass
build-i386-libvirt pass
build-amd64-pvops pass
build-arm64-pvops pass
build-armhf-pvops pass
build-i386-pvops pass
build-amd64-rumprun pass
build-i386-rumprun pass
test-amd64-amd64-xl fail
test-arm64-arm64-xl blocked
test-armhf-armhf-xl fail
test-amd64-i386-xl fail
test-amd64-amd64-xl-qemut-debianhvm-amd64-xsm pass
test-amd64-i386-xl-qemut-debianhvm-amd64-xsm pass
test-amd64-amd64-libvirt-qemuu-debianhvm-amd64-xsm pass
test-amd64-i386-libvirt-qemuu-debianhvm-amd64-xsm pass
test-amd64-amd64-xl-qemuu-debianhvm-amd64-xsm pass
test-amd64-i386-xl-qemuu-debianhvm-amd64-xsm pass
test-amd64-amd64-xl-qemut-stubdom-debianhvm-amd64-xsm pass
test-amd64-i386-xl-qemut-stubdom-debianhvm-amd64-xsm pass
test-amd64-amd64-libvirt-xsm fail
test-arm64-arm64-libvirt-xsm blocked
test-armhf-armhf-libvirt-xsm fail
test-amd64-i386-libvirt-xsm pass
test-amd64-amd64-xl-xsm fail
test-arm64-arm64-xl-xsm blocked
test-armhf-armhf-xl-xsm fail
test-amd64-i386-xl-xsm pass
test-amd64-amd64-qemuu-nested-amd fail
test-amd64-amd64-xl-pvh-amd fail
test-amd64-i386-qemut-rhel6hvm-amd pass
test-amd64-i386-qemuu-rhel6hvm-amd pass
test-amd64-amd64-xl-qemut-debianhvm-amd64 pass
test-amd64-i386-xl-qemut-debianhvm-amd64 pass
test-amd64-amd64-xl-qemuu-debianhvm-amd64 pass
test-amd64-i386-xl-qemuu-debianhvm-amd64 pass
test-amd64-i386-freebsd10-amd64 pass
test-amd64-amd64-xl-qemuu-ovmf-amd64 pass
test-amd64-i386-xl-qemuu-ovmf-amd64 pass
test-amd64-amd64-rumprun-amd64 pass
test-amd64-amd64-xl-qemut-win7-amd64 fail
test-amd64-i386-xl-qemut-win7-amd64 fail
test-amd64-amd64-xl-qemuu-win7-amd64 fail
test-amd64-i386-xl-qemuu-win7-amd64 fail
test-armhf-armhf-xl-arndale fail
test-amd64-amd64-xl-credit2 fail
test-arm64-arm64-xl-credit2 blocked
test-armhf-armhf-xl-credit2 fail
test-armhf-armhf-xl-cubietruck pass
test-amd64-i386-freebsd10-i386 pass
test-amd64-i386-rumprun-i386 fail
test-amd64-amd64-qemuu-nested-intel pass
test-amd64-amd64-xl-pvh-intel fail
test-amd64-i386-qemut-rhel6hvm-intel pass
test-amd64-i386-qemuu-rhel6hvm-intel pass
test-amd64-amd64-libvirt pass
test-arm64-arm64-libvirt blocked
test-armhf-armhf-libvirt fail
test-amd64-i386-libvirt fail
test-amd64-amd64-xl-multivcpu fail
test-arm64-arm64-xl-multivcpu blocked
test-armhf-armhf-xl-multivcpu fail
test-amd64-amd64-pair pass
test-amd64-i386-pair pass
test-amd64-amd64-libvirt-pair pass
test-amd64-i386-libvirt-pair fail
test-amd64-amd64-amd64-pvgrub pass
test-amd64-amd64-i386-pvgrub pass
test-amd64-amd64-pygrub pass
test-arm64-arm64-libvirt-qcow2 blocked
test-amd64-amd64-xl-qcow2 pass
test-armhf-armhf-libvirt-raw fail
test-amd64-i386-xl-raw pass
test-amd64-amd64-xl-rtds fail
test-arm64-arm64-xl-rtds blocked
test-armhf-armhf-xl-rtds fail
test-amd64-i386-xl-qemut-winxpsp3-vcpus1 pass
test-amd64-i386-xl-qemuu-winxpsp3-vcpus1 pass
test-amd64-amd64-libvirt-vhd pass
test-armhf-armhf-xl-vhd fail
test-amd64-amd64-xl-qemut-winxpsp3 pass
test-amd64-i386-xl-qemut-winxpsp3 pass
test-amd64-amd64-xl-qemuu-winxpsp3 pass
test-amd64-i386-xl-qemuu-winxpsp3 pass
------------------------------------------------------------
sg-report-flight on osstest.test-lab.xenproject.org
logs: /home/logs/logs
images: /home/logs/images
Logs, config files, etc. are available at
http://logs.test-lab.xenproject.org/osstest/logs
Explanation of these reports, and of osstest in general, is at
http://xenbits.xen.org/gitweb/?p=osstest.git;a=blob;f=README.email;hb=master
http://xenbits.xen.org/gitweb/?p=osstest.git;a=blob;f=README;hb=master
Test harness code can be found at
http://xenbits.xen.org/gitweb?p=osstest.git;a=summary
Not pushing.
(No revision log; it would be 2205857 lines long.)
_______________________________________________
Xen-devel mailing list
Xen-devel@lists.xen.org
https://lists.xen.org/xen-devel
^ permalink raw reply [flat|nested] 3+ messages in thread
* Re: [linux-linus test] 105655: regressions - FAIL
2017-02-09 10:00 [linux-linus test] 105655: regressions - FAIL osstest service owner
@ 2017-02-09 10:44 ` Dario Faggioli
2017-02-09 13:20 ` Boris Ostrovsky
0 siblings, 1 reply; 3+ messages in thread
From: Dario Faggioli @ 2017-02-09 10:44 UTC (permalink / raw)
To: osstest service owner, xen-devel; +Cc: Juergen Gross, Boris Ostrovsky
[-- Attachment #1.1: Type: text/plain, Size: 1797 bytes --]
On Thu, 2017-02-09 at 10:00 +0000, osstest service owner wrote:
> flight 105655 linux-linus real [real]
> http://logs.test-lab.xenproject.org/osstest/logs/105655/
>
> Regressions :-(
>
> Tests which did not succeed and are blocking,
> including tests which could not be run:
> test-amd64-amd64-xl-credit2 14 guest-saverestore fail REGR.
> vs. 59254
> test-amd64-amd64-xl 17 guest-localmigrate/x10 fail REGR.
> vs. 59254
> test-amd64-amd64-xl-xsm 17 guest-localmigrate/x10 fail REGR.
> vs. 59254
> test-amd64-i386-xl 17 guest-localmigrate/x10 fail REGR.
> vs. 59254
> test-amd64-amd64-xl-multivcpu 14 guest-saverestore fail REGR.
> vs. 59254
>
I gave a quick look at these ones above, and it looks to me that Linux
is panicing either while freezing:
http://logs.test-lab.xenproject.org/osstest/logs/105655/test-amd64-amd64-xl-credit2/rimava0---var-log-xen-console-guest-debian.guest.osstest.log
http://logs.test-lab.xenproject.org/osstest/logs/105655/test-amd64-amd64-xl-multivcpu/elbling1---var-log-xen-console-guest-debian.guest.osstest.log
Or when trying to come back:
http://logs.test-lab.xenproject.org/osstest/logs/105655/test-amd64-amd64-xl/godello0---var-log-xen-console-guest-debian.guest.osstest--incoming.log
http://logs.test-lab.xenproject.org/osstest/logs/105655/test-amd64-i386-xl/chardonnay0---var-log-xen-console-guest-debian.guest.osstest--incoming.log
Regards,
Dario
--
<<This happens because I choose it to happen!>> (Raistlin Majere)
-----------------------------------------------------------------
Dario Faggioli, Ph.D, http://about.me/dario.faggioli
Senior Software Engineer, Citrix Systems R&D Ltd., Cambridge (UK)
[-- Attachment #1.2: This is a digitally signed message part --]
[-- Type: application/pgp-signature, Size: 819 bytes --]
[-- Attachment #2: Type: text/plain, Size: 127 bytes --]
_______________________________________________
Xen-devel mailing list
Xen-devel@lists.xen.org
https://lists.xen.org/xen-devel
^ permalink raw reply [flat|nested] 3+ messages in thread
* Re: [linux-linus test] 105655: regressions - FAIL
2017-02-09 10:44 ` Dario Faggioli
@ 2017-02-09 13:20 ` Boris Ostrovsky
0 siblings, 0 replies; 3+ messages in thread
From: Boris Ostrovsky @ 2017-02-09 13:20 UTC (permalink / raw)
To: Dario Faggioli, osstest service owner, xen-devel; +Cc: Juergen Gross
On 02/09/2017 05:44 AM, Dario Faggioli wrote:
> On Thu, 2017-02-09 at 10:00 +0000, osstest service owner wrote:
>> flight 105655 linux-linus real [real]
>> http://logs.test-lab.xenproject.org/osstest/logs/105655/
>>
>> Regressions :-(
>>
>> Tests which did not succeed and are blocking,
>> including tests which could not be run:
>> test-amd64-amd64-xl-credit2 14 guest-saverestore fail REGR.
>> vs. 59254
>> test-amd64-amd64-xl 17 guest-localmigrate/x10 fail REGR.
>> vs. 59254
>> test-amd64-amd64-xl-xsm 17 guest-localmigrate/x10 fail REGR.
>> vs. 59254
>> test-amd64-i386-xl 17 guest-localmigrate/x10 fail REGR.
>> vs. 59254
>> test-amd64-amd64-xl-multivcpu 14 guest-saverestore fail REGR.
>> vs. 59254
>>
> I gave a quick look at these ones above, and it looks to me that Linux
> is panicing either while freezing:
>
> http://logs.test-lab.xenproject.org/osstest/logs/105655/test-amd64-amd64-xl-credit2/rimava0---var-log-xen-console-guest-debian.guest.osstest.log
> http://logs.test-lab.xenproject.org/osstest/logs/105655/test-amd64-amd64-xl-multivcpu/elbling1---var-log-xen-console-guest-debian.guest.osstest.log
>
> Or when trying to come back:
>
> http://logs.test-lab.xenproject.org/osstest/logs/105655/test-amd64-amd64-xl/godello0---var-log-xen-console-guest-debian.guest.osstest--incoming.log
> http://logs.test-lab.xenproject.org/osstest/logs/105655/test-amd64-i386-xl/chardonnay0---var-log-xen-console-guest-debian.guest.osstest--incoming.log
>
> Regards,
> Dario
>
These are known regressions and are fixed by
https://lists.xenproject.org/archives/html/xen-devel/2017-01/msg03269.html
and, to some extent, by
https://lists.xenproject.org/archives/html/xen-devel/2017-02/msg00625.html
Neither have been committed yet (which reminds me that I should probably
ping David Miller)
What I can't figure out is this failure:
http://logs.test-lab.xenproject.org/osstest/logs/105353/test-amd64-amd64-xl-qemut-debianhvm-amd64-xsm/13.ts-guest-localmigrate.log
i.e.
xc: info: Restoring domain
xc: detail: Failed allocation for dom 4: 1024 extents of order 0
xc: error: Failed to populate physmap (16 = Device or resource busy):
Internal error
xc: error: Failed to populate pfns for batch of 1024 pages: Internal error
xc: error: Restore failed (16 = Device or resource busy): Internal error
libxl-save-helper: debug: complete r=-1: Device or resource busy
-boris
_______________________________________________
Xen-devel mailing list
Xen-devel@lists.xen.org
https://lists.xen.org/xen-devel
^ permalink raw reply [flat|nested] 3+ messages in thread
end of thread, other threads:[~2017-02-09 13:20 UTC | newest]
Thread overview: 3+ messages (download: mbox.gz follow: Atom feed
-- links below jump to the message on this page --
2017-02-09 10:00 [linux-linus test] 105655: regressions - FAIL osstest service owner
2017-02-09 10:44 ` Dario Faggioli
2017-02-09 13:20 ` Boris Ostrovsky
This is a public inbox, see mirroring instructions
for how to clone and mirror all data and code used for this inbox;
as well as URLs for NNTP newsgroup(s).