* [xen-unstable test] 11609: regressions - FAIL
@ 2012-01-26 15:58 xen.org
2012-01-26 16:06 ` Tim Deegan
0 siblings, 1 reply; 2+ messages in thread
From: xen.org @ 2012-01-26 15:58 UTC (permalink / raw)
To: xen-devel; +Cc: ian.jackson
flight 11609 xen-unstable real [real]
http://www.chiark.greenend.org.uk/~xensrcts/logs/11609/
Regressions :-(
Tests which did not succeed and are blocking,
including tests which could not be run:
build-amd64 4 xen-build fail REGR. vs. 11601
build-amd64-oldkern 4 xen-build fail REGR. vs. 11601
build-i386-oldkern 4 xen-build fail REGR. vs. 11601
build-i386 4 xen-build fail REGR. vs. 11601
Tests which did not succeed, but are not blocking:
test-amd64-amd64-xl-pcipt-intel 1 xen-build-check(1) blocked n/a
test-amd64-i386-rhel6hvm-intel 1 xen-build-check(1) blocked n/a
test-i386-i386-pv 1 xen-build-check(1) blocked n/a
test-amd64-i386-xl-multivcpu 1 xen-build-check(1) blocked n/a
test-amd64-i386-pv 1 xen-build-check(1) blocked n/a
test-i386-i386-xl 1 xen-build-check(1) blocked n/a
test-amd64-amd64-pv 1 xen-build-check(1) blocked n/a
test-amd64-i386-xl-credit2 1 xen-build-check(1) blocked n/a
test-amd64-amd64-xl-sedf 1 xen-build-check(1) blocked n/a
test-i386-i386-pair 1 xen-build-check(1) blocked n/a
test-amd64-i386-rhel6hvm-amd 1 xen-build-check(1) blocked n/a
test-amd64-i386-pair 1 xen-build-check(1) blocked n/a
test-amd64-i386-xl 1 xen-build-check(1) blocked n/a
test-amd64-amd64-xl-sedf-pin 1 xen-build-check(1) blocked n/a
test-amd64-amd64-xl 1 xen-build-check(1) blocked n/a
test-amd64-amd64-pair 1 xen-build-check(1) blocked n/a
test-amd64-amd64-xl-win7-amd64 1 xen-build-check(1) blocked n/a
test-amd64-i386-xend-winxpsp3 1 xen-build-check(1) blocked n/a
test-amd64-amd64-xl-win 1 xen-build-check(1) blocked n/a
test-i386-i386-xl-win 1 xen-build-check(1) blocked n/a
test-amd64-i386-xl-win-vcpus1 1 xen-build-check(1) blocked n/a
test-amd64-i386-win-vcpus1 1 xen-build-check(1) blocked n/a
test-amd64-i386-win 1 xen-build-check(1) blocked n/a
test-amd64-i386-xl-win7-amd64 1 xen-build-check(1) blocked n/a
test-i386-i386-win 1 xen-build-check(1) blocked n/a
test-i386-i386-xl-winxpsp3 1 xen-build-check(1) blocked n/a
test-amd64-amd64-win 1 xen-build-check(1) blocked n/a
test-amd64-amd64-xl-winxpsp3 1 xen-build-check(1) blocked n/a
test-amd64-i386-xl-winxpsp3-vcpus1 1 xen-build-check(1) blocked n/a
version targeted for testing:
xen 570d0ea0ad2f
baseline version:
xen 4271634e4c86
------------------------------------------------------------
People who touched revisions under test:
Adin Scanneell <adin@scannell.ca>
Adin Scannell <adin@scannell.ca>
Andres Lagar-Cavilla <andres@lagarcavilla.org>
Andres Lagar-Cavilla <andres@scannell.ca>
George Dunlap <george.dunlap@eu.citrix.com>
Ian Campbell <ian.campbell@citrix.com>
Jan Beulich <jbeulich@suse.com>
Keir Fraser <keir@xen.org>
Olaf Hering <olaf@aepfle.de>
Stefano Stabellini <stefano.stabellini@eu.citrix.com>
Tim Deegan <tim@xen.org>
------------------------------------------------------------
jobs:
build-amd64 fail
build-i386 fail
build-amd64-oldkern fail
build-i386-oldkern fail
build-amd64-pvops pass
build-i386-pvops pass
test-amd64-amd64-xl blocked
test-amd64-i386-xl blocked
test-i386-i386-xl blocked
test-amd64-i386-rhel6hvm-amd blocked
test-amd64-amd64-xl-win7-amd64 blocked
test-amd64-i386-xl-win7-amd64 blocked
test-amd64-i386-xl-credit2 blocked
test-amd64-amd64-xl-pcipt-intel blocked
test-amd64-i386-rhel6hvm-intel blocked
test-amd64-i386-xl-multivcpu blocked
test-amd64-amd64-pair blocked
test-amd64-i386-pair blocked
test-i386-i386-pair blocked
test-amd64-amd64-xl-sedf-pin blocked
test-amd64-amd64-pv blocked
test-amd64-i386-pv blocked
test-i386-i386-pv blocked
test-amd64-amd64-xl-sedf blocked
test-amd64-i386-win-vcpus1 blocked
test-amd64-i386-xl-win-vcpus1 blocked
test-amd64-i386-xl-winxpsp3-vcpus1 blocked
test-amd64-amd64-win blocked
test-amd64-i386-win blocked
test-i386-i386-win blocked
test-amd64-amd64-xl-win blocked
test-i386-i386-xl-win blocked
test-amd64-i386-xend-winxpsp3 blocked
test-amd64-amd64-xl-winxpsp3 blocked
test-i386-i386-xl-winxpsp3 blocked
------------------------------------------------------------
sg-report-flight on woking.cam.xci-test.com
logs: /home/xc_osstest/logs
images: /home/xc_osstest/images
Logs, config files, etc. are available at
http://www.chiark.greenend.org.uk/~xensrcts/logs
Test harness code can be found at
http://xenbits.xensource.com/gitweb?p=osstest.git;a=summary
Not pushing.
(No revision log; it would be 437 lines long.)
^ permalink raw reply [flat|nested] 2+ messages in thread
* Re: [xen-unstable test] 11609: regressions - FAIL
2012-01-26 15:58 [xen-unstable test] 11609: regressions - FAIL xen.org
@ 2012-01-26 16:06 ` Tim Deegan
0 siblings, 0 replies; 2+ messages in thread
From: Tim Deegan @ 2012-01-26 16:06 UTC (permalink / raw)
To: xen-devel
At 15:58 +0000 on 26 Jan (1327593514), xen. org wrote:
> flight 11609 xen-unstable real [real]
> http://www.chiark.greenend.org.uk/~xensrcts/logs/11609/
>
> Regressions :-(
>
> Tests which did not succeed and are blocking,
> including tests which could not be run:
> build-amd64 4 xen-build fail REGR. vs. 11601
> build-amd64-oldkern 4 xen-build fail REGR. vs. 11601
> build-i386-oldkern 4 xen-build fail REGR. vs. 11601
> build-i386 4 xen-build fail REGR. vs. 11601
>
Should be fixed by 24589:266a12304601
Tim.
^ permalink raw reply [flat|nested] 2+ messages in thread
end of thread, other threads:[~2012-01-26 16:06 UTC | newest]
Thread overview: 2+ messages (download: mbox.gz follow: Atom feed
-- links below jump to the message on this page --
2012-01-26 15:58 [xen-unstable test] 11609: regressions - FAIL xen.org
2012-01-26 16:06 ` Tim Deegan
This is a public inbox, see mirroring instructions
for how to clone and mirror all data and code used for this inbox;
as well as URLs for NNTP newsgroup(s).