xen-devel.lists.xenproject.org archive mirror
 help / color / mirror / Atom feed
From: Konrad Rzeszutek Wilk <konrad.wilk@oracle.com>
To: "xen.org" <ian.jackson@eu.citrix.com>
Cc: xen-devel@lists.xensource.com
Subject: Re: [linux-linus test] 12620: regressions - trouble: blocked/broken/fail/pass
Date: Mon, 9 Apr 2012 18:32:00 -0400	[thread overview]
Message-ID: <20120409223200.GF12783@phenom.dumpdata.com> (raw)
In-Reply-To: <osstest-12620-mainreport@xen.org>

On Mon, Apr 09, 2012 at 07:18:24PM +0100, xen.org wrote:
> flight 12620 linux-linus real [real]
> http://www.chiark.greenend.org.uk/~xensrcts/logs/12620/
> version targeted for testing:
.. snip..
>  linux                0034102808e0dbbf3a2394b82b1bb40b5778de9e

Hm, that version should have worked.


> baseline version:
>  linux                c16fa4f2ad19908a47c63d8fa436a1178438c7e7
> 
> jobs:
>  build-amd64                                                  pass    
>  build-i386                                                   broken  

Ah, so b/c of that the other things broke. I am not actually
sure what is broken except that the initrd looks to have not been
pushed properly?

  reply	other threads:[~2012-04-09 22:32 UTC|newest]

Thread overview: 3+ messages / expand[flat|nested]  mbox.gz  Atom feed  top
2012-04-09 18:18 [linux-linus test] 12620: regressions - trouble: blocked/broken/fail/pass xen.org
2012-04-09 22:32 ` Konrad Rzeszutek Wilk [this message]
2012-04-10 10:49   ` [linux-linus test] 12620: regressions - trouble: blocked/broken/fail/pass [and 1 more messages] Ian Jackson

Reply instructions:

You may reply publicly to this message via plain-text email
using any one of the following methods:

* Save the following mbox file, import it into your mail client,
  and reply-to-all from there: mbox

  Avoid top-posting and favor interleaved quoting:
  https://en.wikipedia.org/wiki/Posting_style#Interleaved_style

* Reply using the --to, --cc, and --in-reply-to
  switches of git-send-email(1):

  git send-email \
    --in-reply-to=20120409223200.GF12783@phenom.dumpdata.com \
    --to=konrad.wilk@oracle.com \
    --cc=ian.jackson@eu.citrix.com \
    --cc=xen-devel@lists.xensource.com \
    /path/to/YOUR_REPLY

  https://kernel.org/pub/software/scm/git/docs/git-send-email.html

* If your mail client supports setting the In-Reply-To header
  via mailto: links, try the mailto: link
Be sure your reply has a Subject: header at the top and a blank line before the message body.
This is a public inbox, see mirroring instructions
for how to clone and mirror all data and code used for this inbox;
as well as URLs for NNTP newsgroup(s).