From mboxrd@z Thu Jan 1 00:00:00 1970 From: Konrad Rzeszutek Wilk Subject: Re: [linux-linus test] 12620: regressions - trouble: blocked/broken/fail/pass Date: Mon, 9 Apr 2012 18:32:00 -0400 Message-ID: <20120409223200.GF12783@phenom.dumpdata.com> References: Mime-Version: 1.0 Content-Type: text/plain; charset="us-ascii" Content-Transfer-Encoding: 7bit Return-path: Content-Disposition: inline In-Reply-To: List-Unsubscribe: , List-Post: List-Help: List-Subscribe: , Sender: xen-devel-bounces@lists.xen.org Errors-To: xen-devel-bounces@lists.xen.org To: "xen.org" Cc: xen-devel@lists.xensource.com List-Id: xen-devel@lists.xenproject.org On Mon, Apr 09, 2012 at 07:18:24PM +0100, xen.org wrote: > flight 12620 linux-linus real [real] > http://www.chiark.greenend.org.uk/~xensrcts/logs/12620/ > version targeted for testing: .. snip.. > linux 0034102808e0dbbf3a2394b82b1bb40b5778de9e Hm, that version should have worked. > baseline version: > linux c16fa4f2ad19908a47c63d8fa436a1178438c7e7 > > jobs: > build-amd64 pass > build-i386 broken Ah, so b/c of that the other things broke. I am not actually sure what is broken except that the initrd looks to have not been pushed properly?