xen-devel.lists.xenproject.org archive mirror
 help / color / mirror / Atom feed
* [libvirt test] 106883: regressions - FAIL
@ 2017-03-24 18:17 osstest service owner
  2017-03-24 22:11 ` Jim Fehlig
  0 siblings, 1 reply; 2+ messages in thread
From: osstest service owner @ 2017-03-24 18:17 UTC (permalink / raw)
  To: xen-devel, osstest-admin

[-- Attachment #1: Type: text/plain, Size: 5281 bytes --]

flight 106883 libvirt real [real]
http://logs.test-lab.xenproject.org/osstest/logs/106883/

Regressions :-(

Tests which did not succeed and are blocking,
including tests which could not be run:
 build-armhf-libvirt           5 libvirt-build            fail REGR. vs. 106829

Tests which did not succeed, but are not blocking:
 test-arm64-arm64-libvirt-xsm  1 build-check(1)               blocked  n/a
 test-armhf-armhf-libvirt      1 build-check(1)               blocked  n/a
 build-arm64-libvirt           1 build-check(1)               blocked  n/a
 test-arm64-arm64-libvirt-qcow2  1 build-check(1)               blocked  n/a
 test-armhf-armhf-libvirt-raw  1 build-check(1)               blocked  n/a
 test-arm64-arm64-libvirt      1 build-check(1)               blocked  n/a
 test-armhf-armhf-libvirt-xsm  1 build-check(1)               blocked  n/a
 build-arm64                   5 xen-build                    fail   never pass
 test-amd64-amd64-libvirt-xsm 12 migrate-support-check        fail   never pass
 test-amd64-i386-libvirt      12 migrate-support-check        fail   never pass
 test-amd64-i386-libvirt-xsm  12 migrate-support-check        fail   never pass
 test-amd64-amd64-libvirt     12 migrate-support-check        fail   never pass
 build-arm64-xsm               5 xen-build                    fail   never pass
 test-amd64-i386-libvirt-qemuu-debianhvm-amd64-xsm 10 migrate-support-check fail never pass
 test-amd64-amd64-libvirt-qemuu-debianhvm-amd64-xsm 10 migrate-support-check fail never pass
 build-arm64-pvops             5 kernel-build                 fail   never pass
 test-amd64-amd64-libvirt-vhd 11 migrate-support-check        fail   never pass

version targeted for testing:
 libvirt              554253ad04463e0442030f4630f0a4a02613a595
baseline version:
 libvirt              9b14b2bc3ba95457589fe08f139542476314ff19

Last test of basis   106829  2017-03-22 04:22:56 Z    2 days
Failing since        106855  2017-03-23 04:22:59 Z    1 days    2 attempts
Testing same since   106883  2017-03-24 05:50:33 Z    0 days    1 attempts

------------------------------------------------------------
People who touched revisions under test:
  Andrea Bolognani <abologna@redhat.com>
  Cédric Bosdonnat <cbosdonnat@suse.com>
  John Ferlan <jferlan@redhat.com>
  Ján Tomko <jtomko@redhat.com>
  Laine Stump <laine@laine.org>
  Michal Privoznik <mprivozn@redhat.com>
  Roman Bogorodskiy <bogorodskiy@gmail.com>

jobs:
 build-amd64-xsm                                              pass    
 build-arm64-xsm                                              fail    
 build-armhf-xsm                                              pass    
 build-i386-xsm                                               pass    
 build-amd64                                                  pass    
 build-arm64                                                  fail    
 build-armhf                                                  pass    
 build-i386                                                   pass    
 build-amd64-libvirt                                          pass    
 build-arm64-libvirt                                          blocked 
 build-armhf-libvirt                                          fail    
 build-i386-libvirt                                           pass    
 build-amd64-pvops                                            pass    
 build-arm64-pvops                                            fail    
 build-armhf-pvops                                            pass    
 build-i386-pvops                                             pass    
 test-amd64-amd64-libvirt-qemuu-debianhvm-amd64-xsm           pass    
 test-amd64-i386-libvirt-qemuu-debianhvm-amd64-xsm            pass    
 test-amd64-amd64-libvirt-xsm                                 pass    
 test-arm64-arm64-libvirt-xsm                                 blocked 
 test-armhf-armhf-libvirt-xsm                                 blocked 
 test-amd64-i386-libvirt-xsm                                  pass    
 test-amd64-amd64-libvirt                                     pass    
 test-arm64-arm64-libvirt                                     blocked 
 test-armhf-armhf-libvirt                                     blocked 
 test-amd64-i386-libvirt                                      pass    
 test-amd64-amd64-libvirt-pair                                pass    
 test-amd64-i386-libvirt-pair                                 pass    
 test-arm64-arm64-libvirt-qcow2                               blocked 
 test-armhf-armhf-libvirt-raw                                 blocked 
 test-amd64-amd64-libvirt-vhd                                 pass    


------------------------------------------------------------
sg-report-flight on osstest.test-lab.xenproject.org
logs: /home/logs/logs
images: /home/logs/images

Logs, config files, etc. are available at
    http://logs.test-lab.xenproject.org/osstest/logs

Explanation of these reports, and of osstest in general, is at
    http://xenbits.xen.org/gitweb/?p=osstest.git;a=blob;f=README.email;hb=master
    http://xenbits.xen.org/gitweb/?p=osstest.git;a=blob;f=README;hb=master

Test harness code can be found at
    http://xenbits.xen.org/gitweb?p=osstest.git;a=summary


Not pushing.

(No revision log; it would be 551 lines long.)


[-- Attachment #2: Type: text/plain, Size: 127 bytes --]

_______________________________________________
Xen-devel mailing list
Xen-devel@lists.xen.org
https://lists.xen.org/xen-devel

^ permalink raw reply	[flat|nested] 2+ messages in thread

* Re: [libvirt test] 106883: regressions - FAIL
  2017-03-24 18:17 [libvirt test] 106883: regressions - FAIL osstest service owner
@ 2017-03-24 22:11 ` Jim Fehlig
  0 siblings, 0 replies; 2+ messages in thread
From: Jim Fehlig @ 2017-03-24 22:11 UTC (permalink / raw)
  To: osstest service owner, xen-devel, Cedric Bosdonnat

On 03/24/2017 12:17 PM, osstest service owner wrote:
> flight 106883 libvirt real [real]
> http://logs.test-lab.xenproject.org/osstest/logs/106883/
>
> Regressions :-(
>
> Tests which did not succeed and are blocking,
> including tests which could not be run:
>  build-armhf-libvirt           5 libvirt-build            fail REGR. vs. 106829

Cedric,

It looks like one of your recent libvirt changes triggers this build failure

util/virnetdevip.c: In function 'virNetDevIPCheckIPv6ForwardingCallback':
util/virnetdevip.c:560:17: error: cast increases required alignment of target 
type [-Werror=cast-align]
      for (rta = RTM_RTA(rtmsg); RTA_OK(rta, len); rta = RTA_NEXT(rta, len)) {

Regards,
Jim

_______________________________________________
Xen-devel mailing list
Xen-devel@lists.xen.org
https://lists.xen.org/xen-devel

^ permalink raw reply	[flat|nested] 2+ messages in thread

end of thread, other threads:[~2017-03-24 22:11 UTC | newest]

Thread overview: 2+ messages (download: mbox.gz follow: Atom feed
-- links below jump to the message on this page --
2017-03-24 18:17 [libvirt test] 106883: regressions - FAIL osstest service owner
2017-03-24 22:11 ` Jim Fehlig

This is a public inbox, see mirroring instructions
for how to clone and mirror all data and code used for this inbox;
as well as URLs for NNTP newsgroup(s).