xen-devel.lists.xenproject.org archive mirror
 help / color / mirror / Atom feed
* [linux-linus test] 25677: regressions - FAIL
@ 2014-03-27 18:00 xen.org
  2014-03-14 16:42 ` [linux-linus test] 25478: " xen.org
  0 siblings, 1 reply; 22+ messages in thread
From: xen.org @ 2014-03-27 18:00 UTC (permalink / raw)
  To: xen-devel; +Cc: ian.jackson

flight 25677 linux-linus real [real]
http://www.chiark.greenend.org.uk/~xensrcts/logs/25677/

Regressions :-(

Tests which did not succeed and are blocking,
including tests which could not be run:
 test-amd64-i386-pair   17 guest-migrate/src_host/dst_host fail REGR. vs. 12557

Regressions which are regarded as allowable (not blocking):
 test-amd64-i386-xl-qemuu-winxpsp3 11 guest-saverestore.2 fail blocked in 12557

Tests which did not succeed, but are not blocking:
 test-armhf-armhf-xl          10 migrate-support-check        fail   never pass
 test-amd64-amd64-pv           1 xen-build-check(1)           blocked  n/a
 test-amd64-amd64-xl-pcipt-intel  9 guest-start                 fail never pass
 test-amd64-i386-pv            1 xen-build-check(1)           blocked  n/a
 test-amd64-amd64-xl-winxpsp3 14 guest-stop                   fail   never pass
 test-amd64-i386-xl-win7-amd64 14 guest-stop                   fail  never pass
 test-amd64-amd64-xl-qemut-win7-amd64 14 guest-stop             fail never pass
 test-amd64-i386-xl-qemuu-win7-amd64 14 guest-stop              fail never pass
 test-amd64-amd64-xl-win7-amd64 14 guest-stop                   fail never pass
 test-amd64-i386-xl-qemut-winxpsp3-vcpus1 14 guest-stop         fail never pass
 test-amd64-amd64-xl-qemut-winxpsp3 14 guest-stop               fail never pass
 test-amd64-i386-xl-qemuu-winxpsp3-vcpus1 14 guest-stop         fail never pass
 test-amd64-i386-xl-winxpsp3-vcpus1 14 guest-stop               fail never pass
 test-amd64-i386-xl-winxpsp3  14 guest-stop                   fail   never pass
 test-amd64-i386-xl-qemut-winxpsp3 14 guest-stop                fail never pass
 test-amd64-i386-xl-qemut-win7-amd64 14 guest-stop              fail never pass
 test-amd64-amd64-xl-qemuu-win7-amd64 14 guest-stop             fail never pass
 test-amd64-amd64-xl-qemuu-winxpsp3 14 guest-stop               fail never pass

version targeted for testing:
 linux                f217c44ebd41ce7369d2df07622b2839479183b0
baseline version:
 linux                c16fa4f2ad19908a47c63d8fa436a1178438c7e7

------------------------------------------------------------
7133 people touched revisions under test,
not listing them all
------------------------------------------------------------

jobs:
 build-amd64                                                  pass    
 build-armhf                                                  pass    
 build-i386                                                   pass    
 build-amd64-pvops                                            pass    
 build-armhf-pvops                                            pass    
 build-i386-pvops                                             pass    
 test-amd64-amd64-xl                                          pass    
 test-armhf-armhf-xl                                          pass    
 test-amd64-i386-xl                                           pass    
 test-amd64-i386-rhel6hvm-amd                                 pass    
 test-amd64-i386-qemut-rhel6hvm-amd                           pass    
 test-amd64-i386-qemuu-rhel6hvm-amd                           pass    
 test-amd64-i386-freebsd10-amd64                              pass    
 test-amd64-amd64-xl-qemut-win7-amd64                         fail    
 test-amd64-i386-xl-qemut-win7-amd64                          fail    
 test-amd64-amd64-xl-qemuu-win7-amd64                         fail    
 test-amd64-i386-xl-qemuu-win7-amd64                          fail    
 test-amd64-amd64-xl-win7-amd64                               fail    
 test-amd64-i386-xl-win7-amd64                                fail    
 test-amd64-i386-xl-credit2                                   pass    
 test-amd64-i386-freebsd10-i386                               pass    
 test-amd64-amd64-xl-pcipt-intel                              fail    
 test-amd64-i386-rhel6hvm-intel                               pass    
 test-amd64-i386-qemut-rhel6hvm-intel                         pass    
 test-amd64-i386-qemuu-rhel6hvm-intel                         pass    
 test-amd64-i386-xl-multivcpu                                 pass    
 test-amd64-amd64-pair                                        pass    
 test-amd64-i386-pair                                         fail    
 test-amd64-amd64-xl-sedf-pin                                 pass    
 test-amd64-amd64-pv                                          blocked 
 test-amd64-i386-pv                                           blocked 
 test-amd64-amd64-xl-sedf                                     pass    
 test-amd64-i386-xl-qemut-winxpsp3-vcpus1                     fail    
 test-amd64-i386-xl-qemuu-winxpsp3-vcpus1                     fail    
 test-amd64-i386-xl-winxpsp3-vcpus1                           fail    
 test-amd64-amd64-xl-qemut-winxpsp3                           fail    
 test-amd64-i386-xl-qemut-winxpsp3                            fail    
 test-amd64-amd64-xl-qemuu-winxpsp3                           fail    
 test-amd64-i386-xl-qemuu-winxpsp3                            fail    
 test-amd64-amd64-xl-winxpsp3                                 fail    
 test-amd64-i386-xl-winxpsp3                                  fail    


------------------------------------------------------------
sg-report-flight on osstest.cam.xci-test.com
logs: /home/xc_osstest/logs
images: /home/xc_osstest/images

Logs, config files, etc. are available at
    http://www.chiark.greenend.org.uk/~xensrcts/logs

Test harness code can be found at
    http://xenbits.xensource.com/gitweb?p=osstest.git;a=summary


Not pushing.

(No revision log; it would be 2409397 lines long.)

^ permalink raw reply	[flat|nested] 22+ messages in thread

end of thread, other threads:[~2014-04-16 13:48 UTC | newest]

Thread overview: 22+ messages (download: mbox.gz follow: Atom feed
-- links below jump to the message on this page --
2014-03-27 18:00 [linux-linus test] 25677: regressions - FAIL xen.org
2014-03-14 16:42 ` [linux-linus test] 25478: " xen.org
2014-03-14 17:07   ` Ian Campbell
2014-03-14 18:23     ` Konrad Rzeszutek Wilk
2014-03-17 11:08       ` Ian Campbell
2014-03-17 19:36         ` Konrad Rzeszutek Wilk
2014-03-18  9:28           ` Ian Campbell
2014-03-18  9:43             ` Ian Campbell
2014-03-18  9:29           ` Ian Campbell
2014-03-18 10:55             ` David Vrabel
2014-03-18 11:04               ` Ian Campbell
2014-03-18 11:10                 ` Ian Campbell
2014-03-18 11:25                   ` David Vrabel
2014-03-18 11:29                     ` Ian Campbell
     [not found]                       ` <53283118.5050706@citrix.com>
     [not found]                         ` <1395143026.12847.47.camel@kazak.uk.xensource.com>
2014-04-10 15:37                           ` [linux-linus test] 25478: regressions - FAIL [and 1 more messages] Ian Jackson
2014-04-16 10:12                             ` Ian Jackson
2014-04-16 10:53                               ` David Vrabel
2014-04-16 11:47                                 ` Ian Jackson
2014-04-16 13:48                                   ` David Vrabel
2014-03-17 12:01     ` [linux-linus test] 25478: regressions - FAIL David Vrabel
2014-03-17 12:23       ` Ian Campbell
2014-03-17 19:38       ` Konrad Rzeszutek Wilk

This is a public inbox, see mirroring instructions
for how to clone and mirror all data and code used for this inbox;
as well as URLs for NNTP newsgroup(s).