xen-devel.lists.xenproject.org archive mirror
 help / color / mirror / Atom feed
* [libvirt test] 62376: regressions - FAIL
@ 2015-09-27  8:35 osstest service owner
  2015-09-29  3:03 ` Jim Fehlig
  0 siblings, 1 reply; 2+ messages in thread
From: osstest service owner @ 2015-09-27  8:35 UTC (permalink / raw)
  To: xen-devel, osstest-admin

[-- Warning: decoded text below may be mangled, UTF-8 assumed --]
[-- Attachment #1: Type: text/plain, Size: 5650 bytes --]

flight 62376 libvirt real [real]
http://logs.test-lab.xenproject.org/osstest/logs/62376/

Regressions :-(

Tests which did not succeed and are blocking,
including tests which could not be run:
 build-amd64-libvirt           5 libvirt-build             fail REGR. vs. 62281
 build-i386-libvirt            5 libvirt-build             fail REGR. vs. 62281
 build-armhf-libvirt           5 libvirt-build             fail REGR. vs. 62281

Tests which did not succeed, but are not blocking:
 test-armhf-armhf-libvirt-vhd  1 build-check(1)               blocked  n/a
 test-armhf-armhf-libvirt-raw  1 build-check(1)               blocked  n/a
 test-armhf-armhf-libvirt-qcow2  1 build-check(1)               blocked  n/a
 test-armhf-armhf-libvirt-xsm  1 build-check(1)               blocked  n/a
 test-amd64-i386-libvirt       1 build-check(1)               blocked  n/a
 test-amd64-i386-libvirt-xsm   1 build-check(1)               blocked  n/a
 test-amd64-amd64-libvirt-xsm  1 build-check(1)               blocked  n/a
 test-armhf-armhf-libvirt      1 build-check(1)               blocked  n/a
 test-amd64-i386-libvirt-pair  1 build-check(1)               blocked  n/a
 test-amd64-amd64-libvirt-pair  1 build-check(1)               blocked  n/a
 test-amd64-i386-libvirt-qcow2  1 build-check(1)               blocked  n/a
 test-amd64-i386-libvirt-raw   1 build-check(1)               blocked  n/a
 test-amd64-amd64-libvirt-raw  1 build-check(1)               blocked  n/a
 test-amd64-i386-libvirt-qemuu-debianhvm-amd64-xsm 1 build-check(1) blocked n/a
 test-amd64-amd64-libvirt-qcow2  1 build-check(1)               blocked  n/a
 test-amd64-amd64-libvirt-qemuu-debianhvm-amd64-xsm 1 build-check(1) blocked n/a
 test-amd64-amd64-libvirt      1 build-check(1)               blocked  n/a
 test-amd64-i386-libvirt-vhd   1 build-check(1)               blocked  n/a
 test-amd64-amd64-libvirt-vhd  1 build-check(1)               blocked  n/a

version targeted for testing:
 libvirt              7383b8cc068f0e9fd77ca25c6737cd90dbf1c967
baseline version:
 libvirt              086f37e97aabb0b3c82d8cd16559a29aa92d59d0

Last test of basis    62281  2015-09-22 15:38:20 Z    4 days
Testing same since    62376  2015-09-25 21:29:31 Z    1 days    1 attempts

------------------------------------------------------------
People who touched revisions under test:
  Andrea Bolognani <abologna@redhat.com>
  Cole Robinson <crobinso@redhat.com>
  Erik Skultety <eskultet@redhat.com>
  Guido Günther <agx@sigxcpu.org>
  Jiri Denemark <jdenemar@redhat.com>
  John Ferlan <jferlan@redhat.com>
  Luyao Huang <lhuang@redhat.com>
  Martin Kletzander <mkletzan@redhat.com>
  Michal Privoznik <mprivozn@redhat.com>
  Peter Krempa <pkrempa@redhat.com>
  Shivangi Dhir <shivangi.dhir.02@gmail.com>

jobs:
 build-amd64-xsm                                              pass
 build-armhf-xsm                                              pass
 build-i386-xsm                                               pass
 build-amd64                                                  pass
 build-armhf                                                  pass
 build-i386                                                   pass
 build-amd64-libvirt                                          fail
 build-armhf-libvirt                                          fail
 build-i386-libvirt                                           fail
 build-amd64-pvops                                            pass
 build-armhf-pvops                                            pass
 build-i386-pvops                                             pass
 test-amd64-amd64-libvirt-qemuu-debianhvm-amd64-xsm           blocked
 test-amd64-i386-libvirt-qemuu-debianhvm-amd64-xsm            blocked
 test-amd64-amd64-libvirt-xsm                                 blocked
 test-armhf-armhf-libvirt-xsm                                 blocked
 test-amd64-i386-libvirt-xsm                                  blocked
 test-amd64-amd64-libvirt                                     blocked
 test-armhf-armhf-libvirt                                     blocked
 test-amd64-i386-libvirt                                      blocked
 test-amd64-amd64-libvirt-pair                                blocked
 test-amd64-i386-libvirt-pair                                 blocked
 test-amd64-amd64-libvirt-qcow2                               blocked
 test-armhf-armhf-libvirt-qcow2                               blocked
 test-amd64-i386-libvirt-qcow2                                blocked
 test-amd64-amd64-libvirt-raw                                 blocked
 test-armhf-armhf-libvirt-raw                                 blocked
 test-amd64-i386-libvirt-raw                                  blocked
 test-amd64-amd64-libvirt-vhd                                 blocked
 test-armhf-armhf-libvirt-vhd                                 blocked
 test-amd64-i386-libvirt-vhd                                  blocked


------------------------------------------------------------
sg-report-flight on osstest.test-lab.xenproject.org
logs: /home/logs/logs
images: /home/logs/images

Logs, config files, etc. are available at
    http://logs.test-lab.xenproject.org/osstest/logs

Explanation of these reports, and of osstest in general, is at
    http://xenbits.xen.org/gitweb/?p=osstest.git;a=blob;f=README.email;hb=master
    http://xenbits.xen.org/gitweb/?p=osstest.git;a=blob;f=README;hb=master

Test harness code can be found at
    http://xenbits.xen.org/gitweb?p=osstest.git;a=summary


Not pushing.

(No revision log; it would be 415 lines long.)


[-- Attachment #2: Type: text/plain, Size: 126 bytes --]

_______________________________________________
Xen-devel mailing list
Xen-devel@lists.xen.org
http://lists.xen.org/xen-devel

^ permalink raw reply	[flat|nested] 2+ messages in thread

* Re: [libvirt test] 62376: regressions - FAIL
  2015-09-27  8:35 [libvirt test] 62376: regressions - FAIL osstest service owner
@ 2015-09-29  3:03 ` Jim Fehlig
  0 siblings, 0 replies; 2+ messages in thread
From: Jim Fehlig @ 2015-09-29  3:03 UTC (permalink / raw)
  To: osstest service owner, xen-devel

On 09/27/2015 02:35 AM, osstest service owner wrote:
> flight 62376 libvirt real [real]
> http://logs.test-lab.xenproject.org/osstest/logs/62376/
>
> Regressions :-(
>
> Tests which did not succeed and are blocking,
> including tests which could not be run:
>   build-amd64-libvirt           5 libvirt-build             fail REGR. vs. 62281
>   build-i386-libvirt            5 libvirt-build             fail REGR. vs. 62281
>   build-armhf-libvirt           5 libvirt-build             fail REGR. vs. 62281

FYI, the error here was

conf/domain_conf.c: In function 'virDomainDefParseXML':
conf/domain_conf.c:14681:5: error: comparison of unsigned expression < 0 is 
always false [-Werror=type-limits]
cc1: all warnings being treated as errors

which has already been fixed by libvirt commit 5e06a4f0.

Regards,
Jim

^ permalink raw reply	[flat|nested] 2+ messages in thread

end of thread, other threads:[~2015-09-29  3:03 UTC | newest]

Thread overview: 2+ messages (download: mbox.gz follow: Atom feed
-- links below jump to the message on this page --
2015-09-27  8:35 [libvirt test] 62376: regressions - FAIL osstest service owner
2015-09-29  3:03 ` Jim Fehlig

This is a public inbox, see mirroring instructions
for how to clone and mirror all data and code used for this inbox;
as well as URLs for NNTP newsgroup(s).