xen-devel.lists.xenproject.org archive mirror
 help / color / mirror / Atom feed
From: Joao Martins <joao.m.martins@oracle.com>
To: xen-devel@lists.xen.org
Subject: Re: [libvirt test] 80615: regressions - FAIL
Date: Fri, 5 Feb 2016 18:44:18 +0000	[thread overview]
Message-ID: <56B4ED82.5040408@oracle.com> (raw)
In-Reply-To: <osstest-80615-mainreport@xen.org>



On 02/05/2016 05:59 PM, osstest service owner wrote:
> flight 80615 libvirt real [real]
> http://logs.test-lab.xenproject.org/osstest/logs/80615/
> 
> Regressions :-(
> 
FYI, already bisected this a while ago and it's introduced by commit
8cd1d54 ("util: Export remoteSerializeTypedParameters internally via util") and
I'm about to propose a fix to the author of the patch.

> Tests which did not succeed and are blocking,
> including tests which could not be run:
>  test-armhf-armhf-libvirt-raw  9 debian-di-install         fail REGR. vs. 80121
>  test-amd64-i386-libvirt-pair 21 guest-migrate/src_host/dst_host fail REGR. vs. 80121
>  test-amd64-amd64-libvirt-pair 21 guest-migrate/src_host/dst_host fail REGR. vs. 80121
> 
> Tests which did not succeed, but are not blocking:
>  test-armhf-armhf-libvirt-qcow2 11 migrate-support-check        fail never pass
>  test-armhf-armhf-libvirt-qcow2 13 guest-saverestore            fail never pass
>  test-armhf-armhf-libvirt     14 guest-saverestore            fail   never pass
>  test-armhf-armhf-libvirt     12 migrate-support-check        fail   never pass
>  test-armhf-armhf-libvirt-xsm 12 migrate-support-check        fail   never pass
>  test-armhf-armhf-libvirt-xsm 14 guest-saverestore            fail   never pass
>  test-amd64-amd64-libvirt-vhd 11 migrate-support-check        fail   never pass
>  test-amd64-amd64-libvirt     12 migrate-support-check        fail   never pass
>  test-amd64-i386-libvirt      12 migrate-support-check        fail   never pass
>  test-amd64-amd64-libvirt-qemuu-debianhvm-amd64-xsm 10 migrate-support-check fail never pass
>  test-amd64-i386-libvirt-xsm  12 migrate-support-check        fail   never pass
>  test-amd64-i386-libvirt-qemuu-debianhvm-amd64-xsm 10 migrate-support-check fail never pass
>  test-amd64-amd64-libvirt-xsm 12 migrate-support-check        fail   never pass
> 
> version targeted for testing:
>  libvirt              02a34d2af4d38d64ec9096296061fea7badc61fe
> baseline version:
>  libvirt              6ec319b84f67d72bf59fe7e0fd41d88ee9c393c7
> 
> Last test of basis    80121  2016-02-03 04:26:28 Z    2 days
> Failing since         80382  2016-02-04 04:29:24 Z    1 days    2 attempts
> Testing same since    80615  2016-02-05 04:38:19 Z    0 days    1 attempts
> 
> ------------------------------------------------------------
> People who touched revisions under test:
>   Daniel P. Berrange <berrange@redhat.com>
>   Dmitry Andreev <dandreev@virtuozzo.com>
>   Erik Skultety <eskultet@redhat.com>
>   Joao Martins <joao.m.martins@oracle.com>
>   John Ferlan <jferlan@redhat.com>
>   Ján Tomko <jtomko@redhat.com>
>   Martin Kletzander <mkletzan@redhat.com>
>   Michal Privoznik <mprivozn@redhat.com>
>   Nikolay Shirokovskiy <nshirokovskiy@virtuozzo.com>
>   Peter Krempa <pkrempa@redhat.com>
>   Roman Bogorodskiy <bogorodskiy@gmail.com>
> 
> jobs:
>  build-amd64-xsm                                              pass    
>  build-armhf-xsm                                              pass    
>  build-i386-xsm                                               pass    
>  build-amd64                                                  pass    
>  build-armhf                                                  pass    
>  build-i386                                                   pass    
>  build-amd64-libvirt                                          pass    
>  build-armhf-libvirt                                          pass    
>  build-i386-libvirt                                           pass    
>  build-amd64-pvops                                            pass    
>  build-armhf-pvops                                            pass    
>  build-i386-pvops                                             pass    
>  test-amd64-amd64-libvirt-qemuu-debianhvm-amd64-xsm           pass    
>  test-amd64-i386-libvirt-qemuu-debianhvm-amd64-xsm            pass    
>  test-amd64-amd64-libvirt-xsm                                 pass    
>  test-armhf-armhf-libvirt-xsm                                 fail    
>  test-amd64-i386-libvirt-xsm                                  pass    
>  test-amd64-amd64-libvirt                                     pass    
>  test-armhf-armhf-libvirt                                     fail    
>  test-amd64-i386-libvirt                                      pass    
>  test-amd64-amd64-libvirt-pair                                fail    
>  test-amd64-i386-libvirt-pair                                 fail    
>  test-armhf-armhf-libvirt-qcow2                               fail    
>  test-armhf-armhf-libvirt-raw                                 fail    
>  test-amd64-amd64-libvirt-vhd                                 pass    
> 
> 
> ------------------------------------------------------------
> sg-report-flight on osstest.test-lab.xenproject.org
> logs: /home/logs/logs
> images: /home/logs/images
> 
> Logs, config files, etc. are available at
>     http://logs.test-lab.xenproject.org/osstest/logs
> 
> Explanation of these reports, and of osstest in general, is at
>     http://xenbits.xen.org/gitweb/?p=osstest.git;a=blob;f=README.email;hb=master
>     http://xenbits.xen.org/gitweb/?p=osstest.git;a=blob;f=README;hb=master
> 
> Test harness code can be found at
>     http://xenbits.xen.org/gitweb?p=osstest.git;a=summary
> 
> 
> Not pushing.
> 
> (No revision log; it would be 393 lines long.)
> 
> 
> 
> _______________________________________________
> Xen-devel mailing list
> Xen-devel@lists.xen.org
> http://lists.xen.org/xen-devel
> 

      reply	other threads:[~2016-02-05 18:44 UTC|newest]

Thread overview: 2+ messages / expand[flat|nested]  mbox.gz  Atom feed  top
2016-02-05 17:59 [libvirt test] 80615: regressions - FAIL osstest service owner
2016-02-05 18:44 ` Joao Martins [this message]

Reply instructions:

You may reply publicly to this message via plain-text email
using any one of the following methods:

* Save the following mbox file, import it into your mail client,
  and reply-to-all from there: mbox

  Avoid top-posting and favor interleaved quoting:
  https://en.wikipedia.org/wiki/Posting_style#Interleaved_style

* Reply using the --to, --cc, and --in-reply-to
  switches of git-send-email(1):

  git send-email \
    --in-reply-to=56B4ED82.5040408@oracle.com \
    --to=joao.m.martins@oracle.com \
    --cc=xen-devel@lists.xen.org \
    /path/to/YOUR_REPLY

  https://kernel.org/pub/software/scm/git/docs/git-send-email.html

* If your mail client supports setting the In-Reply-To header
  via mailto: links, try the mailto: link
Be sure your reply has a Subject: header at the top and a blank line before the message body.
This is a public inbox, see mirroring instructions
for how to clone and mirror all data and code used for this inbox;
as well as URLs for NNTP newsgroup(s).