From mboxrd@z Thu Jan 1 00:00:00 1970 From: Joao Martins Subject: Re: [libvirt test] 80615: regressions - FAIL Date: Fri, 5 Feb 2016 18:44:18 +0000 Message-ID: <56B4ED82.5040408@oracle.com> References: Mime-Version: 1.0 Content-Type: text/plain; charset="windows-1252" Content-Transfer-Encoding: quoted-printable Return-path: In-Reply-To: List-Unsubscribe: , List-Post: List-Help: List-Subscribe: , Sender: xen-devel-bounces@lists.xen.org Errors-To: xen-devel-bounces@lists.xen.org To: xen-devel@lists.xen.org List-Id: xen-devel@lists.xenproject.org On 02/05/2016 05:59 PM, osstest service owner wrote: > flight 80615 libvirt real [real] > http://logs.test-lab.xenproject.org/osstest/logs/80615/ > = > Regressions :-( > = FYI, already bisected this a while ago and it's introduced by commit 8cd1d54 ("util: Export remoteSerializeTypedParameters internally via util")= and I'm about to propose a fix to the author of the patch. > Tests which did not succeed and are blocking, > including tests which could not be run: > test-armhf-armhf-libvirt-raw 9 debian-di-install fail REGR. vs.= 80121 > test-amd64-i386-libvirt-pair 21 guest-migrate/src_host/dst_host fail REG= R. vs. 80121 > test-amd64-amd64-libvirt-pair 21 guest-migrate/src_host/dst_host fail RE= GR. vs. 80121 > = > Tests which did not succeed, but are not blocking: > test-armhf-armhf-libvirt-qcow2 11 migrate-support-check fail neve= r pass > test-armhf-armhf-libvirt-qcow2 13 guest-saverestore fail neve= r pass > test-armhf-armhf-libvirt 14 guest-saverestore fail neve= r pass > test-armhf-armhf-libvirt 12 migrate-support-check fail neve= r pass > test-armhf-armhf-libvirt-xsm 12 migrate-support-check fail neve= r pass > test-armhf-armhf-libvirt-xsm 14 guest-saverestore fail neve= r pass > test-amd64-amd64-libvirt-vhd 11 migrate-support-check fail neve= r pass > test-amd64-amd64-libvirt 12 migrate-support-check fail neve= r pass > test-amd64-i386-libvirt 12 migrate-support-check fail neve= r pass > test-amd64-amd64-libvirt-qemuu-debianhvm-amd64-xsm 10 migrate-support-ch= eck fail never pass > test-amd64-i386-libvirt-xsm 12 migrate-support-check fail neve= r pass > test-amd64-i386-libvirt-qemuu-debianhvm-amd64-xsm 10 migrate-support-che= ck fail never pass > test-amd64-amd64-libvirt-xsm 12 migrate-support-check fail neve= r pass > = > version targeted for testing: > libvirt 02a34d2af4d38d64ec9096296061fea7badc61fe > baseline version: > libvirt 6ec319b84f67d72bf59fe7e0fd41d88ee9c393c7 > = > Last test of basis 80121 2016-02-03 04:26:28 Z 2 days > Failing since 80382 2016-02-04 04:29:24 Z 1 days 2 attempts > Testing same since 80615 2016-02-05 04:38:19 Z 0 days 1 attempts > = > ------------------------------------------------------------ > People who touched revisions under test: > Daniel P. Berrange > Dmitry Andreev > Erik Skultety > Joao Martins > John Ferlan > J=C3=A1n Tomko > Martin Kletzander > Michal Privoznik > Nikolay Shirokovskiy > Peter Krempa > Roman Bogorodskiy > = > jobs: > build-amd64-xsm pass = > build-armhf-xsm pass = > build-i386-xsm pass = > build-amd64 pass = > build-armhf pass = > build-i386 pass = > build-amd64-libvirt pass = > build-armhf-libvirt pass = > build-i386-libvirt pass = > build-amd64-pvops pass = > build-armhf-pvops pass = > build-i386-pvops pass = > test-amd64-amd64-libvirt-qemuu-debianhvm-amd64-xsm pass = > test-amd64-i386-libvirt-qemuu-debianhvm-amd64-xsm pass = > test-amd64-amd64-libvirt-xsm pass = > test-armhf-armhf-libvirt-xsm fail = > test-amd64-i386-libvirt-xsm pass = > test-amd64-amd64-libvirt pass = > test-armhf-armhf-libvirt fail = > test-amd64-i386-libvirt pass = > test-amd64-amd64-libvirt-pair fail = > test-amd64-i386-libvirt-pair fail = > test-armhf-armhf-libvirt-qcow2 fail = > test-armhf-armhf-libvirt-raw fail = > test-amd64-amd64-libvirt-vhd pass = > = > = > ------------------------------------------------------------ > sg-report-flight on osstest.test-lab.xenproject.org > logs: /home/logs/logs > images: /home/logs/images > = > Logs, config files, etc. are available at > http://logs.test-lab.xenproject.org/osstest/logs > = > Explanation of these reports, and of osstest in general, is at > http://xenbits.xen.org/gitweb/?p=3Dosstest.git;a=3Dblob;f=3DREADME.em= ail;hb=3Dmaster > http://xenbits.xen.org/gitweb/?p=3Dosstest.git;a=3Dblob;f=3DREADME;hb= =3Dmaster > = > Test harness code can be found at > http://xenbits.xen.org/gitweb?p=3Dosstest.git;a=3Dsummary > = > = > Not pushing. > = > (No revision log; it would be 393 lines long.) > = > = > = > _______________________________________________ > Xen-devel mailing list > Xen-devel@lists.xen.org > http://lists.xen.org/xen-devel > =