xen-devel.lists.xenproject.org archive mirror
 help / color / mirror / Atom feed
* [libvirt test] 91597: regressions - FAIL
@ 2016-04-16 11:54 osstest service owner
  2016-04-18 17:04 ` Jim Fehlig
  0 siblings, 1 reply; 3+ messages in thread
From: osstest service owner @ 2016-04-16 11:54 UTC (permalink / raw)
  To: xen-devel, osstest-admin

[-- Attachment #1: Type: text/plain, Size: 4828 bytes --]

flight 91597 libvirt real [real]
http://logs.test-lab.xenproject.org/osstest/logs/91597/

Regressions :-(

Tests which did not succeed and are blocking,
including tests which could not be run:
 build-amd64-libvirt           5 libvirt-build             fail REGR. vs. 91479
 build-i386-libvirt            5 libvirt-build             fail REGR. vs. 91479
 build-armhf-libvirt           5 libvirt-build             fail REGR. vs. 91479

Tests which did not succeed, but are not blocking:
 test-armhf-armhf-libvirt-xsm  1 build-check(1)               blocked  n/a
 test-armhf-armhf-libvirt      1 build-check(1)               blocked  n/a
 test-amd64-amd64-libvirt-xsm  1 build-check(1)               blocked  n/a
 test-amd64-i386-libvirt       1 build-check(1)               blocked  n/a
 test-amd64-i386-libvirt-xsm   1 build-check(1)               blocked  n/a
 test-amd64-i386-libvirt-pair  1 build-check(1)               blocked  n/a
 test-amd64-amd64-libvirt      1 build-check(1)               blocked  n/a
 test-amd64-amd64-libvirt-pair  1 build-check(1)               blocked  n/a
 test-amd64-amd64-libvirt-qemuu-debianhvm-amd64-xsm 1 build-check(1) blocked n/a
 test-amd64-i386-libvirt-qemuu-debianhvm-amd64-xsm 1 build-check(1) blocked n/a
 test-amd64-amd64-libvirt-vhd  1 build-check(1)               blocked  n/a
 test-armhf-armhf-libvirt-qcow2  1 build-check(1)               blocked  n/a
 test-armhf-armhf-libvirt-raw  1 build-check(1)               blocked  n/a

version targeted for testing:
 libvirt              e744065679ccba8471d28b2cf6e93f443cd20c8c
baseline version:
 libvirt              8b62c65d24bdb20121d3147b4f4dc98bac4f024b

Last test of basis    91479  2016-04-15 05:33:51 Z    1 days
Testing same since    91597  2016-04-16 04:20:46 Z    0 days    1 attempts

------------------------------------------------------------
People who touched revisions under test:
  Andrea Bolognani <abologna@redhat.com>
  Cole Robinson <crobinso@redhat.com>
  Erik Skultety <eskultet@redhat.com>
  Jim Fehlig <jfehlig@suse.com>
  Jiri Denemark <jdenemar@redhat.com>
  Ján Tomko <jtomko@redhat.com>
  Martin Kletzander <mkletzan@redhat.com>
  Maxim Nestratov <mnestratov@virtuozzo.com>
  Nitesh Konkar <niteshkonkar.libvirt@gmail.com>
  Nitesh Konkar <nitkon12@linux.vnet.ibm.com>
  Olga Krishtal <okrishtal@virtuozzo.com>
  Peter Krempa <pkrempa@redhat.com>
  Richard W.M. Jones <rjones@redhat.com>

jobs:
 build-amd64-xsm                                              pass    
 build-armhf-xsm                                              pass    
 build-i386-xsm                                               pass    
 build-amd64                                                  pass    
 build-armhf                                                  pass    
 build-i386                                                   pass    
 build-amd64-libvirt                                          fail    
 build-armhf-libvirt                                          fail    
 build-i386-libvirt                                           fail    
 build-amd64-pvops                                            pass    
 build-armhf-pvops                                            pass    
 build-i386-pvops                                             pass    
 test-amd64-amd64-libvirt-qemuu-debianhvm-amd64-xsm           blocked 
 test-amd64-i386-libvirt-qemuu-debianhvm-amd64-xsm            blocked 
 test-amd64-amd64-libvirt-xsm                                 blocked 
 test-armhf-armhf-libvirt-xsm                                 blocked 
 test-amd64-i386-libvirt-xsm                                  blocked 
 test-amd64-amd64-libvirt                                     blocked 
 test-armhf-armhf-libvirt                                     blocked 
 test-amd64-i386-libvirt                                      blocked 
 test-amd64-amd64-libvirt-pair                                blocked 
 test-amd64-i386-libvirt-pair                                 blocked 
 test-armhf-armhf-libvirt-qcow2                               blocked 
 test-armhf-armhf-libvirt-raw                                 blocked 
 test-amd64-amd64-libvirt-vhd                                 blocked 


------------------------------------------------------------
sg-report-flight on osstest.test-lab.xenproject.org
logs: /home/logs/logs
images: /home/logs/images

Logs, config files, etc. are available at
    http://logs.test-lab.xenproject.org/osstest/logs

Explanation of these reports, and of osstest in general, is at
    http://xenbits.xen.org/gitweb/?p=osstest.git;a=blob;f=README.email;hb=master
    http://xenbits.xen.org/gitweb/?p=osstest.git;a=blob;f=README;hb=master

Test harness code can be found at
    http://xenbits.xen.org/gitweb?p=osstest.git;a=summary


Not pushing.

(No revision log; it would be 345 lines long.)


[-- Attachment #2: Type: text/plain, Size: 126 bytes --]

_______________________________________________
Xen-devel mailing list
Xen-devel@lists.xen.org
http://lists.xen.org/xen-devel

^ permalink raw reply	[flat|nested] 3+ messages in thread

* Re: [libvirt test] 91597: regressions - FAIL
  2016-04-16 11:54 [libvirt test] 91597: regressions - FAIL osstest service owner
@ 2016-04-18 17:04 ` Jim Fehlig
  2016-04-20 13:31   ` Wei Liu
  0 siblings, 1 reply; 3+ messages in thread
From: Jim Fehlig @ 2016-04-18 17:04 UTC (permalink / raw)
  To: osstest service owner, xen-devel

On 04/16/2016 05:54 AM, osstest service owner wrote:
> flight 91597 libvirt real [real]
> http://logs.test-lab.xenproject.org/osstest/logs/91597/
>
> Regressions :-(
>
> Tests which did not succeed and are blocking,
> including tests which could not be run:
>  build-amd64-libvirt           5 libvirt-build             fail REGR. vs. 91479
>  build-i386-libvirt            5 libvirt-build             fail REGR. vs. 91479
>  build-armhf-libvirt           5 libvirt-build             fail REGR. vs. 91479

These build failures (warnings treated as errors) surfaced after defining
LIBXL_API_VERSION=0x040200. E.g.

In file included from
/home/osstest/build.91597.build-amd64-libvirt/xendist/usr/local/include/libxl.h:439:0,
                 from libxl/libxl_domain.h:27,
                 from libxl/libxl_domain.c:28:
/home/osstest/build.91597.build-amd64-libvirt/xendist/usr/local/include/libxl_uuid.h:64:1:
error: 'static' is not at beginning of declaration [-Werror=old-style-declaration]
 void static inline libxl_uuid_copy_0x040400(libxl_uuid *dst,
 ^
/home/osstest/build.91597.build-amd64-libvirt/xendist/usr/local/include/libxl_uuid.h:64:1:
error: 'inline' is not at beginning of declaration [-Werror=old-style-declaration]

I suppose the obvious fix is to change the declarations and backport to all
maintained releases. Another option is suppressing the warning. Or perhaps a
better trick?

Regards,
Jim


_______________________________________________
Xen-devel mailing list
Xen-devel@lists.xen.org
http://lists.xen.org/xen-devel

^ permalink raw reply	[flat|nested] 3+ messages in thread

* Re: [libvirt test] 91597: regressions - FAIL
  2016-04-18 17:04 ` Jim Fehlig
@ 2016-04-20 13:31   ` Wei Liu
  0 siblings, 0 replies; 3+ messages in thread
From: Wei Liu @ 2016-04-20 13:31 UTC (permalink / raw)
  To: Jim Fehlig; +Cc: xen-devel, Wei Liu, osstest service owner

On Mon, Apr 18, 2016 at 11:04:39AM -0600, Jim Fehlig wrote:
> On 04/16/2016 05:54 AM, osstest service owner wrote:
> > flight 91597 libvirt real [real]
> > http://logs.test-lab.xenproject.org/osstest/logs/91597/
> >
> > Regressions :-(
> >
> > Tests which did not succeed and are blocking,
> > including tests which could not be run:
> >  build-amd64-libvirt           5 libvirt-build             fail REGR. vs. 91479
> >  build-i386-libvirt            5 libvirt-build             fail REGR. vs. 91479
> >  build-armhf-libvirt           5 libvirt-build             fail REGR. vs. 91479
> 
> These build failures (warnings treated as errors) surfaced after defining
> LIBXL_API_VERSION=0x040200. E.g.
> 
> In file included from
> /home/osstest/build.91597.build-amd64-libvirt/xendist/usr/local/include/libxl.h:439:0,
>                  from libxl/libxl_domain.h:27,
>                  from libxl/libxl_domain.c:28:
> /home/osstest/build.91597.build-amd64-libvirt/xendist/usr/local/include/libxl_uuid.h:64:1:
> error: 'static' is not at beginning of declaration [-Werror=old-style-declaration]
>  void static inline libxl_uuid_copy_0x040400(libxl_uuid *dst,
>  ^
> /home/osstest/build.91597.build-amd64-libvirt/xendist/usr/local/include/libxl_uuid.h:64:1:
> error: 'inline' is not at beginning of declaration [-Werror=old-style-declaration]
> 
> I suppose the obvious fix is to change the declarations and backport to all
> maintained releases. Another option is suppressing the warning. Or perhaps a
> better trick?
> 

I submitted a fix for this:

  <1460932613-10522-1-git-send-email-wei.liu2@citrix.com>

I suppose it would be fine to backport that. It would be cumbersome to
explicitly suppress that warning IMHO.


Wei.

> Regards,
> Jim
> 
> 
> _______________________________________________
> Xen-devel mailing list
> Xen-devel@lists.xen.org
> http://lists.xen.org/xen-devel

_______________________________________________
Xen-devel mailing list
Xen-devel@lists.xen.org
http://lists.xen.org/xen-devel

^ permalink raw reply	[flat|nested] 3+ messages in thread

end of thread, other threads:[~2016-04-20 13:31 UTC | newest]

Thread overview: 3+ messages (download: mbox.gz follow: Atom feed
-- links below jump to the message on this page --
2016-04-16 11:54 [libvirt test] 91597: regressions - FAIL osstest service owner
2016-04-18 17:04 ` Jim Fehlig
2016-04-20 13:31   ` Wei Liu

This is a public inbox, see mirroring instructions
for how to clone and mirror all data and code used for this inbox;
as well as URLs for NNTP newsgroup(s).