xen-devel.lists.xenproject.org archive mirror
 help / color / mirror / Atom feed
* [xen-unstable test] 103162: regressions - FAIL
@ 2016-12-12 19:18 osstest service owner
  2016-12-13  8:37 ` Jan Beulich
  0 siblings, 1 reply; 5+ messages in thread
From: osstest service owner @ 2016-12-12 19:18 UTC (permalink / raw)
  To: xen-devel, osstest-admin

[-- Attachment #1: Type: text/plain, Size: 12635 bytes --]

flight 103162 xen-unstable real [real]
http://logs.test-lab.xenproject.org/osstest/logs/103162/

Regressions :-(

Tests which did not succeed and are blocking,
including tests which could not be run:
 build-i386-xsm                5 xen-build                fail REGR. vs. 102942
 test-amd64-i386-xl-qemuu-debianhvm-amd64 9 debian-hvm-install fail REGR. vs. 102942

Regressions which are regarded as allowable (not blocking):
 test-amd64-amd64-xl-rtds      6 xen-boot                 fail REGR. vs. 102942
 test-armhf-armhf-xl-rtds     11 guest-start              fail REGR. vs. 102942
 test-armhf-armhf-libvirt     13 saverestore-support-check    fail  like 102942
 test-armhf-armhf-libvirt-xsm 13 saverestore-support-check    fail  like 102942
 test-amd64-i386-xl-qemuu-win7-amd64 16 guest-stop             fail like 102942
 test-amd64-amd64-xl-qemut-win7-amd64 16 guest-stop            fail like 102942
 test-armhf-armhf-libvirt-raw 12 saverestore-support-check    fail  like 102942
 test-armhf-armhf-libvirt-qcow2 12 saverestore-support-check   fail like 102942
 test-amd64-amd64-xl-qemuu-win7-amd64 16 guest-stop            fail like 102942
 test-amd64-i386-xl-qemut-win7-amd64 16 guest-stop             fail like 102942

Tests which did not succeed, but are not blocking:
 test-amd64-i386-xl-xsm        1 build-check(1)               blocked  n/a
 test-amd64-i386-libvirt-qemuu-debianhvm-amd64-xsm 1 build-check(1) blocked n/a
 test-amd64-i386-xl-qemuu-debianhvm-amd64-xsm  1 build-check(1)     blocked n/a
 test-amd64-i386-xl-qemut-debianhvm-amd64-xsm  1 build-check(1)     blocked n/a
 test-amd64-i386-libvirt-xsm   1 build-check(1)               blocked  n/a
 test-amd64-i386-xl-qemut-stubdom-debianhvm-amd64-xsm 1 build-check(1) blocked n/a
 test-amd64-amd64-libvirt-xsm 12 migrate-support-check        fail   never pass
 test-amd64-amd64-libvirt-qemuu-debianhvm-amd64-xsm 10 migrate-support-check fail never pass
 test-amd64-amd64-xl-pvh-amd  11 guest-start                  fail   never pass
 test-amd64-amd64-libvirt     12 migrate-support-check        fail   never pass
 test-amd64-amd64-libvirt-vhd 11 migrate-support-check        fail   never pass
 test-armhf-armhf-xl-multivcpu 12 migrate-support-check        fail  never pass
 test-armhf-armhf-xl-multivcpu 13 saverestore-support-check    fail  never pass
 test-armhf-armhf-xl          12 migrate-support-check        fail   never pass
 test-armhf-armhf-xl          13 saverestore-support-check    fail   never pass
 test-amd64-amd64-qemuu-nested-amd 16 debian-hvm-install/l1/l2  fail never pass
 test-amd64-amd64-xl-pvh-intel 11 guest-start                  fail  never pass
 test-amd64-i386-libvirt      12 migrate-support-check        fail   never pass
 test-armhf-armhf-libvirt     12 migrate-support-check        fail   never pass
 test-armhf-armhf-xl-credit2  12 migrate-support-check        fail   never pass
 test-armhf-armhf-xl-credit2  13 saverestore-support-check    fail   never pass
 test-armhf-armhf-xl-cubietruck 12 migrate-support-check        fail never pass
 test-armhf-armhf-xl-cubietruck 13 saverestore-support-check    fail never pass
 test-armhf-armhf-xl-xsm      12 migrate-support-check        fail   never pass
 test-armhf-armhf-xl-xsm      13 saverestore-support-check    fail   never pass
 test-armhf-armhf-libvirt-xsm 12 migrate-support-check        fail   never pass
 test-armhf-armhf-libvirt-raw 11 migrate-support-check        fail   never pass
 test-armhf-armhf-xl-arndale  12 migrate-support-check        fail   never pass
 test-armhf-armhf-xl-arndale  13 saverestore-support-check    fail   never pass
 test-armhf-armhf-libvirt-qcow2 11 migrate-support-check        fail never pass
 test-armhf-armhf-xl-vhd      11 migrate-support-check        fail   never pass
 test-armhf-armhf-xl-vhd      12 saverestore-support-check    fail   never pass

version targeted for testing:
 xen                  79e996a89f695db0d8af745a04121b778100be99
baseline version:
 xen                  8e4b2676685f50bc26f03b5f62d8b7aea8e69dbf

Last test of basis   102942  2016-12-05 12:53:37 Z    7 days
Failing since        102997  2016-12-06 11:29:43 Z    6 days    4 attempts
Testing same since   103162  2016-12-11 20:45:48 Z    0 days    1 attempts

------------------------------------------------------------
People who touched revisions under test:
  Andrew Cooper <andrew.cooper3@citrix.com>
  Andrii Anisov <andrii_anisov@epam.com>
  Artem Mygaiev <artem_mygaiev@epam.com>
  Cedric Bosdonnat <cbosdonnat@suse.com>
  Cédric Bosdonnat <cbosdonnat@suse.com>
  Daniel De Graaf <dgdegra@tycho.nsa.gov>
  Daniel Kiper <daniel.kiper@oracle.com>
  Ian Jackson <ian.jackson@eu.citrix.com>
  Jan Beulich <jbeulich@suse.com>
  Juergen Gross <jgross@suse.com>
  Julien Grall <julien.grall@arm.com>
  Jun Sun <jsun@junsun.net>
  Oleksandr Tyshchenko <oleksandr_tyshchenko@epam.com>
  Oleksandr Tyshchenko <olekstysh@gmail.com>
  Peng Fan <peng.fan@nxp.com>
  Roger Pau Monné <roger.pau@citrix.com>
  Sameer Goel <sgoel@codeaurora.org>
  Samuel Thibault <samuel.thibault@ens-lyon.org>
  Stefano Stabellini <sstabellini@kernel.org>
  Steve Capper <steve.capper@linaro.org>
  Tamas K Lengyel <tamas@tklengyel.com>
  Tim Deegan <tim@xen.org>
  Wei Liu <wei.liu2@citrix.com>

jobs:
 build-amd64-xsm                                              pass    
 build-armhf-xsm                                              pass    
 build-i386-xsm                                               fail    
 build-amd64-xtf                                              pass    
 build-amd64                                                  pass    
 build-armhf                                                  pass    
 build-i386                                                   pass    
 build-amd64-libvirt                                          pass    
 build-armhf-libvirt                                          pass    
 build-i386-libvirt                                           pass    
 build-amd64-oldkern                                          pass    
 build-i386-oldkern                                           pass    
 build-amd64-prev                                             pass    
 build-i386-prev                                              pass    
 build-amd64-pvops                                            pass    
 build-armhf-pvops                                            pass    
 build-i386-pvops                                             pass    
 build-amd64-rumprun                                          pass    
 build-i386-rumprun                                           pass    
 test-xtf-amd64-amd64-1                                       pass    
 test-xtf-amd64-amd64-2                                       pass    
 test-xtf-amd64-amd64-3                                       pass    
 test-xtf-amd64-amd64-4                                       pass    
 test-xtf-amd64-amd64-5                                       pass    
 test-amd64-amd64-xl                                          pass    
 test-armhf-armhf-xl                                          pass    
 test-amd64-i386-xl                                           pass    
 test-amd64-amd64-xl-qemut-debianhvm-amd64-xsm                pass    
 test-amd64-i386-xl-qemut-debianhvm-amd64-xsm                 blocked 
 test-amd64-amd64-libvirt-qemuu-debianhvm-amd64-xsm           pass    
 test-amd64-i386-libvirt-qemuu-debianhvm-amd64-xsm            blocked 
 test-amd64-amd64-xl-qemuu-debianhvm-amd64-xsm                pass    
 test-amd64-i386-xl-qemuu-debianhvm-amd64-xsm                 blocked 
 test-amd64-amd64-xl-qemut-stubdom-debianhvm-amd64-xsm        pass    
 test-amd64-i386-xl-qemut-stubdom-debianhvm-amd64-xsm         blocked 
 test-amd64-amd64-libvirt-xsm                                 pass    
 test-armhf-armhf-libvirt-xsm                                 pass    
 test-amd64-i386-libvirt-xsm                                  blocked 
 test-amd64-amd64-xl-xsm                                      pass    
 test-armhf-armhf-xl-xsm                                      pass    
 test-amd64-i386-xl-xsm                                       blocked 
 test-amd64-amd64-qemuu-nested-amd                            fail    
 test-amd64-amd64-xl-pvh-amd                                  fail    
 test-amd64-i386-qemut-rhel6hvm-amd                           pass    
 test-amd64-i386-qemuu-rhel6hvm-amd                           pass    
 test-amd64-amd64-xl-qemut-debianhvm-amd64                    pass    
 test-amd64-i386-xl-qemut-debianhvm-amd64                     pass    
 test-amd64-amd64-xl-qemuu-debianhvm-amd64                    pass    
 test-amd64-i386-xl-qemuu-debianhvm-amd64                     fail    
 test-amd64-i386-freebsd10-amd64                              pass    
 test-amd64-amd64-xl-qemuu-ovmf-amd64                         pass    
 test-amd64-i386-xl-qemuu-ovmf-amd64                          pass    
 test-amd64-amd64-rumprun-amd64                               pass    
 test-amd64-amd64-xl-qemut-win7-amd64                         fail    
 test-amd64-i386-xl-qemut-win7-amd64                          fail    
 test-amd64-amd64-xl-qemuu-win7-amd64                         fail    
 test-amd64-i386-xl-qemuu-win7-amd64                          fail    
 test-armhf-armhf-xl-arndale                                  pass    
 test-amd64-amd64-xl-credit2                                  pass    
 test-armhf-armhf-xl-credit2                                  pass    
 test-armhf-armhf-xl-cubietruck                               pass    
 test-amd64-i386-freebsd10-i386                               pass    
 test-amd64-i386-rumprun-i386                                 pass    
 test-amd64-amd64-qemuu-nested-intel                          pass    
 test-amd64-amd64-xl-pvh-intel                                fail    
 test-amd64-i386-qemut-rhel6hvm-intel                         pass    
 test-amd64-i386-qemuu-rhel6hvm-intel                         pass    
 test-amd64-amd64-libvirt                                     pass    
 test-armhf-armhf-libvirt                                     pass    
 test-amd64-i386-libvirt                                      pass    
 test-amd64-amd64-migrupgrade                                 pass    
 test-amd64-i386-migrupgrade                                  pass    
 test-amd64-amd64-xl-multivcpu                                pass    
 test-armhf-armhf-xl-multivcpu                                pass    
 test-amd64-amd64-pair                                        pass    
 test-amd64-i386-pair                                         pass    
 test-amd64-amd64-libvirt-pair                                pass    
 test-amd64-i386-libvirt-pair                                 pass    
 test-amd64-amd64-amd64-pvgrub                                pass    
 test-amd64-amd64-i386-pvgrub                                 pass    
 test-amd64-amd64-pygrub                                      pass    
 test-armhf-armhf-libvirt-qcow2                               pass    
 test-amd64-amd64-xl-qcow2                                    pass    
 test-armhf-armhf-libvirt-raw                                 pass    
 test-amd64-i386-xl-raw                                       pass    
 test-amd64-amd64-xl-rtds                                     fail    
 test-armhf-armhf-xl-rtds                                     fail    
 test-amd64-i386-xl-qemut-winxpsp3-vcpus1                     pass    
 test-amd64-i386-xl-qemuu-winxpsp3-vcpus1                     pass    
 test-amd64-amd64-libvirt-vhd                                 pass    
 test-armhf-armhf-xl-vhd                                      pass    
 test-amd64-amd64-xl-qemut-winxpsp3                           pass    
 test-amd64-i386-xl-qemut-winxpsp3                            pass    
 test-amd64-amd64-xl-qemuu-winxpsp3                           pass    
 test-amd64-i386-xl-qemuu-winxpsp3                            pass    


------------------------------------------------------------
sg-report-flight on osstest.test-lab.xenproject.org
logs: /home/logs/logs
images: /home/logs/images

Logs, config files, etc. are available at
    http://logs.test-lab.xenproject.org/osstest/logs

Explanation of these reports, and of osstest in general, is at
    http://xenbits.xen.org/gitweb/?p=osstest.git;a=blob;f=README.email;hb=master
    http://xenbits.xen.org/gitweb/?p=osstest.git;a=blob;f=README;hb=master

Test harness code can be found at
    http://xenbits.xen.org/gitweb?p=osstest.git;a=summary


Not pushing.

(No revision log; it would be 1931 lines long.)


[-- Attachment #2: Type: text/plain, Size: 127 bytes --]

_______________________________________________
Xen-devel mailing list
Xen-devel@lists.xen.org
https://lists.xen.org/xen-devel

^ permalink raw reply	[flat|nested] 5+ messages in thread

* Re: [xen-unstable test] 103162: regressions - FAIL
  2016-12-12 19:18 [xen-unstable test] 103162: regressions - FAIL osstest service owner
@ 2016-12-13  8:37 ` Jan Beulich
  2016-12-13 10:43   ` Wei Liu
  0 siblings, 1 reply; 5+ messages in thread
From: Jan Beulich @ 2016-12-13  8:37 UTC (permalink / raw)
  To: Wei Liu; +Cc: xen-devel, osstest-admin

>>> On 12.12.16 at 20:18, <osstest-admin@xenproject.org> wrote:
> flight 103162 xen-unstable real [real]
> http://logs.test-lab.xenproject.org/osstest/logs/103162/ 
> 
> Regressions :-(
> 
> Tests which did not succeed and are blocking,
> including tests which could not be run:
>  build-i386-xsm                5 xen-build                fail REGR. vs. 102942

While this may be spurious, I'm not sure it's not also indicative of
a build race: At the time of the failure there are three "make[2]"-s
in the process of building inside xen/extras/mini-os-remote/. In
particular I wonder whether

/home/osstest/build.103162.build-i386-xsm/xen/stubdom/mini-os-x86_32-xenstore/mini-os.o: In function `gnttab_alloc_and_grant':
/home/osstest/build.103162.build-i386-xsm/xen/extras/mini-os-remote/gnttab.c:155: undefined reference to `_text'
/home/osstest/build.103162.build-i386-xsm/xen/stubdom/mini-os-x86_32-xenstore/mini-os.o: In function `call_main':
/home/osstest/build.103162.build-i386-xsm/xen/extras/mini-os-remote/main.c:160: undefined reference to `__CTOR_LIST__'
/home/osstest/build.103162.build-i386-xsm/xen/extras/mini-os-remote/main.c:160: undefined reference to `__CTOR_LIST__'
/home/osstest/build.103162.build-i386-xsm/xen/stubdom/mini-os-x86_32-xenstore/mini-os.o: In function `_exit':
/home/osstest/build.103162.build-i386-xsm/xen/extras/mini-os-remote/main.c:171: undefined reference to `__DTOR_LIST__'
/home/osstest/build.103162.build-i386-xsm/xen/extras/mini-os-remote/main.c:171: undefined reference to `__DTOR_LIST__'
/home/osstest/build.103162.build-i386-xsm/xen/stubdom/mini-os-x86_32-xenstore/mini-os.o: In function `alloc_pages':
/home/osstest/build.103162.build-i386-xsm/xen/extras/mini-os-remote/mm.c:273: undefined reference to `_text'
/home/osstest/build.103162.build-i386-xsm/xen/stubdom/mini-os-x86_32-xenstore/mini-os.o: In function `free_pages':
/home/osstest/build.103162.build-i386-xsm/xen/extras/mini-os-remote/mm.c:291: undefined reference to `_text'
/home/osstest/build.103162.build-i386-xsm/xen/extras/mini-os-remote/mm.c:304: undefined reference to `_text'
/home/osstest/build.103162.build-i386-xsm/xen/extras/mini-os-remote/mm.c:314: undefined reference to `_text'
/home/osstest/build.103162.build-i386-xsm/xen/stubdom/mini-os-x86_32-xenstore/mini-os.o: In function `init_page_allocator':
/home/osstest/build.103162.build-i386-xsm/xen/extras/mini-os-remote/mm.c:157: undefined reference to `_text'
/home/osstest/build.103162.build-i386-xsm/xen/stubdom/mini-os-x86_32-xenstore/mini-os.o:/home/osstest/build.103162.build-i386-xsm/xen/extras/mini-os-remote/mm.c:157: more undefined references to `_text' follow
/home/osstest/build.103162.build-i386-xsm/xen/stubdom/mini-os-x86_32-xenstore/mini-os.o: In function `arch_init_mm':
/home/osstest/build.103162.build-i386-xsm/xen/extras/mini-os-remote/arch/x86/mm.c:858: undefined reference to `_etext'
/home/osstest/build.103162.build-i386-xsm/xen/extras/mini-os-remote/arch/x86/mm.c:859: undefined reference to `_erodata'
/home/osstest/build.103162.build-i386-xsm/xen/extras/mini-os-remote/arch/x86/mm.c:860: undefined reference to `_edata'
/home/osstest/build.103162.build-i386-xsm/xen/extras/mini-os-remote/arch/x86/mm.c:862: undefined reference to `_end'
/home/osstest/build.103162.build-i386-xsm/xen/stubdom/mini-os-x86_32-xenstore/mini-os.o: In function `build_pagetable':
/home/osstest/build.103162.build-i386-xsm/xen/extras/mini-os-remote/arch/x86/mm.c:288: undefined reference to `_text'
/home/osstest/build.103162.build-i386-xsm/xen/extras/mini-os-remote/arch/x86/mm.c:294: undefined reference to `_text'
/home/osstest/build.103162.build-i386-xsm/xen/extras/mini-os-remote/arch/x86/mm.c:305: undefined reference to `_text'
/home/osstest/build.103162.build-i386-xsm/xen/extras/mini-os-remote/arch/x86/mm.c:306: undefined reference to `_text'
/home/osstest/build.103162.build-i386-xsm/xen/extras/mini-os-remote/arch/x86/mm.c:314: undefined reference to `_text'
/home/osstest/build.103162.build-i386-xsm/xen/stubdom/mini-os-x86_32-xenstore/mini-os.o:/home/osstest/build.103162.build-i386-xsm/xen/extras/mini-os-remote/arch/x86/mm.c:333: more undefined references to `_text' follow
/home/osstest/build.103162.build-i386-xsm/xen/stubdom/mini-os-x86_32-xenstore/mini-os.o: In function `set_readonly':
/home/osstest/build.103162.build-i386-xsm/xen/extras/mini-os-remote/arch/x86/mm.c:397: undefined reference to `_erodata'
/home/osstest/build.103162.build-i386-xsm/xen/extras/mini-os-remote/arch/x86/mm.c:397: undefined reference to `_text'
/home/osstest/build.103162.build-i386-xsm/xen/extras/mini-os-remote/arch/x86/mm.c:413: undefined reference to `_text'
/home/osstest/build.103162.build-i386-xsm/xen/extras/mini-os-remote/arch/x86/mm.c:419: undefined reference to `_text'
/home/osstest/build.103162.build-i386-xsm/xen/extras/mini-os-remote/arch/x86/mm.c:441: undefined reference to `_erodata'
/home/osstest/build.103162.build-i386-xsm/xen/extras/mini-os-remote/arch/x86/mm.c:399: undefined reference to `_erodata'
/home/osstest/build.103162.build-i386-xsm/xen/stubdom/mini-os-x86_32-xenstore/mini-os.o: In function `page_walk':
/home/osstest/build.103162.build-i386-xsm/xen/extras/mini-os-remote/arch/x86/traps.c:110: undefined reference to `_text'
/home/osstest/build.103162.build-i386-xsm/xen/extras/mini-os-remote/arch/x86/traps.c:113: undefined reference to `_text'
/home/osstest/build.103162.build-i386-xsm/xen/stubdom/mini-os-x86_32-xenstore/mini-os.o: In function `handle_cow':
/home/osstest/build.103162.build-i386-xsm/xen/extras/mini-os-remote/arch/x86/traps.c:139: undefined reference to `_text'
/home/osstest/build.103162.build-i386-xsm/xen/extras/mini-os-remote/arch/x86/traps.c:146: undefined reference to `_text'
/home/osstest/build.103162.build-i386-xsm/xen/extras/mini-os-remote/arch/x86/traps.c:157: undefined reference to `_text'

perhaps indicates that the three buildings of
arch/x86/minios-x86_32.lds overlapped in a way resulting in a
corrupt file.

Jan

_______________________________________________
Xen-devel mailing list
Xen-devel@lists.xen.org
https://lists.xen.org/xen-devel

^ permalink raw reply	[flat|nested] 5+ messages in thread

* Re: [xen-unstable test] 103162: regressions - FAIL
  2016-12-13  8:37 ` Jan Beulich
@ 2016-12-13 10:43   ` Wei Liu
  2016-12-13 11:35     ` Juergen Gross
  0 siblings, 1 reply; 5+ messages in thread
From: Wei Liu @ 2016-12-13 10:43 UTC (permalink / raw)
  To: Jan Beulich; +Cc: Juergen Gross, xen-devel, Wei Liu, osstest-admin

On Tue, Dec 13, 2016 at 01:37:46AM -0700, Jan Beulich wrote:
> >>> On 12.12.16 at 20:18, <osstest-admin@xenproject.org> wrote:
> > flight 103162 xen-unstable real [real]
> > http://logs.test-lab.xenproject.org/osstest/logs/103162/ 
> > 
> > Regressions :-(
> > 
> > Tests which did not succeed and are blocking,
> > including tests which could not be run:
> >  build-i386-xsm                5 xen-build                fail REGR. vs. 102942
> 
> While this may be spurious, I'm not sure it's not also indicative of
> a build race: At the time of the failure there are three "make[2]"-s
> in the process of building inside xen/extras/mini-os-remote/. In
> particular I wonder whether
> 
> /home/osstest/build.103162.build-i386-xsm/xen/stubdom/mini-os-x86_32-xenstore/mini-os.o: In function `gnttab_alloc_and_grant':
> /home/osstest/build.103162.build-i386-xsm/xen/extras/mini-os-remote/gnttab.c:155: undefined reference to `_text'
> /home/osstest/build.103162.build-i386-xsm/xen/stubdom/mini-os-x86_32-xenstore/mini-os.o: In function `call_main':
> /home/osstest/build.103162.build-i386-xsm/xen/extras/mini-os-remote/main.c:160: undefined reference to `__CTOR_LIST__'
> /home/osstest/build.103162.build-i386-xsm/xen/extras/mini-os-remote/main.c:160: undefined reference to `__CTOR_LIST__'
> /home/osstest/build.103162.build-i386-xsm/xen/stubdom/mini-os-x86_32-xenstore/mini-os.o: In function `_exit':
> /home/osstest/build.103162.build-i386-xsm/xen/extras/mini-os-remote/main.c:171: undefined reference to `__DTOR_LIST__'
> /home/osstest/build.103162.build-i386-xsm/xen/extras/mini-os-remote/main.c:171: undefined reference to `__DTOR_LIST__'
> /home/osstest/build.103162.build-i386-xsm/xen/stubdom/mini-os-x86_32-xenstore/mini-os.o: In function `alloc_pages':
> /home/osstest/build.103162.build-i386-xsm/xen/extras/mini-os-remote/mm.c:273: undefined reference to `_text'
> /home/osstest/build.103162.build-i386-xsm/xen/stubdom/mini-os-x86_32-xenstore/mini-os.o: In function `free_pages':
> /home/osstest/build.103162.build-i386-xsm/xen/extras/mini-os-remote/mm.c:291: undefined reference to `_text'
> /home/osstest/build.103162.build-i386-xsm/xen/extras/mini-os-remote/mm.c:304: undefined reference to `_text'
> /home/osstest/build.103162.build-i386-xsm/xen/extras/mini-os-remote/mm.c:314: undefined reference to `_text'
> /home/osstest/build.103162.build-i386-xsm/xen/stubdom/mini-os-x86_32-xenstore/mini-os.o: In function `init_page_allocator':
> /home/osstest/build.103162.build-i386-xsm/xen/extras/mini-os-remote/mm.c:157: undefined reference to `_text'
> /home/osstest/build.103162.build-i386-xsm/xen/stubdom/mini-os-x86_32-xenstore/mini-os.o:/home/osstest/build.103162.build-i386-xsm/xen/extras/mini-os-remote/mm.c:157: more undefined references to `_text' follow
> /home/osstest/build.103162.build-i386-xsm/xen/stubdom/mini-os-x86_32-xenstore/mini-os.o: In function `arch_init_mm':
> /home/osstest/build.103162.build-i386-xsm/xen/extras/mini-os-remote/arch/x86/mm.c:858: undefined reference to `_etext'
> /home/osstest/build.103162.build-i386-xsm/xen/extras/mini-os-remote/arch/x86/mm.c:859: undefined reference to `_erodata'
> /home/osstest/build.103162.build-i386-xsm/xen/extras/mini-os-remote/arch/x86/mm.c:860: undefined reference to `_edata'
> /home/osstest/build.103162.build-i386-xsm/xen/extras/mini-os-remote/arch/x86/mm.c:862: undefined reference to `_end'
> /home/osstest/build.103162.build-i386-xsm/xen/stubdom/mini-os-x86_32-xenstore/mini-os.o: In function `build_pagetable':
> /home/osstest/build.103162.build-i386-xsm/xen/extras/mini-os-remote/arch/x86/mm.c:288: undefined reference to `_text'
> /home/osstest/build.103162.build-i386-xsm/xen/extras/mini-os-remote/arch/x86/mm.c:294: undefined reference to `_text'
> /home/osstest/build.103162.build-i386-xsm/xen/extras/mini-os-remote/arch/x86/mm.c:305: undefined reference to `_text'
> /home/osstest/build.103162.build-i386-xsm/xen/extras/mini-os-remote/arch/x86/mm.c:306: undefined reference to `_text'
> /home/osstest/build.103162.build-i386-xsm/xen/extras/mini-os-remote/arch/x86/mm.c:314: undefined reference to `_text'
> /home/osstest/build.103162.build-i386-xsm/xen/stubdom/mini-os-x86_32-xenstore/mini-os.o:/home/osstest/build.103162.build-i386-xsm/xen/extras/mini-os-remote/arch/x86/mm.c:333: more undefined references to `_text' follow
> /home/osstest/build.103162.build-i386-xsm/xen/stubdom/mini-os-x86_32-xenstore/mini-os.o: In function `set_readonly':
> /home/osstest/build.103162.build-i386-xsm/xen/extras/mini-os-remote/arch/x86/mm.c:397: undefined reference to `_erodata'
> /home/osstest/build.103162.build-i386-xsm/xen/extras/mini-os-remote/arch/x86/mm.c:397: undefined reference to `_text'
> /home/osstest/build.103162.build-i386-xsm/xen/extras/mini-os-remote/arch/x86/mm.c:413: undefined reference to `_text'
> /home/osstest/build.103162.build-i386-xsm/xen/extras/mini-os-remote/arch/x86/mm.c:419: undefined reference to `_text'
> /home/osstest/build.103162.build-i386-xsm/xen/extras/mini-os-remote/arch/x86/mm.c:441: undefined reference to `_erodata'
> /home/osstest/build.103162.build-i386-xsm/xen/extras/mini-os-remote/arch/x86/mm.c:399: undefined reference to `_erodata'
> /home/osstest/build.103162.build-i386-xsm/xen/stubdom/mini-os-x86_32-xenstore/mini-os.o: In function `page_walk':
> /home/osstest/build.103162.build-i386-xsm/xen/extras/mini-os-remote/arch/x86/traps.c:110: undefined reference to `_text'
> /home/osstest/build.103162.build-i386-xsm/xen/extras/mini-os-remote/arch/x86/traps.c:113: undefined reference to `_text'
> /home/osstest/build.103162.build-i386-xsm/xen/stubdom/mini-os-x86_32-xenstore/mini-os.o: In function `handle_cow':
> /home/osstest/build.103162.build-i386-xsm/xen/extras/mini-os-remote/arch/x86/traps.c:139: undefined reference to `_text'
> /home/osstest/build.103162.build-i386-xsm/xen/extras/mini-os-remote/arch/x86/traps.c:146: undefined reference to `_text'
> /home/osstest/build.103162.build-i386-xsm/xen/extras/mini-os-remote/arch/x86/traps.c:157: undefined reference to `_text'
> 
> perhaps indicates that the three buildings of
> arch/x86/minios-x86_32.lds overlapped in a way resulting in a
> corrupt file.
> 

It seems that there is a race somewhere.

Also CC Juergen who touched this area recently.

Wei.

> Jan

_______________________________________________
Xen-devel mailing list
Xen-devel@lists.xen.org
https://lists.xen.org/xen-devel

^ permalink raw reply	[flat|nested] 5+ messages in thread

* Re: [xen-unstable test] 103162: regressions - FAIL
  2016-12-13 10:43   ` Wei Liu
@ 2016-12-13 11:35     ` Juergen Gross
  2016-12-13 11:44       ` Wei Liu
  0 siblings, 1 reply; 5+ messages in thread
From: Juergen Gross @ 2016-12-13 11:35 UTC (permalink / raw)
  To: Wei Liu, Jan Beulich; +Cc: xen-devel, osstest-admin

On 13/12/16 11:43, Wei Liu wrote:
> On Tue, Dec 13, 2016 at 01:37:46AM -0700, Jan Beulich wrote:
>>>>> On 12.12.16 at 20:18, <osstest-admin@xenproject.org> wrote:
>>> flight 103162 xen-unstable real [real]
>>> http://logs.test-lab.xenproject.org/osstest/logs/103162/ 
>>>
>>> Regressions :-(
>>>
>>> Tests which did not succeed and are blocking,
>>> including tests which could not be run:
>>>  build-i386-xsm                5 xen-build                fail REGR. vs. 102942
>>
>> While this may be spurious, I'm not sure it's not also indicative of
>> a build race: At the time of the failure there are three "make[2]"-s
>> in the process of building inside xen/extras/mini-os-remote/. In
>> particular I wonder whether
>>
>> /home/osstest/build.103162.build-i386-xsm/xen/stubdom/mini-os-x86_32-xenstore/mini-os.o: In function `gnttab_alloc_and_grant':
>> /home/osstest/build.103162.build-i386-xsm/xen/extras/mini-os-remote/gnttab.c:155: undefined reference to `_text'
>> /home/osstest/build.103162.build-i386-xsm/xen/stubdom/mini-os-x86_32-xenstore/mini-os.o: In function `call_main':
>> /home/osstest/build.103162.build-i386-xsm/xen/extras/mini-os-remote/main.c:160: undefined reference to `__CTOR_LIST__'
>> /home/osstest/build.103162.build-i386-xsm/xen/extras/mini-os-remote/main.c:160: undefined reference to `__CTOR_LIST__'
>> /home/osstest/build.103162.build-i386-xsm/xen/stubdom/mini-os-x86_32-xenstore/mini-os.o: In function `_exit':
>> /home/osstest/build.103162.build-i386-xsm/xen/extras/mini-os-remote/main.c:171: undefined reference to `__DTOR_LIST__'
>> /home/osstest/build.103162.build-i386-xsm/xen/extras/mini-os-remote/main.c:171: undefined reference to `__DTOR_LIST__'
>> /home/osstest/build.103162.build-i386-xsm/xen/stubdom/mini-os-x86_32-xenstore/mini-os.o: In function `alloc_pages':
>> /home/osstest/build.103162.build-i386-xsm/xen/extras/mini-os-remote/mm.c:273: undefined reference to `_text'
>> /home/osstest/build.103162.build-i386-xsm/xen/stubdom/mini-os-x86_32-xenstore/mini-os.o: In function `free_pages':
>> /home/osstest/build.103162.build-i386-xsm/xen/extras/mini-os-remote/mm.c:291: undefined reference to `_text'
>> /home/osstest/build.103162.build-i386-xsm/xen/extras/mini-os-remote/mm.c:304: undefined reference to `_text'
>> /home/osstest/build.103162.build-i386-xsm/xen/extras/mini-os-remote/mm.c:314: undefined reference to `_text'
>> /home/osstest/build.103162.build-i386-xsm/xen/stubdom/mini-os-x86_32-xenstore/mini-os.o: In function `init_page_allocator':
>> /home/osstest/build.103162.build-i386-xsm/xen/extras/mini-os-remote/mm.c:157: undefined reference to `_text'
>> /home/osstest/build.103162.build-i386-xsm/xen/stubdom/mini-os-x86_32-xenstore/mini-os.o:/home/osstest/build.103162.build-i386-xsm/xen/extras/mini-os-remote/mm.c:157: more undefined references to `_text' follow
>> /home/osstest/build.103162.build-i386-xsm/xen/stubdom/mini-os-x86_32-xenstore/mini-os.o: In function `arch_init_mm':
>> /home/osstest/build.103162.build-i386-xsm/xen/extras/mini-os-remote/arch/x86/mm.c:858: undefined reference to `_etext'
>> /home/osstest/build.103162.build-i386-xsm/xen/extras/mini-os-remote/arch/x86/mm.c:859: undefined reference to `_erodata'
>> /home/osstest/build.103162.build-i386-xsm/xen/extras/mini-os-remote/arch/x86/mm.c:860: undefined reference to `_edata'
>> /home/osstest/build.103162.build-i386-xsm/xen/extras/mini-os-remote/arch/x86/mm.c:862: undefined reference to `_end'
>> /home/osstest/build.103162.build-i386-xsm/xen/stubdom/mini-os-x86_32-xenstore/mini-os.o: In function `build_pagetable':
>> /home/osstest/build.103162.build-i386-xsm/xen/extras/mini-os-remote/arch/x86/mm.c:288: undefined reference to `_text'
>> /home/osstest/build.103162.build-i386-xsm/xen/extras/mini-os-remote/arch/x86/mm.c:294: undefined reference to `_text'
>> /home/osstest/build.103162.build-i386-xsm/xen/extras/mini-os-remote/arch/x86/mm.c:305: undefined reference to `_text'
>> /home/osstest/build.103162.build-i386-xsm/xen/extras/mini-os-remote/arch/x86/mm.c:306: undefined reference to `_text'
>> /home/osstest/build.103162.build-i386-xsm/xen/extras/mini-os-remote/arch/x86/mm.c:314: undefined reference to `_text'
>> /home/osstest/build.103162.build-i386-xsm/xen/stubdom/mini-os-x86_32-xenstore/mini-os.o:/home/osstest/build.103162.build-i386-xsm/xen/extras/mini-os-remote/arch/x86/mm.c:333: more undefined references to `_text' follow
>> /home/osstest/build.103162.build-i386-xsm/xen/stubdom/mini-os-x86_32-xenstore/mini-os.o: In function `set_readonly':
>> /home/osstest/build.103162.build-i386-xsm/xen/extras/mini-os-remote/arch/x86/mm.c:397: undefined reference to `_erodata'
>> /home/osstest/build.103162.build-i386-xsm/xen/extras/mini-os-remote/arch/x86/mm.c:397: undefined reference to `_text'
>> /home/osstest/build.103162.build-i386-xsm/xen/extras/mini-os-remote/arch/x86/mm.c:413: undefined reference to `_text'
>> /home/osstest/build.103162.build-i386-xsm/xen/extras/mini-os-remote/arch/x86/mm.c:419: undefined reference to `_text'
>> /home/osstest/build.103162.build-i386-xsm/xen/extras/mini-os-remote/arch/x86/mm.c:441: undefined reference to `_erodata'
>> /home/osstest/build.103162.build-i386-xsm/xen/extras/mini-os-remote/arch/x86/mm.c:399: undefined reference to `_erodata'
>> /home/osstest/build.103162.build-i386-xsm/xen/stubdom/mini-os-x86_32-xenstore/mini-os.o: In function `page_walk':
>> /home/osstest/build.103162.build-i386-xsm/xen/extras/mini-os-remote/arch/x86/traps.c:110: undefined reference to `_text'
>> /home/osstest/build.103162.build-i386-xsm/xen/extras/mini-os-remote/arch/x86/traps.c:113: undefined reference to `_text'
>> /home/osstest/build.103162.build-i386-xsm/xen/stubdom/mini-os-x86_32-xenstore/mini-os.o: In function `handle_cow':
>> /home/osstest/build.103162.build-i386-xsm/xen/extras/mini-os-remote/arch/x86/traps.c:139: undefined reference to `_text'
>> /home/osstest/build.103162.build-i386-xsm/xen/extras/mini-os-remote/arch/x86/traps.c:146: undefined reference to `_text'
>> /home/osstest/build.103162.build-i386-xsm/xen/extras/mini-os-remote/arch/x86/traps.c:157: undefined reference to `_text'
>>
>> perhaps indicates that the three buildings of
>> arch/x86/minios-x86_32.lds overlapped in a way resulting in a
>> corrupt file.
>>
> 
> It seems that there is a race somewhere.

I'd guess Wei's patch (commit 5623e2d22833b401a731bd717f80fb2ffc5c8b73)
is to blame: it doesn't honor $(OBJ_DIR) when creating
arch/x86/minios-x86_32.lds

This is the reason a race is possible. Please note: the 3 concurrent
make invocations all have a different $(OBJ_DIR) specified and hence
_should_ be save to run in parallel.


Juergen

_______________________________________________
Xen-devel mailing list
Xen-devel@lists.xen.org
https://lists.xen.org/xen-devel

^ permalink raw reply	[flat|nested] 5+ messages in thread

* Re: [xen-unstable test] 103162: regressions - FAIL
  2016-12-13 11:35     ` Juergen Gross
@ 2016-12-13 11:44       ` Wei Liu
  0 siblings, 0 replies; 5+ messages in thread
From: Wei Liu @ 2016-12-13 11:44 UTC (permalink / raw)
  To: Juergen Gross; +Cc: xen-devel, Wei Liu, osstest-admin, Jan Beulich

On Tue, Dec 13, 2016 at 12:35:13PM +0100, Juergen Gross wrote:
> On 13/12/16 11:43, Wei Liu wrote:
> > On Tue, Dec 13, 2016 at 01:37:46AM -0700, Jan Beulich wrote:
> >>>>> On 12.12.16 at 20:18, <osstest-admin@xenproject.org> wrote:
> >>> flight 103162 xen-unstable real [real]
> >>> http://logs.test-lab.xenproject.org/osstest/logs/103162/ 
> >>>
> >>> Regressions :-(
> >>>
> >>> Tests which did not succeed and are blocking,
> >>> including tests which could not be run:
> >>>  build-i386-xsm                5 xen-build                fail REGR. vs. 102942
> >>
> >> While this may be spurious, I'm not sure it's not also indicative of
> >> a build race: At the time of the failure there are three "make[2]"-s
> >> in the process of building inside xen/extras/mini-os-remote/. In
> >> particular I wonder whether
> >>
> >> /home/osstest/build.103162.build-i386-xsm/xen/stubdom/mini-os-x86_32-xenstore/mini-os.o: In function `gnttab_alloc_and_grant':
> >> /home/osstest/build.103162.build-i386-xsm/xen/extras/mini-os-remote/gnttab.c:155: undefined reference to `_text'
> >> /home/osstest/build.103162.build-i386-xsm/xen/stubdom/mini-os-x86_32-xenstore/mini-os.o: In function `call_main':
> >> /home/osstest/build.103162.build-i386-xsm/xen/extras/mini-os-remote/main.c:160: undefined reference to `__CTOR_LIST__'
> >> /home/osstest/build.103162.build-i386-xsm/xen/extras/mini-os-remote/main.c:160: undefined reference to `__CTOR_LIST__'
> >> /home/osstest/build.103162.build-i386-xsm/xen/stubdom/mini-os-x86_32-xenstore/mini-os.o: In function `_exit':
> >> /home/osstest/build.103162.build-i386-xsm/xen/extras/mini-os-remote/main.c:171: undefined reference to `__DTOR_LIST__'
> >> /home/osstest/build.103162.build-i386-xsm/xen/extras/mini-os-remote/main.c:171: undefined reference to `__DTOR_LIST__'
> >> /home/osstest/build.103162.build-i386-xsm/xen/stubdom/mini-os-x86_32-xenstore/mini-os.o: In function `alloc_pages':
> >> /home/osstest/build.103162.build-i386-xsm/xen/extras/mini-os-remote/mm.c:273: undefined reference to `_text'
> >> /home/osstest/build.103162.build-i386-xsm/xen/stubdom/mini-os-x86_32-xenstore/mini-os.o: In function `free_pages':
> >> /home/osstest/build.103162.build-i386-xsm/xen/extras/mini-os-remote/mm.c:291: undefined reference to `_text'
> >> /home/osstest/build.103162.build-i386-xsm/xen/extras/mini-os-remote/mm.c:304: undefined reference to `_text'
> >> /home/osstest/build.103162.build-i386-xsm/xen/extras/mini-os-remote/mm.c:314: undefined reference to `_text'
> >> /home/osstest/build.103162.build-i386-xsm/xen/stubdom/mini-os-x86_32-xenstore/mini-os.o: In function `init_page_allocator':
> >> /home/osstest/build.103162.build-i386-xsm/xen/extras/mini-os-remote/mm.c:157: undefined reference to `_text'
> >> /home/osstest/build.103162.build-i386-xsm/xen/stubdom/mini-os-x86_32-xenstore/mini-os.o:/home/osstest/build.103162.build-i386-xsm/xen/extras/mini-os-remote/mm.c:157: more undefined references to `_text' follow
> >> /home/osstest/build.103162.build-i386-xsm/xen/stubdom/mini-os-x86_32-xenstore/mini-os.o: In function `arch_init_mm':
> >> /home/osstest/build.103162.build-i386-xsm/xen/extras/mini-os-remote/arch/x86/mm.c:858: undefined reference to `_etext'
> >> /home/osstest/build.103162.build-i386-xsm/xen/extras/mini-os-remote/arch/x86/mm.c:859: undefined reference to `_erodata'
> >> /home/osstest/build.103162.build-i386-xsm/xen/extras/mini-os-remote/arch/x86/mm.c:860: undefined reference to `_edata'
> >> /home/osstest/build.103162.build-i386-xsm/xen/extras/mini-os-remote/arch/x86/mm.c:862: undefined reference to `_end'
> >> /home/osstest/build.103162.build-i386-xsm/xen/stubdom/mini-os-x86_32-xenstore/mini-os.o: In function `build_pagetable':
> >> /home/osstest/build.103162.build-i386-xsm/xen/extras/mini-os-remote/arch/x86/mm.c:288: undefined reference to `_text'
> >> /home/osstest/build.103162.build-i386-xsm/xen/extras/mini-os-remote/arch/x86/mm.c:294: undefined reference to `_text'
> >> /home/osstest/build.103162.build-i386-xsm/xen/extras/mini-os-remote/arch/x86/mm.c:305: undefined reference to `_text'
> >> /home/osstest/build.103162.build-i386-xsm/xen/extras/mini-os-remote/arch/x86/mm.c:306: undefined reference to `_text'
> >> /home/osstest/build.103162.build-i386-xsm/xen/extras/mini-os-remote/arch/x86/mm.c:314: undefined reference to `_text'
> >> /home/osstest/build.103162.build-i386-xsm/xen/stubdom/mini-os-x86_32-xenstore/mini-os.o:/home/osstest/build.103162.build-i386-xsm/xen/extras/mini-os-remote/arch/x86/mm.c:333: more undefined references to `_text' follow
> >> /home/osstest/build.103162.build-i386-xsm/xen/stubdom/mini-os-x86_32-xenstore/mini-os.o: In function `set_readonly':
> >> /home/osstest/build.103162.build-i386-xsm/xen/extras/mini-os-remote/arch/x86/mm.c:397: undefined reference to `_erodata'
> >> /home/osstest/build.103162.build-i386-xsm/xen/extras/mini-os-remote/arch/x86/mm.c:397: undefined reference to `_text'
> >> /home/osstest/build.103162.build-i386-xsm/xen/extras/mini-os-remote/arch/x86/mm.c:413: undefined reference to `_text'
> >> /home/osstest/build.103162.build-i386-xsm/xen/extras/mini-os-remote/arch/x86/mm.c:419: undefined reference to `_text'
> >> /home/osstest/build.103162.build-i386-xsm/xen/extras/mini-os-remote/arch/x86/mm.c:441: undefined reference to `_erodata'
> >> /home/osstest/build.103162.build-i386-xsm/xen/extras/mini-os-remote/arch/x86/mm.c:399: undefined reference to `_erodata'
> >> /home/osstest/build.103162.build-i386-xsm/xen/stubdom/mini-os-x86_32-xenstore/mini-os.o: In function `page_walk':
> >> /home/osstest/build.103162.build-i386-xsm/xen/extras/mini-os-remote/arch/x86/traps.c:110: undefined reference to `_text'
> >> /home/osstest/build.103162.build-i386-xsm/xen/extras/mini-os-remote/arch/x86/traps.c:113: undefined reference to `_text'
> >> /home/osstest/build.103162.build-i386-xsm/xen/stubdom/mini-os-x86_32-xenstore/mini-os.o: In function `handle_cow':
> >> /home/osstest/build.103162.build-i386-xsm/xen/extras/mini-os-remote/arch/x86/traps.c:139: undefined reference to `_text'
> >> /home/osstest/build.103162.build-i386-xsm/xen/extras/mini-os-remote/arch/x86/traps.c:146: undefined reference to `_text'
> >> /home/osstest/build.103162.build-i386-xsm/xen/extras/mini-os-remote/arch/x86/traps.c:157: undefined reference to `_text'
> >>
> >> perhaps indicates that the three buildings of
> >> arch/x86/minios-x86_32.lds overlapped in a way resulting in a
> >> corrupt file.
> >>
> > 
> > It seems that there is a race somewhere.
> 
> I'd guess Wei's patch (commit 5623e2d22833b401a731bd717f80fb2ffc5c8b73)
> is to blame: it doesn't honor $(OBJ_DIR) when creating
> arch/x86/minios-x86_32.lds
> 

Yes, that's rather likely. Thanks for looking into this.

> This is the reason a race is possible. Please note: the 3 concurrent
> make invocations all have a different $(OBJ_DIR) specified and hence
> _should_ be save to run in parallel.
> 

I will prepare a patch this afternoon.

Wei.

> 
> Juergen

_______________________________________________
Xen-devel mailing list
Xen-devel@lists.xen.org
https://lists.xen.org/xen-devel

^ permalink raw reply	[flat|nested] 5+ messages in thread

end of thread, other threads:[~2016-12-13 11:44 UTC | newest]

Thread overview: 5+ messages (download: mbox.gz follow: Atom feed
-- links below jump to the message on this page --
2016-12-12 19:18 [xen-unstable test] 103162: regressions - FAIL osstest service owner
2016-12-13  8:37 ` Jan Beulich
2016-12-13 10:43   ` Wei Liu
2016-12-13 11:35     ` Juergen Gross
2016-12-13 11:44       ` Wei Liu

This is a public inbox, see mirroring instructions
for how to clone and mirror all data and code used for this inbox;
as well as URLs for NNTP newsgroup(s).