xen-devel.lists.xenproject.org archive mirror
 help / color / mirror / Atom feed
* [linux-3.18 test] 100372: regressions - FAIL
@ 2016-08-10  7:16 osstest service owner
  0 siblings, 0 replies; only message in thread
From: osstest service owner @ 2016-08-10  7:16 UTC (permalink / raw)
  To: xen-devel, osstest-admin

[-- Attachment #1: Type: text/plain, Size: 12546 bytes --]

flight 100372 linux-3.18 real [real]
http://logs.test-lab.xenproject.org/osstest/logs/100372/

Regressions :-(

Tests which did not succeed and are blocking,
including tests which could not be run:
 test-armhf-armhf-xl-credit2  11 guest-start               fail REGR. vs. 99832

Regressions which are regarded as allowable (not blocking):
 test-armhf-armhf-xl-rtds     15 guest-start/debian.repeat fail REGR. vs. 99832
 build-amd64-rumpuserxen       6 xen-build                    fail   like 99832
 build-i386-rumpuserxen        6 xen-build                    fail   like 99832
 test-amd64-amd64-xl-qemut-win7-amd64 16 guest-stop             fail like 99832
 test-amd64-i386-xl-qemut-win7-amd64 16 guest-stop              fail like 99832
 test-amd64-i386-xl-qemuu-win7-amd64 16 guest-stop              fail like 99832

Tests which did not succeed, but are not blocking:
 test-amd64-i386-rumpuserxen-i386  1 build-check(1)               blocked  n/a
 test-amd64-amd64-rumpuserxen-amd64  1 build-check(1)               blocked n/a
 test-armhf-armhf-libvirt     14 guest-saverestore            fail   never pass
 test-armhf-armhf-libvirt     12 migrate-support-check        fail   never pass
 test-armhf-armhf-xl          12 migrate-support-check        fail   never pass
 test-armhf-armhf-xl          13 saverestore-support-check    fail   never pass
 test-armhf-armhf-libvirt-raw 13 guest-saverestore            fail   never pass
 test-armhf-armhf-libvirt-raw 11 migrate-support-check        fail   never pass
 test-amd64-amd64-xl-pvh-intel 14 guest-saverestore            fail  never pass
 test-armhf-armhf-libvirt-qcow2 11 migrate-support-check        fail never pass
 test-armhf-armhf-libvirt-qcow2 13 guest-saverestore            fail never pass
 test-armhf-armhf-libvirt-xsm 12 migrate-support-check        fail   never pass
 test-armhf-armhf-xl-xsm      13 saverestore-support-check    fail   never pass
 test-armhf-armhf-xl-xsm      12 migrate-support-check        fail   never pass
 test-armhf-armhf-libvirt-xsm 14 guest-saverestore            fail   never pass
 test-amd64-i386-libvirt-qemuu-debianhvm-amd64-xsm 10 migrate-support-check fail never pass
 test-amd64-amd64-libvirt     12 migrate-support-check        fail   never pass
 test-amd64-amd64-xl-pvh-amd  11 guest-start                  fail   never pass
 test-amd64-amd64-libvirt-vhd 11 migrate-support-check        fail   never pass
 test-amd64-i386-libvirt      12 migrate-support-check        fail   never pass
 test-armhf-armhf-xl-arndale  12 migrate-support-check        fail   never pass
 test-armhf-armhf-xl-arndale  13 saverestore-support-check    fail   never pass
 test-amd64-amd64-libvirt-xsm 12 migrate-support-check        fail   never pass
 test-amd64-i386-libvirt-xsm  12 migrate-support-check        fail   never pass
 test-amd64-amd64-libvirt-qemuu-debianhvm-amd64-xsm 10 migrate-support-check fail never pass
 test-amd64-amd64-qemuu-nested-amd 16 debian-hvm-install/l1/l2  fail never pass
 test-armhf-armhf-xl-multivcpu 13 saverestore-support-check    fail  never pass
 test-armhf-armhf-xl-multivcpu 12 migrate-support-check        fail  never pass
 test-armhf-armhf-xl-cubietruck 12 migrate-support-check        fail never pass
 test-armhf-armhf-xl-cubietruck 13 saverestore-support-check    fail never pass
 test-armhf-armhf-xl-rtds     13 saverestore-support-check    fail   never pass
 test-armhf-armhf-xl-rtds     12 migrate-support-check        fail   never pass
 test-armhf-armhf-xl-vhd      11 migrate-support-check        fail   never pass
 test-armhf-armhf-xl-vhd      12 saverestore-support-check    fail   never pass

version targeted for testing:
 linux                6e0f6268e3d1095a1800da36261d40ac53a7100c
baseline version:
 linux                0d1097ae44c2566bb8c9eacccd795c456d08c8a5

Last test of basis    99832  2016-07-30 16:32:07 Z   10 days
Testing same since   100372  2016-08-09 19:20:24 Z    0 days    1 attempts

------------------------------------------------------------
People who touched revisions under test:
  Alexey Dobriyan <adobriyan@gmail.com>
  Andrew Morton <akpm@linux-foundation.org>
  Andrew Worsley <amworsley@gmail.com>          # [MacBookPro10,1]
  Andrey Ryabinin <aryabinin@virtuozzo.com>
  Awais Belal <awais_belal@mentor.com>
  Bryan Paradis <bryan.paradis@gmail.com>       # [MacBookPro9,2]
  Cameron Gutman <aicommander@gmail.com>
  Chris Bainbridge <chris.bainbridge@gmail.com> # [MacBookPro10,2]
  David S. Miller <davem@davemloft.net>
  Dmitri Epshtein <dima@marvell.com>
  Dmitry Torokhov <dmitry.torokhov@gmail.com>
  Florian Westphal <fw@strlen.de>
  Gregory CLEMENT <gregory.clement@free-electrons.com>
  Hui Wang <hui.wang@canonical.com>
  Ilya Dryomov <idryomov@gmail.com>
  Ingo Molnar <mingo@kernel.org>
  James Patrick-Evans <james@jmp-e.com>
  Jeff Wu <wujiafu@gmail.com>
  Jiri Slaby <jslaby@suse.cz>
  Konstantin Khlebnikov <koct9i@gmail.com>
  Konstantin Simanov <k.simanov@stlk.ru>        # [MacBookPro8,1]
  Linus Torvalds <torvalds@linux-foundation.org>
  Lukas Wunner <lukas@wunner.de>
  Lukas Wunner <lukas@wunner.de>                # [MacBookPro9,1]
  Marcin Wojtas <mw@semihalf.com>
  Maruthi Bayyavarapu <maruthi.bayyavarapu@amd.com>
  Maruthi Srinivas Bayyavarapu <Maruthi.Bayyavarapu@amd.com>
  Matt Fleming <matt@codeblueprint.co.uk>
  Maxim Patlasov <mpatlasov@virtuozzo.com>
  Miklos Szeredi <mszeredi@redhat.com>
  Pablo Neira Ayuso <pablo@netfilter.org>
  Peter Wu <peter@lekensteyn.nl>
  Rafał Miłecki <zajec5@gmail.com>
  Rodolfo Giometti <giometti@enneenne.com>
  Romain Perier <romain.perier@free-electrons.com>
  Sasha Levin <alexander.levin@verizon.com>
  Sinclair Yeh <syeh@vmware.com>
  Takashi Iwai <tiwai@suse.de>
  Taras Kondratiuk <takondra@cisco.com>
  Terry Stockert <stockert@inkblotadmirer.me>
  Thomas Gleixner <tglx@linutronix.de>
  Thomas Petazzoni <thomas.petazzoni@free-electrons.com>
  Ulf Hansson <ulf.hansson@linaro.org>
  Vivek Goyal <vgoyal@redhat.com>
  Willy Tarreau <w@1wt.eu>
  Yan, Zheng <zyan@redhat.com>

jobs:
 build-amd64-xsm                                              pass    
 build-armhf-xsm                                              pass    
 build-i386-xsm                                               pass    
 build-amd64                                                  pass    
 build-armhf                                                  pass    
 build-i386                                                   pass    
 build-amd64-libvirt                                          pass    
 build-armhf-libvirt                                          pass    
 build-i386-libvirt                                           pass    
 build-amd64-pvops                                            pass    
 build-armhf-pvops                                            pass    
 build-i386-pvops                                             pass    
 build-amd64-rumpuserxen                                      fail    
 build-i386-rumpuserxen                                       fail    
 test-amd64-amd64-xl                                          pass    
 test-armhf-armhf-xl                                          pass    
 test-amd64-i386-xl                                           pass    
 test-amd64-amd64-xl-qemut-debianhvm-amd64-xsm                pass    
 test-amd64-i386-xl-qemut-debianhvm-amd64-xsm                 pass    
 test-amd64-amd64-libvirt-qemuu-debianhvm-amd64-xsm           pass    
 test-amd64-i386-libvirt-qemuu-debianhvm-amd64-xsm            pass    
 test-amd64-amd64-xl-qemuu-debianhvm-amd64-xsm                pass    
 test-amd64-i386-xl-qemuu-debianhvm-amd64-xsm                 pass    
 test-amd64-amd64-xl-qemut-stubdom-debianhvm-amd64-xsm        pass    
 test-amd64-i386-xl-qemut-stubdom-debianhvm-amd64-xsm         pass    
 test-amd64-amd64-libvirt-xsm                                 pass    
 test-armhf-armhf-libvirt-xsm                                 fail    
 test-amd64-i386-libvirt-xsm                                  pass    
 test-amd64-amd64-xl-xsm                                      pass    
 test-armhf-armhf-xl-xsm                                      pass    
 test-amd64-i386-xl-xsm                                       pass    
 test-amd64-amd64-qemuu-nested-amd                            fail    
 test-amd64-amd64-xl-pvh-amd                                  fail    
 test-amd64-i386-qemut-rhel6hvm-amd                           pass    
 test-amd64-i386-qemuu-rhel6hvm-amd                           pass    
 test-amd64-amd64-xl-qemut-debianhvm-amd64                    pass    
 test-amd64-i386-xl-qemut-debianhvm-amd64                     pass    
 test-amd64-amd64-xl-qemuu-debianhvm-amd64                    pass    
 test-amd64-i386-xl-qemuu-debianhvm-amd64                     pass    
 test-amd64-i386-freebsd10-amd64                              pass    
 test-amd64-amd64-xl-qemuu-ovmf-amd64                         pass    
 test-amd64-i386-xl-qemuu-ovmf-amd64                          pass    
 test-amd64-amd64-rumpuserxen-amd64                           blocked 
 test-amd64-amd64-xl-qemut-win7-amd64                         fail    
 test-amd64-i386-xl-qemut-win7-amd64                          fail    
 test-amd64-amd64-xl-qemuu-win7-amd64                         pass    
 test-amd64-i386-xl-qemuu-win7-amd64                          fail    
 test-armhf-armhf-xl-arndale                                  pass    
 test-amd64-amd64-xl-credit2                                  pass    
 test-armhf-armhf-xl-credit2                                  fail    
 test-armhf-armhf-xl-cubietruck                               pass    
 test-amd64-i386-freebsd10-i386                               pass    
 test-amd64-i386-rumpuserxen-i386                             blocked 
 test-amd64-amd64-qemuu-nested-intel                          pass    
 test-amd64-amd64-xl-pvh-intel                                fail    
 test-amd64-i386-qemut-rhel6hvm-intel                         pass    
 test-amd64-i386-qemuu-rhel6hvm-intel                         pass    
 test-amd64-amd64-libvirt                                     pass    
 test-armhf-armhf-libvirt                                     fail    
 test-amd64-i386-libvirt                                      pass    
 test-amd64-amd64-xl-multivcpu                                pass    
 test-armhf-armhf-xl-multivcpu                                pass    
 test-amd64-amd64-pair                                        pass    
 test-amd64-i386-pair                                         pass    
 test-amd64-amd64-libvirt-pair                                pass    
 test-amd64-i386-libvirt-pair                                 pass    
 test-amd64-amd64-amd64-pvgrub                                pass    
 test-amd64-amd64-i386-pvgrub                                 pass    
 test-amd64-amd64-pygrub                                      pass    
 test-armhf-armhf-libvirt-qcow2                               fail    
 test-amd64-amd64-xl-qcow2                                    pass    
 test-armhf-armhf-libvirt-raw                                 fail    
 test-amd64-i386-xl-raw                                       pass    
 test-amd64-amd64-xl-rtds                                     pass    
 test-armhf-armhf-xl-rtds                                     fail    
 test-amd64-i386-xl-qemut-winxpsp3-vcpus1                     pass    
 test-amd64-i386-xl-qemuu-winxpsp3-vcpus1                     pass    
 test-amd64-amd64-libvirt-vhd                                 pass    
 test-armhf-armhf-xl-vhd                                      pass    
 test-amd64-amd64-xl-qemut-winxpsp3                           pass    
 test-amd64-i386-xl-qemut-winxpsp3                            pass    
 test-amd64-amd64-xl-qemuu-winxpsp3                           pass    
 test-amd64-i386-xl-qemuu-winxpsp3                            pass    


------------------------------------------------------------
sg-report-flight on osstest.test-lab.xenproject.org
logs: /home/logs/logs
images: /home/logs/images

Logs, config files, etc. are available at
    http://logs.test-lab.xenproject.org/osstest/logs

Explanation of these reports, and of osstest in general, is at
    http://xenbits.xen.org/gitweb/?p=osstest.git;a=blob;f=README.email;hb=master
    http://xenbits.xen.org/gitweb/?p=osstest.git;a=blob;f=README;hb=master

Test harness code can be found at
    http://xenbits.xen.org/gitweb?p=osstest.git;a=summary


Not pushing.

(No revision log; it would be 829 lines long.)


[-- Attachment #2: Type: text/plain, Size: 127 bytes --]

_______________________________________________
Xen-devel mailing list
Xen-devel@lists.xen.org
https://lists.xen.org/xen-devel

^ permalink raw reply	[flat|nested] only message in thread

only message in thread, other threads:[~2016-08-10  7:16 UTC | newest]

Thread overview: (only message) (download: mbox.gz follow: Atom feed
-- links below jump to the message on this page --
2016-08-10  7:16 [linux-3.18 test] 100372: regressions - FAIL osstest service owner

This is a public inbox, see mirroring instructions
for how to clone and mirror all data and code used for this inbox;
as well as URLs for NNTP newsgroup(s).