xen-devel.lists.xenproject.org archive mirror
 help / color / mirror / Atom feed
* [xen-unstable-coverity test] 100483: regressions - ALL FAIL
@ 2016-08-14 10:31 osstest service owner
  0 siblings, 0 replies; only message in thread
From: osstest service owner @ 2016-08-14 10:31 UTC (permalink / raw)
  To: xen-devel, osstest-admin

flight 100483 xen-unstable-coverity real [real]
http://logs.test-lab.xenproject.org/osstest/logs/100483/

Regressions :-(

Tests which did not succeed and are blocking,
including tests which could not be run:
 coverity-amd64                6 coverity-upload          fail REGR. vs. 100390

version targeted for testing:
 xen                  a55ad65d3a30d5b3a026a7481ce05f28065920f0
baseline version:
 xen                  7f5c8075364776eb139bbd421ad443ae9e4465dc

Last test of basis   100390  2016-08-10 09:19:20 Z    4 days
Testing same since   100483  2016-08-14 09:19:12 Z    0 days    1 attempts

------------------------------------------------------------
People who touched revisions under test:
  Andrew Cooper <andrew.cooper3@citrix.com>
  Boris Ostrovsky <boris.ostrovsky@oracle.com>
  George Dunlap <george.dunlap@citrix.com>
  Ian Jackson <ian.jackson@eu.citrix.com>
  Jan Beulich <jbeulich@suse.com>
  Julien Grall <julien.grall@arm.com>
  Kevin Tian <kevin.tian@intel.com>
  Razvan Cojocaru <rcojocaru@bitdefender.com>
  Tamas K Lengyel <tamas@tklengyel.com>
  Trammell Hudson <trammell.hudson@twosigma.com>
  Wei Liu <wei.liu2@citrix.com>

jobs:
 coverity-amd64                                               fail    


------------------------------------------------------------
sg-report-flight on osstest.test-lab.xenproject.org
logs: /home/logs/logs
images: /home/logs/images

Logs, config files, etc. are available at
    http://logs.test-lab.xenproject.org/osstest/logs

Explanation of these reports, and of osstest in general, is at
    http://xenbits.xen.org/gitweb/?p=osstest.git;a=blob;f=README.email;hb=master
    http://xenbits.xen.org/gitweb/?p=osstest.git;a=blob;f=README;hb=master

Test harness code can be found at
    http://xenbits.xen.org/gitweb?p=osstest.git;a=summary


Not pushing.

(No revision log; it would be 412 lines long.)

_______________________________________________
Xen-devel mailing list
Xen-devel@lists.xen.org
https://lists.xen.org/xen-devel

^ permalink raw reply	[flat|nested] only message in thread

only message in thread, other threads:[~2016-08-14 10:31 UTC | newest]

Thread overview: (only message) (download: mbox.gz follow: Atom feed
-- links below jump to the message on this page --
2016-08-14 10:31 [xen-unstable-coverity test] 100483: regressions - ALL FAIL osstest service owner

This is a public inbox, see mirroring instructions
for how to clone and mirror all data and code used for this inbox;
as well as URLs for NNTP newsgroup(s).