* [xen-4.7-testing test] 100491: regressions - FAIL
@ 2016-08-15 18:05 osstest service owner
0 siblings, 0 replies; only message in thread
From: osstest service owner @ 2016-08-15 18:05 UTC (permalink / raw)
To: xen-devel, osstest-admin
flight 100491 xen-4.7-testing real [real]
http://logs.test-lab.xenproject.org/osstest/logs/100491/
Regressions :-(
Tests which did not succeed and are blocking,
including tests which could not be run:
test-amd64-amd64-xl-credit2 19 guest-start/debian.repeat fail REGR. vs. 99972
Regressions which are regarded as allowable (not blocking):
test-amd64-amd64-xl-rtds 9 debian-install fail REGR. vs. 99972
test-amd64-i386-xl-qemuu-win7-amd64 16 guest-stop fail like 99972
test-amd64-i386-xl-qemut-win7-amd64 16 guest-stop fail like 99972
Tests which did not succeed, but are not blocking:
test-amd64-amd64-rumpuserxen-amd64 1 build-check(1) blocked n/a
test-amd64-i386-rumpuserxen-i386 1 build-check(1) blocked n/a
test-amd64-amd64-xl-pvh-intel 11 guest-start fail never pass
test-amd64-amd64-xl-pvh-amd 11 guest-start fail never pass
build-i386-rumpuserxen 6 xen-build fail never pass
build-amd64-rumpuserxen 6 xen-build fail never pass
test-armhf-armhf-libvirt-xsm 12 migrate-support-check fail never pass
test-armhf-armhf-libvirt-xsm 14 guest-saverestore fail never pass
test-armhf-armhf-libvirt 14 guest-saverestore fail never pass
test-armhf-armhf-libvirt 12 migrate-support-check fail never pass
test-amd64-amd64-libvirt 12 migrate-support-check fail never pass
test-amd64-amd64-libvirt-xsm 12 migrate-support-check fail never pass
test-amd64-i386-libvirt-xsm 12 migrate-support-check fail never pass
test-amd64-amd64-qemuu-nested-amd 16 debian-hvm-install/l1/l2 fail never pass
test-armhf-armhf-xl 12 migrate-support-check fail never pass
test-armhf-armhf-xl 13 saverestore-support-check fail never pass
test-armhf-armhf-xl-arndale 12 migrate-support-check fail never pass
test-armhf-armhf-xl-arndale 13 saverestore-support-check fail never pass
test-amd64-i386-libvirt 12 migrate-support-check fail never pass
test-amd64-amd64-libvirt-qemuu-debianhvm-amd64-xsm 10 migrate-support-check fail never pass
test-amd64-amd64-libvirt-vhd 11 migrate-support-check fail never pass
test-armhf-armhf-xl-credit2 13 saverestore-support-check fail never pass
test-armhf-armhf-xl-credit2 12 migrate-support-check fail never pass
test-armhf-armhf-xl-xsm 13 saverestore-support-check fail never pass
test-armhf-armhf-xl-xsm 12 migrate-support-check fail never pass
test-amd64-i386-libvirt-qemuu-debianhvm-amd64-xsm 10 migrate-support-check fail never pass
test-armhf-armhf-xl-rtds 13 saverestore-support-check fail never pass
test-armhf-armhf-xl-rtds 12 migrate-support-check fail never pass
test-amd64-amd64-xl-qemut-win7-amd64 16 guest-stop fail never pass
test-armhf-armhf-libvirt-qcow2 11 migrate-support-check fail never pass
test-armhf-armhf-libvirt-qcow2 13 guest-saverestore fail never pass
test-armhf-armhf-xl-cubietruck 12 migrate-support-check fail never pass
test-armhf-armhf-xl-cubietruck 13 saverestore-support-check fail never pass
test-armhf-armhf-libvirt-raw 13 guest-saverestore fail never pass
test-armhf-armhf-libvirt-raw 11 migrate-support-check fail never pass
test-armhf-armhf-xl-multivcpu 13 saverestore-support-check fail never pass
test-armhf-armhf-xl-multivcpu 12 migrate-support-check fail never pass
test-armhf-armhf-xl-vhd 11 migrate-support-check fail never pass
test-armhf-armhf-xl-vhd 12 saverestore-support-check fail never pass
version targeted for testing:
xen 822464961ae1bac44dcabb049255d61d5511e368
baseline version:
xen f2160ba6e60e990060de96f2fc9be645f51f5995
Last test of basis 99972 2016-08-05 23:11:40 Z 9 days
Testing same since 100491 2016-08-15 10:42:45 Z 0 days 1 attempts
------------------------------------------------------------
People who touched revisions under test:
Bob Liu <bob.liu@oracle.com>
Boris Ostrovsky <boris.ostrovsky@oracle.com>
Ian Jackson <ian.jackson@eu.citrix.com>
Juergen Gross <jgross@suse.com>
Wei Liu <wei.liu2@citrix.com>
jobs:
build-amd64-xsm pass
build-armhf-xsm pass
build-i386-xsm pass
build-amd64 pass
build-armhf pass
build-i386 pass
build-amd64-libvirt pass
build-armhf-libvirt pass
build-i386-libvirt pass
build-amd64-prev pass
build-i386-prev pass
build-amd64-pvops pass
build-armhf-pvops pass
build-i386-pvops pass
build-amd64-rumpuserxen fail
build-i386-rumpuserxen fail
test-amd64-amd64-xl pass
test-armhf-armhf-xl pass
test-amd64-i386-xl pass
test-amd64-amd64-xl-qemut-debianhvm-amd64-xsm pass
test-amd64-i386-xl-qemut-debianhvm-amd64-xsm pass
test-amd64-amd64-libvirt-qemuu-debianhvm-amd64-xsm pass
test-amd64-i386-libvirt-qemuu-debianhvm-amd64-xsm pass
test-amd64-amd64-xl-qemuu-debianhvm-amd64-xsm pass
test-amd64-i386-xl-qemuu-debianhvm-amd64-xsm pass
test-amd64-amd64-xl-qemut-stubdom-debianhvm-amd64-xsm pass
test-amd64-i386-xl-qemut-stubdom-debianhvm-amd64-xsm pass
test-amd64-amd64-libvirt-xsm pass
test-armhf-armhf-libvirt-xsm fail
test-amd64-i386-libvirt-xsm pass
test-amd64-amd64-xl-xsm pass
test-armhf-armhf-xl-xsm pass
test-amd64-i386-xl-xsm pass
test-amd64-amd64-qemuu-nested-amd fail
test-amd64-amd64-xl-pvh-amd fail
test-amd64-i386-qemut-rhel6hvm-amd pass
test-amd64-i386-qemuu-rhel6hvm-amd pass
test-amd64-amd64-xl-qemut-debianhvm-amd64 pass
test-amd64-i386-xl-qemut-debianhvm-amd64 pass
test-amd64-amd64-xl-qemuu-debianhvm-amd64 pass
test-amd64-i386-xl-qemuu-debianhvm-amd64 pass
test-amd64-i386-freebsd10-amd64 pass
test-amd64-amd64-xl-qemuu-ovmf-amd64 pass
test-amd64-i386-xl-qemuu-ovmf-amd64 pass
test-amd64-amd64-rumpuserxen-amd64 blocked
test-amd64-amd64-xl-qemut-win7-amd64 fail
test-amd64-i386-xl-qemut-win7-amd64 fail
test-amd64-amd64-xl-qemuu-win7-amd64 pass
test-amd64-i386-xl-qemuu-win7-amd64 fail
test-armhf-armhf-xl-arndale pass
test-amd64-amd64-xl-credit2 fail
test-armhf-armhf-xl-credit2 pass
test-armhf-armhf-xl-cubietruck pass
test-amd64-i386-freebsd10-i386 pass
test-amd64-i386-rumpuserxen-i386 blocked
test-amd64-amd64-qemuu-nested-intel pass
test-amd64-amd64-xl-pvh-intel fail
test-amd64-i386-qemut-rhel6hvm-intel pass
test-amd64-i386-qemuu-rhel6hvm-intel pass
test-amd64-amd64-libvirt pass
test-armhf-armhf-libvirt fail
test-amd64-i386-libvirt pass
test-amd64-amd64-migrupgrade pass
test-amd64-i386-migrupgrade pass
test-amd64-amd64-xl-multivcpu pass
test-armhf-armhf-xl-multivcpu pass
test-amd64-amd64-pair pass
test-amd64-i386-pair pass
test-amd64-amd64-libvirt-pair pass
test-amd64-i386-libvirt-pair pass
test-amd64-amd64-amd64-pvgrub pass
test-amd64-amd64-i386-pvgrub pass
test-amd64-amd64-pygrub pass
test-armhf-armhf-libvirt-qcow2 fail
test-amd64-amd64-xl-qcow2 pass
test-armhf-armhf-libvirt-raw fail
test-amd64-i386-xl-raw pass
test-amd64-amd64-xl-rtds fail
test-armhf-armhf-xl-rtds pass
test-amd64-i386-xl-qemut-winxpsp3-vcpus1 pass
test-amd64-i386-xl-qemuu-winxpsp3-vcpus1 pass
test-amd64-amd64-libvirt-vhd pass
test-armhf-armhf-xl-vhd pass
test-amd64-amd64-xl-qemut-winxpsp3 pass
test-amd64-i386-xl-qemut-winxpsp3 pass
test-amd64-amd64-xl-qemuu-winxpsp3 pass
test-amd64-i386-xl-qemuu-winxpsp3 pass
------------------------------------------------------------
sg-report-flight on osstest.test-lab.xenproject.org
logs: /home/logs/logs
images: /home/logs/images
Logs, config files, etc. are available at
http://logs.test-lab.xenproject.org/osstest/logs
Explanation of these reports, and of osstest in general, is at
http://xenbits.xen.org/gitweb/?p=osstest.git;a=blob;f=README.email;hb=master
http://xenbits.xen.org/gitweb/?p=osstest.git;a=blob;f=README;hb=master
Test harness code can be found at
http://xenbits.xen.org/gitweb?p=osstest.git;a=summary
Not pushing.
------------------------------------------------------------
commit 822464961ae1bac44dcabb049255d61d5511e368
Author: Bob Liu <bob.liu@oracle.com>
Date: Thu Aug 4 09:07:56 2016 +0800
libxl: return any serial tty path in libxl_console_get_tty
When specifying a serial list in domain config, users of
libxl_console_get_tty cannot get the tty path of a second specified pty serial,
since right now it always returns the tty path of serial 0.
Signed-off-by: Bob Liu <bob.liu@oracle.com>
Acked-by: Wei Liu <wei.liu2@citrix.com>
(cherry picked from commit 35dbf099ac18924d40533c9d1b9bfbf1ecb818c9)
commit de781b47f447fcdd1c556543fcf0ef1d654d2d4d
Author: Boris Ostrovsky <boris.ostrovsky@oracle.com>
Date: Fri Jul 22 13:14:01 2016 -0400
tools/libxc: Properly increment ApicIdCoreSize field on AMD
Current code incorrectly adds 1 to full register instead of
incrementing the field in bits 15:12.
Signed-off-by: Boris Ostrovsky <boris.ostrovsky@oracle.com>
Acked-by: Wei Liu <wei.liu2@citrix.com>
(cherry picked from commit a3336a507519c1d28db3bbff8e439aa3811733f3)
commit ab75cdf635da31012f822260c607f5b4ceaf7668
Author: Wei Liu <wei.liu2@citrix.com>
Date: Mon Jul 11 18:28:08 2016 +0100
libxenstat: honour XEN_RUN_DIR
This is because libxl uses XEN_RUN_DIR to generate the socket path for
libxenstat while libxenstat itself uses hard-coded path, which is not
necessarily the same path as XEN_RUN_DIR. The default configuration
happened to work because XEN_RUN_DIR defaulted to /var/run/xen, which
matched the hard-coded path.
We should make libxenstat use XEN_RUN_DIR so that it works with
non-default configuration.
Generate a _paths.h because it is required to make this change work.
Signed-off-by: Wei Liu <wei.liu2@citrix.com>
Acked-by: Ian Jackson <ian.jackson@eu.citrix.com>
(cherry picked from commit dedb221889dbdd96f1d3c1155c3eb492d329bb53)
commit 78a30103813a7929e922de7414cc56fa2ae52984
Author: Juergen Gross <jgross@suse.com>
Date: Tue Jun 14 06:30:58 2016 +0200
xl: correct xl cpupool-numa-split with vcpu limited dom0
When trying to use xl cpupool-numa-split and dom0 is limited to less
vcpus than one numa node the operation will fail.
Correct this by allowing this configuration.
Reported-by: Glenn Enright <glenn@rimuhosting.com>
Signed-off-by: Juergen Gross <jgross@suse.com>
Reviewed-by: Dario Faggioli <dario.faggioli@citrix.com>
Acked-by: Wei Liu <wei.liu2@citrix.com>
(cherry picked from commit c256d2afc1cad0cca912492e338d6ff97e477c4f)
(qemu changes not included)
_______________________________________________
Xen-devel mailing list
Xen-devel@lists.xen.org
https://lists.xen.org/xen-devel
^ permalink raw reply [flat|nested] only message in thread
only message in thread, other threads:[~2016-08-15 18:05 UTC | newest]
Thread overview: (only message) (download: mbox.gz follow: Atom feed
-- links below jump to the message on this page --
2016-08-15 18:05 [xen-4.7-testing test] 100491: regressions - FAIL osstest service owner
This is a public inbox, see mirroring instructions
for how to clone and mirror all data and code used for this inbox;
as well as URLs for NNTP newsgroup(s).