* [xen-4.6-testing test] 100495: regressions - FAIL
@ 2016-08-16 1:01 osstest service owner
0 siblings, 0 replies; only message in thread
From: osstest service owner @ 2016-08-16 1:01 UTC (permalink / raw)
To: xen-devel, osstest-admin
[-- Attachment #1: Type: text/plain, Size: 18921 bytes --]
flight 100495 xen-4.6-testing real [real]
http://logs.test-lab.xenproject.org/osstest/logs/100495/
Regressions :-(
Tests which did not succeed and are blocking,
including tests which could not be run:
test-armhf-armhf-xl-xsm 6 xen-boot fail REGR. vs. 100352
Regressions which are regarded as allowable (not blocking):
test-amd64-i386-xl-qemut-win7-amd64 16 guest-stop fail like 100352
test-amd64-i386-xl-qemuu-win7-amd64 16 guest-stop fail like 100352
test-amd64-amd64-xl-qemuu-win7-amd64 16 guest-stop fail like 100352
test-amd64-amd64-xl-qemut-win7-amd64 16 guest-stop fail like 100352
test-armhf-armhf-xl-rtds 15 guest-start/debian.repeat fail like 100352
Tests which did not succeed, but are not blocking:
test-amd64-amd64-xl-pvh-intel 11 guest-start fail never pass
test-amd64-amd64-xl-pvh-amd 11 guest-start fail never pass
test-amd64-i386-libvirt-xsm 12 migrate-support-check fail never pass
test-amd64-amd64-qemuu-nested-amd 16 debian-hvm-install/l1/l2 fail never pass
test-armhf-armhf-libvirt-xsm 12 migrate-support-check fail never pass
test-armhf-armhf-libvirt-xsm 14 guest-saverestore fail never pass
test-amd64-amd64-libvirt 12 migrate-support-check fail never pass
test-amd64-amd64-libvirt-xsm 12 migrate-support-check fail never pass
test-armhf-armhf-xl-arndale 12 migrate-support-check fail never pass
test-armhf-armhf-xl-arndale 13 saverestore-support-check fail never pass
test-amd64-i386-libvirt 12 migrate-support-check fail never pass
test-amd64-amd64-libvirt-qemuu-debianhvm-amd64-xsm 10 migrate-support-check fail never pass
test-amd64-amd64-libvirt-vhd 11 migrate-support-check fail never pass
test-amd64-i386-libvirt-qemuu-debianhvm-amd64-xsm 10 migrate-support-check fail never pass
test-armhf-armhf-xl-multivcpu 13 saverestore-support-check fail never pass
test-armhf-armhf-xl-multivcpu 12 migrate-support-check fail never pass
test-armhf-armhf-xl 12 migrate-support-check fail never pass
test-armhf-armhf-xl 13 saverestore-support-check fail never pass
test-armhf-armhf-xl-credit2 13 saverestore-support-check fail never pass
test-armhf-armhf-xl-credit2 12 migrate-support-check fail never pass
test-armhf-armhf-xl-cubietruck 12 migrate-support-check fail never pass
test-armhf-armhf-xl-cubietruck 13 saverestore-support-check fail never pass
test-armhf-armhf-xl-rtds 13 saverestore-support-check fail never pass
test-armhf-armhf-xl-rtds 12 migrate-support-check fail never pass
test-armhf-armhf-libvirt-qcow2 11 migrate-support-check fail never pass
test-armhf-armhf-libvirt-qcow2 13 guest-saverestore fail never pass
test-armhf-armhf-libvirt-raw 13 guest-saverestore fail never pass
test-armhf-armhf-libvirt-raw 11 migrate-support-check fail never pass
test-armhf-armhf-libvirt 14 guest-saverestore fail never pass
test-armhf-armhf-libvirt 12 migrate-support-check fail never pass
test-armhf-armhf-xl-vhd 11 migrate-support-check fail never pass
test-armhf-armhf-xl-vhd 12 saverestore-support-check fail never pass
version targeted for testing:
xen e06d2bae53cb1a3542e7269fd35bf3885dd2e244
baseline version:
xen 55292d3dee83c974e3d89d3a24cd35a8956ceaf5
Last test of basis 100352 2016-08-08 19:46:24 Z 7 days
Testing same since 100495 2016-08-15 11:13:56 Z 0 days 1 attempts
------------------------------------------------------------
People who touched revisions under test:
Andrew Cooper <andrew.cooper3@citrix.com>
Anil Madhavapeddy <anil@recoil.org>
Anthony PERARD <anthony.perard@citrix.com>
Bob Liu <bob.liu@oracle.com>
Boris Ostrovsky <boris.ostrovsky@oracle.com>
Daniel De Graaf <dgdegra@tycho.nsa.gov>
George Dunlap <George.Dunlap@eu.citrix.com>
Ian Jackson <Ian.Jackson@eu.citrix.com>
Jan Beulich <JBeulich@suse.com>
Jason Andryuk <andryuk@aero.org>
Juergen Gross <jgross@suse.com>
Konrad Rzeszutek Wilk <konrad.wilk@oracle.com>
Marek Marczykowski-Górecki <marmarek@invisiblethingslab.com>
Matthew Daley <mattjd@gmail.com>
Olaf Hering <olaf@aepfle.de>
Roger Pau Monne <roger.pau@entel.upc.edu>
Wei Liu <wei.liu2@citrix.com>
jobs:
build-amd64-xsm pass
build-armhf-xsm pass
build-i386-xsm pass
build-amd64 pass
build-armhf pass
build-i386 pass
build-amd64-libvirt pass
build-armhf-libvirt pass
build-i386-libvirt pass
build-amd64-prev pass
build-i386-prev pass
build-amd64-pvops pass
build-armhf-pvops pass
build-i386-pvops pass
build-amd64-rumpuserxen pass
build-i386-rumpuserxen pass
test-amd64-amd64-xl pass
test-armhf-armhf-xl pass
test-amd64-i386-xl pass
test-amd64-amd64-xl-qemut-debianhvm-amd64-xsm pass
test-amd64-i386-xl-qemut-debianhvm-amd64-xsm pass
test-amd64-amd64-libvirt-qemuu-debianhvm-amd64-xsm pass
test-amd64-i386-libvirt-qemuu-debianhvm-amd64-xsm pass
test-amd64-amd64-xl-qemuu-debianhvm-amd64-xsm pass
test-amd64-i386-xl-qemuu-debianhvm-amd64-xsm pass
test-amd64-amd64-xl-qemut-stubdom-debianhvm-amd64-xsm pass
test-amd64-i386-xl-qemut-stubdom-debianhvm-amd64-xsm pass
test-amd64-amd64-libvirt-xsm pass
test-armhf-armhf-libvirt-xsm fail
test-amd64-i386-libvirt-xsm pass
test-amd64-amd64-xl-xsm pass
test-armhf-armhf-xl-xsm fail
test-amd64-i386-xl-xsm pass
test-amd64-amd64-qemuu-nested-amd fail
test-amd64-amd64-xl-pvh-amd fail
test-amd64-i386-qemut-rhel6hvm-amd pass
test-amd64-i386-qemuu-rhel6hvm-amd pass
test-amd64-amd64-xl-qemut-debianhvm-amd64 pass
test-amd64-i386-xl-qemut-debianhvm-amd64 pass
test-amd64-amd64-xl-qemuu-debianhvm-amd64 pass
test-amd64-i386-xl-qemuu-debianhvm-amd64 pass
test-amd64-i386-freebsd10-amd64 pass
test-amd64-amd64-xl-qemuu-ovmf-amd64 pass
test-amd64-i386-xl-qemuu-ovmf-amd64 pass
test-amd64-amd64-rumpuserxen-amd64 pass
test-amd64-amd64-xl-qemut-win7-amd64 fail
test-amd64-i386-xl-qemut-win7-amd64 fail
test-amd64-amd64-xl-qemuu-win7-amd64 fail
test-amd64-i386-xl-qemuu-win7-amd64 fail
test-armhf-armhf-xl-arndale pass
test-amd64-amd64-xl-credit2 pass
test-armhf-armhf-xl-credit2 pass
test-armhf-armhf-xl-cubietruck pass
test-amd64-i386-freebsd10-i386 pass
test-amd64-i386-rumpuserxen-i386 pass
test-amd64-amd64-qemuu-nested-intel pass
test-amd64-amd64-xl-pvh-intel fail
test-amd64-i386-qemut-rhel6hvm-intel pass
test-amd64-i386-qemuu-rhel6hvm-intel pass
test-amd64-amd64-libvirt pass
test-armhf-armhf-libvirt fail
test-amd64-i386-libvirt pass
test-amd64-amd64-migrupgrade pass
test-amd64-i386-migrupgrade pass
test-amd64-amd64-xl-multivcpu pass
test-armhf-armhf-xl-multivcpu pass
test-amd64-amd64-pair pass
test-amd64-i386-pair pass
test-amd64-amd64-libvirt-pair pass
test-amd64-i386-libvirt-pair pass
test-amd64-amd64-amd64-pvgrub pass
test-amd64-amd64-i386-pvgrub pass
test-amd64-amd64-pygrub pass
test-armhf-armhf-libvirt-qcow2 fail
test-amd64-amd64-xl-qcow2 pass
test-armhf-armhf-libvirt-raw fail
test-amd64-i386-xl-raw pass
test-amd64-amd64-xl-rtds pass
test-armhf-armhf-xl-rtds fail
test-amd64-i386-xl-qemut-winxpsp3-vcpus1 pass
test-amd64-i386-xl-qemuu-winxpsp3-vcpus1 pass
test-amd64-amd64-libvirt-vhd pass
test-armhf-armhf-xl-vhd pass
test-amd64-amd64-xl-qemut-winxpsp3 pass
test-amd64-i386-xl-qemut-winxpsp3 pass
test-amd64-amd64-xl-qemuu-winxpsp3 pass
test-amd64-i386-xl-qemuu-winxpsp3 pass
------------------------------------------------------------
sg-report-flight on osstest.test-lab.xenproject.org
logs: /home/logs/logs
images: /home/logs/images
Logs, config files, etc. are available at
http://logs.test-lab.xenproject.org/osstest/logs
Explanation of these reports, and of osstest in general, is at
http://xenbits.xen.org/gitweb/?p=osstest.git;a=blob;f=README.email;hb=master
http://xenbits.xen.org/gitweb/?p=osstest.git;a=blob;f=README;hb=master
Test harness code can be found at
http://xenbits.xen.org/gitweb?p=osstest.git;a=summary
Not pushing.
------------------------------------------------------------
commit e06d2bae53cb1a3542e7269fd35bf3885dd2e244
Author: Bob Liu <bob.liu@oracle.com>
Date: Thu Aug 4 09:07:56 2016 +0800
libxl: return any serial tty path in libxl_console_get_tty
When specifying a serial list in domain config, users of
libxl_console_get_tty cannot get the tty path of a second specified pty serial,
since right now it always returns the tty path of serial 0.
Signed-off-by: Bob Liu <bob.liu@oracle.com>
Acked-by: Wei Liu <wei.liu2@citrix.com>
(cherry picked from commit 35dbf099ac18924d40533c9d1b9bfbf1ecb818c9)
(cherry picked from commit 822464961ae1bac44dcabb049255d61d5511e368)
commit 0e944364767cb198ae81c4326ed24ea3941ad8e7
Author: Boris Ostrovsky <boris.ostrovsky@oracle.com>
Date: Fri Jul 22 13:14:01 2016 -0400
tools/libxc: Properly increment ApicIdCoreSize field on AMD
Current code incorrectly adds 1 to full register instead of
incrementing the field in bits 15:12.
Signed-off-by: Boris Ostrovsky <boris.ostrovsky@oracle.com>
Acked-by: Wei Liu <wei.liu2@citrix.com>
(cherry picked from commit a3336a507519c1d28db3bbff8e439aa3811733f3)
(cherry picked from commit de781b47f447fcdd1c556543fcf0ef1d654d2d4d)
commit 77a9be97f5238a48f2b73b145c0a7ceaef22e0d6
Author: Wei Liu <wei.liu2@citrix.com>
Date: Mon Jul 11 18:28:08 2016 +0100
libxenstat: honour XEN_RUN_DIR
This is because libxl uses XEN_RUN_DIR to generate the socket path for
libxenstat while libxenstat itself uses hard-coded path, which is not
necessarily the same path as XEN_RUN_DIR. The default configuration
happened to work because XEN_RUN_DIR defaulted to /var/run/xen, which
matched the hard-coded path.
We should make libxenstat use XEN_RUN_DIR so that it works with
non-default configuration.
Generate a _paths.h because it is required to make this change work.
Signed-off-by: Wei Liu <wei.liu2@citrix.com>
Acked-by: Ian Jackson <ian.jackson@eu.citrix.com>
(cherry picked from commit dedb221889dbdd96f1d3c1155c3eb492d329bb53)
(cherry picked from commit ab75cdf635da31012f822260c607f5b4ceaf7668)
Conflicts:
tools/xenstat/libxenstat/src/xenstat_qmp.c
Signed-off-by: Ian Jackson <ian.jackson@eu.citrix.com>
commit 29e5892cbfd01b65db013a9bda99fa52781eed67
Author: Konrad Rzeszutek Wilk <konrad.wilk@oracle.com>
Date: Mon Jun 13 05:28:57 2016 -0400
libxenvchan: Change license of header from Lesser GPL v2.1 to BSD
As the xen/COPYING file says:
"A few files are licensed under both GPL and a weaker BSD-style
license. This includes all files within the subdirectory
include/public, as described in include/public/COPYING. All such files
include the non-GPL license text as a source-code comment. Although
the license text refers generically to "the software", the non-GPL
license applies *only* to those source files that explicitly include
the non-GPL license text."
The libxenvchan.h is under xen/include/public/io directory
and the xen/include/public/COPYING says:
"XEN NOTICE
==========
This copyright applies to all files within this subdirectory and its
subdirectories:
include/public/*.h
include/public/hvm/*.h
include/public/io/*.h
The intention is that these files can be freely copied into the source
tree of an operating system when porting that OS to run on Xen. Doing
so does *not* cause the OS to become subject to the terms of the GPL.
All other files in the Xen source distribution are covered by version
2 of the GNU General Public License except where explicitly stated
otherwise within individual source files.
"
Having the libxenvchan.h as Lesser GPL v2.1 where the COPYING file
says otherwise is confusing to say at least.
Upon consulting with the authors of libxenvchan they said:
"FWIW Neither I, nor ITL staff (as author of original libvchan library)
have anything against converting it to the BSD-style licence."
(Marek Marczykowski-Górecki,
http://lists.xen.org/archives/html/xen-devel/2016-06/msg00995.html)
so as such lets change it.
Signed-off-by: Konrad Rzeszutek Wilk <konrad.wilk@oracle.com>
Acked-by: Andrew Cooper <andrew.cooper3@citrix.com>
Acked-by: Anil Madhavapeddy <anil@recoil.org>
Acked-by: Daniel De Graaf <dgdegra@tycho.nsa.gov>
Acked-by: George Dunlap <George.Dunlap@eu.citrix.com>
Acked-by: Jan Beulich <JBeulich@suse.com>
Acked-by: Jason Andryuk <andryuk@aero.org>
Acked-by: Marek Marczykowski-Górecki <marmarek@invisiblethingslab.com>
Acked-by: Matthew Daley <mattjd@gmail.com>
Acked-by: Olaf Hering <olaf@aepfle.de>
Acked-by: Roger Pau Monne <roger.pau@entel.upc.edu>
Acked-by: Ian Jackson <Ian.Jackson@eu.citrix.com>
["I have spoken to my line manager. I can confirm that Citrix is happy
with this proposed change. So:
Acked-by: Ian Jackson <ian.jackson@eu.citrix.com>
This view from Citrix covers all contributions made to these files in
the course of Citrix's employees' employment, which I think is:
> Cc: Andrew Cooper <andrew.cooper3@citrix.com>
> cc: George Dunlap <George.Dunlap@eu.citrix.com>
> Cc: Ian Campbell <ian.campbell@citrix.com>
> Cc: Ian Jackson <Ian.Jackson@eu.citrix.com>
> Cc: Roger Pau Monne <roger.pau@entel.upc.edu>
> Cc: Stefano Stabellini <sstabellini@kernel.org>
> Cc: Tim Deegan <tim@xen.org>
> Cc: Wei Liu <wei.liu2@citrix.com>
..
[in subsequent email]:
Wei points out that this ought also to include Keir Fraser's
contribution, which was (only) in 2012.
" (from Ian's email)
In a subsequent mail, Wei also points out that David Scott's
contribution is covered by Ian's ack.
]
master commit: 937324f032f4f77866e80e39de0d697fa5131df1
(cherry picked from commit b5e124661c175c88512c81acdeb06992259361b7)
commit f8972b4223ee76800afa13432403daf248b46805
Author: Juergen Gross <jgross@suse.com>
Date: Tue Jun 14 06:30:58 2016 +0200
xl: correct xl cpupool-numa-split with vcpu limited dom0
When trying to use xl cpupool-numa-split and dom0 is limited to less
vcpus than one numa node the operation will fail.
Correct this by allowing this configuration.
Reported-by: Glenn Enright <glenn@rimuhosting.com>
Signed-off-by: Juergen Gross <jgross@suse.com>
Reviewed-by: Dario Faggioli <dario.faggioli@citrix.com>
Acked-by: Wei Liu <wei.liu2@citrix.com>
(cherry picked from commit c256d2afc1cad0cca912492e338d6ff97e477c4f)
(cherry picked from commit 78a30103813a7929e922de7414cc56fa2ae52984)
commit 2c1122947e6866ad31b6cc33792178d9baa84430
Author: Anthony PERARD <anthony.perard@citrix.com>
Date: Tue May 3 16:59:49 2016 +0100
configure: Fix when no libsystemd compat lib are available
From systemd change log, since version 209, libsystemd.so contain
everything, including libsystemd-daemon.so. Distro may, or may not provide
the compatibility libraries which libsystemd-daemon is part of.
So, if libsystemd-daemon is not available, check for the presence of
a recent enough libsystemd.
Signed-off-by: Anthony PERARD <anthony.perard@citrix.com>
[ wei: run autogen.sh ]
Acked-by: Wei Liu <wei.liu2@citrix.com>
Release-acked-by: Wei Liu <wei.liu2@citrix.com>
(cherry picked from commit 7dec5b0c658bea9c16a0e3c051e64d2abf57be48)
(qemu changes not included)
[-- Attachment #2: Type: text/plain, Size: 127 bytes --]
_______________________________________________
Xen-devel mailing list
Xen-devel@lists.xen.org
https://lists.xen.org/xen-devel
^ permalink raw reply [flat|nested] only message in thread
only message in thread, other threads:[~2016-08-16 1:01 UTC | newest]
Thread overview: (only message) (download: mbox.gz follow: Atom feed
-- links below jump to the message on this page --
2016-08-16 1:01 [xen-4.6-testing test] 100495: regressions - FAIL osstest service owner
This is a public inbox, see mirroring instructions
for how to clone and mirror all data and code used for this inbox;
as well as URLs for NNTP newsgroup(s).