* [qemu-mainline test] 100559: regressions - FAIL
@ 2016-08-19 15:50 osstest service owner
0 siblings, 0 replies; only message in thread
From: osstest service owner @ 2016-08-19 15:50 UTC (permalink / raw)
To: xen-devel, osstest-admin
flight 100559 qemu-mainline real [real]
http://logs.test-lab.xenproject.org/osstest/logs/100559/
Regressions :-(
Tests which did not succeed and are blocking,
including tests which could not be run:
test-amd64-i386-xl-qemuu-debianhvm-amd64 9 debian-hvm-install fail REGR. vs. 100546
test-armhf-armhf-xl-arndale 9 debian-install fail REGR. vs. 100546
Regressions which are regarded as allowable (not blocking):
test-amd64-amd64-xl-rtds 6 xen-boot fail REGR. vs. 100546
test-armhf-armhf-xl-rtds 15 guest-start/debian.repeat fail REGR. vs. 100546
test-amd64-amd64-xl-qemuu-win7-amd64 16 guest-stop fail like 100546
test-amd64-i386-xl-qemuu-win7-amd64 16 guest-stop fail like 100546
Tests which did not succeed, but are not blocking:
test-amd64-amd64-xl-pvh-amd 11 guest-start fail never pass
test-amd64-amd64-xl-pvh-intel 11 guest-start fail never pass
test-amd64-i386-libvirt-xsm 12 migrate-support-check fail never pass
test-amd64-amd64-libvirt 12 migrate-support-check fail never pass
test-amd64-i386-libvirt 12 migrate-support-check fail never pass
test-amd64-amd64-libvirt-xsm 12 migrate-support-check fail never pass
test-amd64-i386-libvirt-qemuu-debianhvm-amd64-xsm 10 migrate-support-check fail never pass
test-amd64-amd64-libvirt-qemuu-debianhvm-amd64-xsm 10 migrate-support-check fail never pass
test-amd64-amd64-libvirt-vhd 11 migrate-support-check fail never pass
test-amd64-amd64-qemuu-nested-amd 16 debian-hvm-install/l1/l2 fail never pass
test-armhf-armhf-libvirt-qcow2 11 migrate-support-check fail never pass
test-armhf-armhf-libvirt-qcow2 13 guest-saverestore fail never pass
test-armhf-armhf-xl 12 migrate-support-check fail never pass
test-armhf-armhf-xl 13 saverestore-support-check fail never pass
test-armhf-armhf-libvirt 12 migrate-support-check fail never pass
test-armhf-armhf-libvirt 14 guest-saverestore fail never pass
test-armhf-armhf-xl-credit2 12 migrate-support-check fail never pass
test-armhf-armhf-xl-multivcpu 12 migrate-support-check fail never pass
test-armhf-armhf-xl-credit2 13 saverestore-support-check fail never pass
test-armhf-armhf-xl-multivcpu 13 saverestore-support-check fail never pass
test-armhf-armhf-xl-xsm 12 migrate-support-check fail never pass
test-armhf-armhf-xl-xsm 13 saverestore-support-check fail never pass
test-armhf-armhf-xl-vhd 11 migrate-support-check fail never pass
test-armhf-armhf-xl-vhd 12 saverestore-support-check fail never pass
test-armhf-armhf-xl-rtds 12 migrate-support-check fail never pass
test-armhf-armhf-xl-rtds 13 saverestore-support-check fail never pass
test-armhf-armhf-libvirt-xsm 12 migrate-support-check fail never pass
test-armhf-armhf-libvirt-xsm 14 guest-saverestore fail never pass
test-armhf-armhf-libvirt-raw 11 migrate-support-check fail never pass
test-armhf-armhf-libvirt-raw 13 guest-saverestore fail never pass
test-armhf-armhf-xl-cubietruck 12 migrate-support-check fail never pass
test-armhf-armhf-xl-cubietruck 13 saverestore-support-check fail never pass
version targeted for testing:
qemuu 60c6b790fc5dc26418dca42a77bab925ca7bac60
baseline version:
qemuu 02b1ad881cbb1795029737a9077db60267dc0c6f
Last test of basis 100546 2016-08-18 15:18:29 Z 1 days
Testing same since 100559 2016-08-19 10:42:44 Z 0 days 1 attempts
------------------------------------------------------------
People who touched revisions under test:
Michal Privoznik <mprivozn@redhat.com>
Peter Maydell <peter.maydell@linaro.org>
jobs:
build-amd64-xsm pass
build-armhf-xsm pass
build-i386-xsm pass
build-amd64 pass
build-armhf pass
build-i386 pass
build-amd64-libvirt pass
build-armhf-libvirt pass
build-i386-libvirt pass
build-amd64-pvops pass
build-armhf-pvops pass
build-i386-pvops pass
test-amd64-amd64-xl pass
test-armhf-armhf-xl pass
test-amd64-i386-xl pass
test-amd64-amd64-libvirt-qemuu-debianhvm-amd64-xsm pass
test-amd64-i386-libvirt-qemuu-debianhvm-amd64-xsm pass
test-amd64-amd64-xl-qemuu-debianhvm-amd64-xsm pass
test-amd64-i386-xl-qemuu-debianhvm-amd64-xsm pass
test-amd64-amd64-libvirt-xsm pass
test-armhf-armhf-libvirt-xsm fail
test-amd64-i386-libvirt-xsm pass
test-amd64-amd64-xl-xsm pass
test-armhf-armhf-xl-xsm pass
test-amd64-i386-xl-xsm pass
test-amd64-amd64-qemuu-nested-amd fail
test-amd64-amd64-xl-pvh-amd fail
test-amd64-i386-qemuu-rhel6hvm-amd pass
test-amd64-amd64-xl-qemuu-debianhvm-amd64 pass
test-amd64-i386-xl-qemuu-debianhvm-amd64 fail
test-amd64-i386-freebsd10-amd64 pass
test-amd64-amd64-xl-qemuu-ovmf-amd64 pass
test-amd64-i386-xl-qemuu-ovmf-amd64 pass
test-amd64-amd64-xl-qemuu-win7-amd64 fail
test-amd64-i386-xl-qemuu-win7-amd64 fail
test-armhf-armhf-xl-arndale fail
test-amd64-amd64-xl-credit2 pass
test-armhf-armhf-xl-credit2 pass
test-armhf-armhf-xl-cubietruck pass
test-amd64-i386-freebsd10-i386 pass
test-amd64-amd64-qemuu-nested-intel pass
test-amd64-amd64-xl-pvh-intel fail
test-amd64-i386-qemuu-rhel6hvm-intel pass
test-amd64-amd64-libvirt pass
test-armhf-armhf-libvirt fail
test-amd64-i386-libvirt pass
test-amd64-amd64-xl-multivcpu pass
test-armhf-armhf-xl-multivcpu pass
test-amd64-amd64-pair pass
test-amd64-i386-pair pass
test-amd64-amd64-libvirt-pair pass
test-amd64-i386-libvirt-pair pass
test-amd64-amd64-amd64-pvgrub pass
test-amd64-amd64-i386-pvgrub pass
test-amd64-amd64-pygrub pass
test-armhf-armhf-libvirt-qcow2 fail
test-amd64-amd64-xl-qcow2 pass
test-armhf-armhf-libvirt-raw fail
test-amd64-i386-xl-raw pass
test-amd64-amd64-xl-rtds fail
test-armhf-armhf-xl-rtds fail
test-amd64-i386-xl-qemuu-winxpsp3-vcpus1 pass
test-amd64-amd64-libvirt-vhd pass
test-armhf-armhf-xl-vhd pass
test-amd64-amd64-xl-qemuu-winxpsp3 pass
test-amd64-i386-xl-qemuu-winxpsp3 pass
------------------------------------------------------------
sg-report-flight on osstest.test-lab.xenproject.org
logs: /home/logs/logs
images: /home/logs/images
Logs, config files, etc. are available at
http://logs.test-lab.xenproject.org/osstest/logs
Explanation of these reports, and of osstest in general, is at
http://xenbits.xen.org/gitweb/?p=osstest.git;a=blob;f=README.email;hb=master
http://xenbits.xen.org/gitweb/?p=osstest.git;a=blob;f=README;hb=master
Test harness code can be found at
http://xenbits.xen.org/gitweb?p=osstest.git;a=summary
Not pushing.
------------------------------------------------------------
commit 60c6b790fc5dc26418dca42a77bab925ca7bac60
Author: Michal Privoznik <mprivozn@redhat.com>
Date: Fri Aug 19 10:06:40 2016 +0200
syscall.c: Redefine IFLA_* enums
In 9c37146782 I've tried to fix a broken build with older
linux-headers. However, I didn't do it properly. The solution
implemented here is to grab the enums that caused the problem
initially, and rename their values so that they are "QEMU_"
prefixed. In order to guarantee matching values with actual
enums from linux-headers, the enums are seeded with starting
values from the original enums.
Signed-off-by: Michal Privoznik <mprivozn@redhat.com>
Reviewed-by: Laurent Vivier <laurent@vivier.eu>
Message-id: 75c14d6e8a97c4ff3931d69c13eab7376968d8b4.1471593869.git.mprivozn@redhat.com
Signed-off-by: Peter Maydell <peter.maydell@linaro.org>
commit aee5f8f98ecadf05cce20c47e8d88cfae69b1790
Author: Michal Privoznik <mprivozn@redhat.com>
Date: Fri Aug 19 10:06:39 2016 +0200
Revert "syscall.c: Fix build with older linux-headers"
The fix I've made there was wrong. I mean, basically what I did
there was equivalent to:
#if 0
some code;
#endif
This reverts commit 9c37146782e7850877d452da47dc451ba73aa62d.
Signed-off-by: Michal Privoznik <mprivozn@redhat.com>
Reviewed-by: Laurent Vivier <laurent@vivier.eu>
Message-id: 40d61349e445c1ad5fef795da704bf7ed6e19c86.1471593869.git.mprivozn@redhat.com
Signed-off-by: Peter Maydell <peter.maydell@linaro.org>
_______________________________________________
Xen-devel mailing list
Xen-devel@lists.xen.org
https://lists.xen.org/xen-devel
^ permalink raw reply [flat|nested] only message in thread
only message in thread, other threads:[~2016-08-19 15:50 UTC | newest]
Thread overview: (only message) (download: mbox.gz follow: Atom feed
-- links below jump to the message on this page --
2016-08-19 15:50 [qemu-mainline test] 100559: regressions - FAIL osstest service owner
This is a public inbox, see mirroring instructions
for how to clone and mirror all data and code used for this inbox;
as well as URLs for NNTP newsgroup(s).