From mboxrd@z Thu Jan 1 00:00:00 1970 From: osstest service owner Subject: [linux-3.10 test] 100646: regressions - FAIL Date: Sun, 28 Aug 2016 22:44:49 +0000 Message-ID: Mime-Version: 1.0 Content-Type: multipart/mixed; boundary="===============7878755541367947215==" Return-path: List-Unsubscribe: , List-Post: List-Help: List-Subscribe: , Errors-To: xen-devel-bounces@lists.xen.org Sender: "Xen-devel" To: xen-devel@lists.xensource.com, osstest-admin@xenproject.org List-Id: xen-devel@lists.xenproject.org --===============7878755541367947215== Content-Type: text/plain flight 100646 linux-3.10 real [real] http://logs.test-lab.xenproject.org/osstest/logs/100646/ Regressions :-( Tests which did not succeed and are blocking, including tests which could not be run: test-amd64-amd64-xl-qemut-stubdom-debianhvm-amd64-xsm 15 guest-localmigrate/x10 fail REGR. vs. 95869 test-amd64-i386-xl-qemut-debianhvm-amd64-xsm 9 debian-hvm-install fail REGR. vs. 95869 Regressions which are regarded as allowable (not blocking): build-amd64-rumpuserxen 6 xen-build fail like 95869 build-i386-rumpuserxen 6 xen-build fail like 95869 test-amd64-amd64-xl-qemuu-win7-amd64 16 guest-stop fail like 95869 test-amd64-i386-xl-qemut-win7-amd64 16 guest-stop fail like 95869 Tests which did not succeed, but are not blocking: test-amd64-i386-rumpuserxen-i386 1 build-check(1) blocked n/a test-amd64-amd64-rumpuserxen-amd64 1 build-check(1) blocked n/a test-amd64-i386-libvirt 12 migrate-support-check fail never pass test-amd64-amd64-libvirt-xsm 12 migrate-support-check fail never pass test-amd64-amd64-libvirt 12 migrate-support-check fail never pass test-amd64-amd64-xl-pvh-intel 11 guest-start fail never pass test-amd64-i386-libvirt-xsm 12 migrate-support-check fail never pass test-amd64-amd64-xl-pvh-amd 11 guest-start fail never pass test-amd64-i386-libvirt-qemuu-debianhvm-amd64-xsm 10 migrate-support-check fail never pass test-amd64-amd64-libvirt-qemuu-debianhvm-amd64-xsm 10 migrate-support-check fail never pass test-amd64-amd64-libvirt-vhd 11 migrate-support-check fail never pass test-amd64-amd64-qemuu-nested-amd 16 debian-hvm-install/l1/l2 fail never pass version targeted for testing: linux 2ecaf1d025af0f481d00b3701ffbcc600dcab076 baseline version: linux ca1199fccf14540e86f6da955333e31d6fec5f3e Last test of basis 95869 2016-06-17 18:00:54 Z 72 days Testing same since 100646 2016-08-28 18:16:39 Z 0 days 1 attempts ------------------------------------------------------------ People who touched revisions under test: Al Viro Alan Stern Alex Deucher Alex Hung Alexander Klein Alexander Shiyan Alexandru Cornea Alexey Brodkin Alexey Brodkin Amadeusz Sławiński Amr Bekhit Andi Kleen Andrew Goodbody Andrew Morton Andrey Grodzovsky Andrey Ryabinin Andy Lutomirski Anna Schumaker Anthony Romano Antonio Alecrim Jr Ben Hutchings Benjamin Herrenschmidt Bernhard Thaler Bin Liu Bjorn Helgaas Bjørn Mork Bjørn Mork Bob Copeland Borislav Petkov Brian King Cameron Gutman Charles (Chas) Williams Chas Williams <3chas3@gmail.com> Chas Williams Christian König Christoph Hellwig Crestez Dan Leonard Cyril Bur Dan Carpenter dan.carpenter@oracle.com Daniel Vetter Daniele Palmas Darren Hart Dave Chinner Dave Chinner Dave Jones Dave Weinstein David Howells David S. Miller David Vrabel Denis V. Lunev Dmitri Epshtein Dmitry Torokhov Dmitry Vyukov Doug Ledford Erez Shitrit Eric Dumazet Evgenii Shatokhin Felipe Balbi Feng Tang Florian Westphal Fred Veldini Gavin Shan Greg Kroah-Hartman Guilherme G. Piccoli H. Peter Anvin H. Peter Anvin Hari Bathini Helge Deller Herbert Xu Hugh Dickins Ilya Dryomov Imre Palik Ingo Molnar Iosif Harutyunov Itai Handler J. Bruce Fields Jack Wang James Bottomley James C Boyd James E.J. Bottomley James Hogan Jan Beulich Jan Kara Jan Willeke Jann Horn Jason Gunthorpe Javier Martinez Canillas Jeff Layton Jeff Mahoney Jens Axboe Jiri Kosina Jiri Slaby Johan Hovold Johannes Berg John Stultz Jonathan Cameron Joseph Salisbury Joshua Henderson Kalle Valo Kalle Valo Kangjie Lu Kangjie Lu Karl Heiss Kirill A. Shutemov Konstantin Neumoin Larry Finger Laura Abbott Leon Romanovsky Linus Torvalds Linus Walleij Luis de Bethencourt Luis Henriques Lyude Mahesh Salgaonkar Marc Kleine-Budde Marcel Holtmann Marcin Wojtas Marek Szyprowski Mark Brown Mark Brown Martin K. Petersen Martin Schwidefsky Martin Willi Masami Hiramatsu Matthias Schiffer Mauro Carvalho Chehab Michael Ellerman Michael Krufky Michael S. Tsirkin Mike Snitzer Miklos Szeredi Namhyung Kim Neal Cardwell Neil Horman Nicolai Stange Ole Lukoie Oleg Nesterov Oliver Hartkopp Pablo Neira Ayuso Palik, Imre Paolo Bonzini Patrik Jakobsson Paul Burton Paul Mackerras Paul Moore Pavel Shilovsky Peter Zijlstra (Intel) Phil Turnbull Ping Cheng Ping Cheng Prarit Bhargava Radim Krčmář Raghava Aditya Renukunta Ralf Baechle Richard Weinberger Ricky Liang Russell Currey Russell King Rusty Russell Ryusuke Konishi Sachin Prabhu Scott Bauer Shyam Kaushik Simon Horman Simon Marchi Soheil Hassas Yeganeh Steve French Steve French Steven Rostedt (Red Hat) Steven Rostedt Sylwester Nawrocki Takashi Iwai Taras Kondratiuk Tejun Heo Theodore Ts'o Thomas Huth Tim Gardner Tom Goff Tomer Barletz Tomáš Trnka Torsten Hilbrich Trond Myklebust Tyler Hicks Ulf Hansson Ursula Braun Vegard Nossum Vignesh R Ville Syrjälä Vineet Gupta Vladimir Davydov Wang YanQing Wei Fang Wei Tang Wilfried Klaebe Will Deacon Willy Tarreau Wolfgang Grandegger Xiubo Li Yinghai Lu Yishai Hadas YOSHIFUJI Hideaki Yoshihiro Shimoda Yuchung Cheng Zhang Zhuoyu jobs: build-amd64-xsm pass build-i386-xsm pass build-amd64 pass build-i386 pass build-amd64-libvirt pass build-i386-libvirt pass build-amd64-pvops pass build-i386-pvops pass build-amd64-rumpuserxen fail build-i386-rumpuserxen fail test-amd64-amd64-xl pass test-amd64-i386-xl pass test-amd64-amd64-xl-qemut-debianhvm-amd64-xsm pass test-amd64-i386-xl-qemut-debianhvm-amd64-xsm fail test-amd64-amd64-libvirt-qemuu-debianhvm-amd64-xsm pass test-amd64-i386-libvirt-qemuu-debianhvm-amd64-xsm pass test-amd64-amd64-xl-qemuu-debianhvm-amd64-xsm pass test-amd64-i386-xl-qemuu-debianhvm-amd64-xsm pass test-amd64-amd64-xl-qemut-stubdom-debianhvm-amd64-xsm fail test-amd64-i386-xl-qemut-stubdom-debianhvm-amd64-xsm pass test-amd64-amd64-libvirt-xsm pass test-amd64-i386-libvirt-xsm pass test-amd64-amd64-xl-xsm pass test-amd64-i386-xl-xsm pass test-amd64-amd64-qemuu-nested-amd fail test-amd64-amd64-xl-pvh-amd fail test-amd64-i386-qemut-rhel6hvm-amd pass test-amd64-i386-qemuu-rhel6hvm-amd pass test-amd64-amd64-xl-qemut-debianhvm-amd64 pass test-amd64-i386-xl-qemut-debianhvm-amd64 pass test-amd64-amd64-xl-qemuu-debianhvm-amd64 pass test-amd64-i386-xl-qemuu-debianhvm-amd64 pass test-amd64-i386-freebsd10-amd64 pass test-amd64-amd64-xl-qemuu-ovmf-amd64 pass test-amd64-i386-xl-qemuu-ovmf-amd64 pass test-amd64-amd64-rumpuserxen-amd64 blocked test-amd64-amd64-xl-qemut-win7-amd64 pass test-amd64-i386-xl-qemut-win7-amd64 fail test-amd64-amd64-xl-qemuu-win7-amd64 fail test-amd64-i386-xl-qemuu-win7-amd64 pass test-amd64-amd64-xl-credit2 pass test-amd64-i386-freebsd10-i386 pass test-amd64-i386-rumpuserxen-i386 blocked test-amd64-amd64-qemuu-nested-intel pass test-amd64-amd64-xl-pvh-intel fail test-amd64-i386-qemut-rhel6hvm-intel pass test-amd64-i386-qemuu-rhel6hvm-intel pass test-amd64-amd64-libvirt pass test-amd64-i386-libvirt pass test-amd64-amd64-xl-multivcpu pass test-amd64-amd64-pair pass test-amd64-i386-pair pass test-amd64-amd64-libvirt-pair pass test-amd64-i386-libvirt-pair pass test-amd64-amd64-amd64-pvgrub pass test-amd64-amd64-i386-pvgrub pass test-amd64-amd64-pygrub pass test-amd64-amd64-xl-qcow2 pass test-amd64-i386-xl-raw pass test-amd64-amd64-xl-rtds pass test-amd64-i386-xl-qemut-winxpsp3-vcpus1 pass test-amd64-i386-xl-qemuu-winxpsp3-vcpus1 pass test-amd64-amd64-libvirt-vhd pass test-amd64-amd64-xl-qemut-winxpsp3 pass test-amd64-i386-xl-qemut-winxpsp3 pass test-amd64-amd64-xl-qemuu-winxpsp3 pass test-amd64-i386-xl-qemuu-winxpsp3 pass ------------------------------------------------------------ sg-report-flight on osstest.test-lab.xenproject.org logs: /home/logs/logs images: /home/logs/images Logs, config files, etc. are available at http://logs.test-lab.xenproject.org/osstest/logs Explanation of these reports, and of osstest in general, is at http://xenbits.xen.org/gitweb/?p=osstest.git;a=blob;f=README.email;hb=master http://xenbits.xen.org/gitweb/?p=osstest.git;a=blob;f=README;hb=master Test harness code can be found at http://xenbits.xen.org/gitweb?p=osstest.git;a=summary Not pushing. (No revision log; it would be 5146 lines long.) --===============7878755541367947215== Content-Type: text/plain; charset="utf-8" MIME-Version: 1.0 Content-Transfer-Encoding: base64 Content-Disposition: inline X19fX19fX19fX19fX19fX19fX19fX19fX19fX19fX19fX19fX19fX19fX19fX18KWGVuLWRldmVs IG1haWxpbmcgbGlzdApYZW4tZGV2ZWxAbGlzdHMueGVuLm9yZwpodHRwczovL2xpc3RzLnhlbi5v cmcveGVuLWRldmVsCg== --===============7878755541367947215==--