* [linux-3.10 test] 100648: tolerable FAIL - PUSHED
@ 2016-08-29 4:54 osstest service owner
0 siblings, 0 replies; only message in thread
From: osstest service owner @ 2016-08-29 4:54 UTC (permalink / raw)
To: xen-devel, osstest-admin
[-- Attachment #1: Type: text/plain, Size: 21252 bytes --]
flight 100648 linux-3.10 real [real]
http://logs.test-lab.xenproject.org/osstest/logs/100648/
Failures :-/ but no regressions.
Regressions which are regarded as allowable (not blocking):
build-amd64-rumpuserxen 6 xen-build fail like 95869
build-i386-rumpuserxen 6 xen-build fail like 95869
test-amd64-amd64-xl-qemuu-win7-amd64 16 guest-stop fail like 95869
test-amd64-i386-xl-qemut-win7-amd64 16 guest-stop fail like 95869
Tests which did not succeed, but are not blocking:
test-amd64-i386-rumpuserxen-i386 1 build-check(1) blocked n/a
test-amd64-amd64-rumpuserxen-amd64 1 build-check(1) blocked n/a
test-amd64-amd64-libvirt-xsm 12 migrate-support-check fail never pass
test-amd64-amd64-xl-pvh-intel 11 guest-start fail never pass
test-amd64-amd64-libvirt 12 migrate-support-check fail never pass
test-amd64-i386-libvirt 12 migrate-support-check fail never pass
test-amd64-amd64-xl-pvh-amd 11 guest-start fail never pass
test-amd64-i386-libvirt-xsm 12 migrate-support-check fail never pass
test-amd64-i386-libvirt-qemuu-debianhvm-amd64-xsm 10 migrate-support-check fail never pass
test-amd64-amd64-libvirt-qemuu-debianhvm-amd64-xsm 10 migrate-support-check fail never pass
test-amd64-amd64-libvirt-vhd 11 migrate-support-check fail never pass
test-amd64-amd64-qemuu-nested-amd 16 debian-hvm-install/l1/l2 fail never pass
version targeted for testing:
linux 2ecaf1d025af0f481d00b3701ffbcc600dcab076
baseline version:
linux ca1199fccf14540e86f6da955333e31d6fec5f3e
Last test of basis 95869 2016-06-17 18:00:54 Z 72 days
Testing same since 100646 2016-08-28 18:16:39 Z 0 days 2 attempts
------------------------------------------------------------
People who touched revisions under test:
Al Viro <viro@zeniv.linux.org.uk>
Alan Stern <stern@rowland.harvard.edu>
Alex Deucher <alexander.deucher@amd.com>
Alex Hung <alex.hung@canonical.com>
Alexander Klein <ALKL@de.ibm.com>
Alexander Shiyan <shc_work@mail.ru>
Alexandru Cornea <alexandru.cornea@intel.com>
Alexey Brodkin <abrodkin@synopsys.com>
Alexey Brodkin <Alexey.Brodkin@synopsys.com>
Amadeusz SÃ
ÂawiÃ
Âski <amadeusz.slawinski@tieto.com>
Amr Bekhit <amrbekhit@gmail.com>
Andi Kleen <ak@linux.intel.com>
Andrew Goodbody <andrew.goodbody@cambrionix.com>
Andrew Morton <akpm@linux-foundation.org>
Andrey Grodzovsky <andrey2805@gmail.com>
Andrey Ryabinin <aryabinin@virtuozzo.com>
Andy Lutomirski <luto@kernel.org>
Anna Schumaker <Anna.Schumaker@Netapp.com>
Anthony Romano <anthony.romano@coreos.com>
Antonio Alecrim Jr <antonio.alecrim@gmail.com>
Ben Hutchings <ben@decadent.org.uk>
Benjamin Herrenschmidt <benh@kernel.crashing.org>
Bernhard Thaler <bernhard.thaler@wvnet.at>
Bin Liu <b-liu@ti.com>
Bjorn Helgaas <bhelgaas@google.com>
Bjørn Mork <bjorn@mork.no>
Bjørn Mork <bjorn@mork.no>
Bob Copeland <me@bobcopeland.com>
Borislav Petkov <bp@suse.de>
Brian King <brking@linux.vnet.ibm.com>
Cameron Gutman <aicommander@gmail.com>
Charles (Chas) Williams <ciwillia@brocade.com>
Chas Williams <3chas3@gmail.com>
Chas Williams <ciwillia@brocade.com>
Christian König <christian.koenig@amd.com>
Christoph Hellwig <hch@lst.de>
Crestez Dan Leonard <leonard.crestez@intel.com>
Cyril Bur <cyrilbur@gmail.com>
Dan Carpenter <dan.carpenter@oracle.com>
dan.carpenter@oracle.com <dan.carpenter@oracle.com>
Daniel Vetter <daniel.vetter@ffwll.ch>
Daniele Palmas <dnlplm@gmail.com>
Darren Hart <dvhart@linux.intel.com>
Dave Chinner <david@fromorbit.com>
Dave Chinner <dchinner@redhat.com>
Dave Jones <davej@codemonkey.org.uk>
Dave Weinstein <olorin@google.com>
David Howells <dhowells@redhat.com>
David S. Miller <davem@davemloft.net>
David Vrabel <david.vrabel@citrix.com>
Denis V. Lunev <den@openvz.org>
Dmitri Epshtein <dima@marvell.com>
Dmitry Torokhov <dmitry.torokhov@gmail.com>
Dmitry Vyukov <dvyukov@google.com>
Doug Ledford <dledford@redhat.com>
Erez Shitrit <erezsh@mellanox.com>
Eric Dumazet <edumazet@google.com>
Evgenii Shatokhin <eugene.shatokhin@yandex.ru>
Felipe Balbi <felipe.balbi@linux.intel.com>
Feng Tang <feng.tang@intel.com>
Florian Westphal <fw@strlen.de>
Fred Veldini <fred.veldini@gmail.com>
Gavin Shan <gwshan@linux.vnet.ibm.com>
Greg Kroah-Hartman <gregkh@linuxfoundation.org>
Guilherme G. Piccoli <gpiccoli@linux.vnet.ibm.com>
H. Peter Anvin <hpa@linux.intel.com>
H. Peter Anvin <hpa@zytor.com>
Hari Bathini <hbathini@linux.vnet.ibm.com>
Helge Deller <deller@gmx.de>
Herbert Xu <herbert@gondor.apana.org.au>
Hugh Dickins <hughd@google.com>
Ilya Dryomov <idryomov@gmail.com>
Imre Palik <imrep@amazon.de>
Ingo Molnar <mingo@kernel.org>
Iosif Harutyunov <iharutyunov@sonicwall.com>
Itai Handler <itai_handler@hotmail.com>
J. Bruce Fields <bfields@redhat.com>
Jack Wang <jinpu.wang@profitbricks.com>
James Bottomley <James.Bottomley@HansenPartnership.com>
James C Boyd <jcboyd.dev@gmail.com>
James E.J. Bottomley <jejb@linux.vnet.ibm.com>
James Hogan <james.hogan@imgtec.com>
Jan Beulich <jbeulich@suse.com>
Jan Kara <jack@suse.com>
Jan Willeke <willeke@de.ibm.com>
Jann Horn <jannh@google.com>
Jason Gunthorpe <jgunthorpe@obsidianresearch.com>
Javier Martinez Canillas <javier@osg.samsung.com>
Jeff Layton <jlayton@poochiereds.net>
Jeff Mahoney <jeffm@suse.com>
Jens Axboe <axboe@fb.com>
Jiri Kosina <jkosina@suse.cz>
Jiri Slaby <jslaby@suse.cz>
Johan Hovold <johan@kernel.org>
Johannes Berg <johannes.berg@intel.com>
John Stultz <john.stultz@linaro.org>
Jonathan Cameron <jic23@kernel.org>
Joseph Salisbury <joseph.salisbury@canonical.com>
Joshua Henderson <joshua.henderson@microchip.com>
Kalle Valo <kvalo@codeaurora.org>
Kalle Valo <kvalo@qca.qualcomm.com>
Kangjie Lu <kangjielu@gmail.com>
Kangjie Lu <kjlu@gatech.edu>
Karl Heiss <kheiss@gmail.com>
Kirill A. Shutemov <kirill.shutemov@linux.intel.com>
Konstantin Neumoin <kneumoin@virtuozzo.com>
Larry Finger <Larry.Finger@lwfinger.net>
Laura Abbott <labbott@redhat.com>
Leon Romanovsky <leon@kernel.org>
Linus Torvalds <torvalds@linux-foundation.org>
Linus Walleij <linus.walleij@linaro.org>
Luis de Bethencourt <luisbg@osg.samsung.com>
Luis Henriques <luis.henriques@canonical.com>
Lyude <cpaul@redhat.com>
Mahesh Salgaonkar <mahesh@linux.vnet.ibm.com>
Marc Kleine-Budde <mkl@pengutronix.de>
Marcel Holtmann <marcel@holtmann.org>
Marcin Wojtas <mw@semihalf.com>
Marek Szyprowski <m.szyprowski@samsung.com>
Mark Brown <broonie@kernel.org>
Mark Brown <broonie@linaro.org>
Martin K. Petersen <martin.petersen@oracle.com>
Martin Schwidefsky <schwidefsky@de.ibm.com>
Martin Willi <martin@strongswan.org>
Masami Hiramatsu <mhiramat@kernel.org>
Matthias Schiffer <mschiffer@universe-factory.net>
Mauro Carvalho Chehab <m.chehab@samsung.com>
Michael Ellerman <mpe@ellerman.id.au>
Michael Krufky <mkrufky@linuxtv.org>
Michael S. Tsirkin <mst@redhat.com>
Mike Snitzer <snitzer@redhat.com>
Miklos Szeredi <mszeredi@redhat.com>
Namhyung Kim <namhyung@kernel.org>
Neal Cardwell <ncardwell@google.com>
Neil Horman <nhorman@tuxdriver.com>
Nicolai Stange <nicstange@gmail.com>
Ole Lukoie <olelukoie@mail.ru>
Oleg Nesterov <oleg@redhat.com>
Oliver Hartkopp <socketcan@hartkopp.net>
Pablo Neira Ayuso <pablo@netfilter.org>
Palik, Imre <imrep@amazon.de>
Paolo Bonzini <pbonzini@redhat.com>
Patrik Jakobsson <patrik.r.jakobsson@gmail.com>
Paul Burton <paul.burton@imgtec.com>
Paul Mackerras <paulus@ozlabs.org>
Paul Moore <paul@paul-moore.com>
Pavel Shilovsky <pshilovsky@samba.org>
Peter Zijlstra (Intel) <peterz@infradead.org>
Phil Turnbull <phil.turnbull@oracle.com>
Ping Cheng <pingc@wacom.com>
Ping Cheng <pinglinux@gmail.com>
Prarit Bhargava <prarit@redhat.com>
Radim KrÃÂmáÃ
 <rkrcmar@redhat.com>
Raghava Aditya Renukunta <RaghavaAditya.Renukunta@microsemi.com>
Ralf Baechle <ralf@linux-mips.org>
Richard Weinberger <richard@nod.at>
Ricky Liang <jcliang@chromium.org>
Russell Currey <ruscur@russell.cc>
Russell King <rmk+kernel@armlinux.org.uk>
Rusty Russell <rusty@rustcorp.com.au>
Ryusuke Konishi <konishi.ryusuke@lab.ntt.co.jp>
Sachin Prabhu <sprabhu@redhat.com>
Scott Bauer <sbauer@plzdonthack.me>
Shyam Kaushik <shyam@zadarastorage.com>
Simon Horman <simon.horman@netronome.com>
Simon Marchi <simon.marchi@ericsson.com>
Soheil Hassas Yeganeh <soheil@google.com>
Steve French <smfrench@gmail.com>
Steve French <steve.french@primarydata.com>
Steven Rostedt (Red Hat) <rostedt@goodmis.org>
Steven Rostedt <rostedt@goodmis.org>
Sylwester Nawrocki <s.nawrocki@samsung.com>
Takashi Iwai <tiwai@suse.de>
Taras Kondratiuk <takondra@cisco.com>
Tejun Heo <tj@kernel.org>
Theodore Ts'o <tytso@mit.edu>
Thomas Huth <thuth@redhat.com>
Tim Gardner <tim.gardner@canonical.com>
Tom Goff <thomas.goff@ll.mit.edu>
Tomer Barletz <barletz@gmail.com>
TomáÃ
¡ Trnka <ttrnka@mail.muni.cz>
Torsten Hilbrich <torsten.hilbrich@secunet.com>
Trond Myklebust <trond.myklebust@primarydata.com>
Tyler Hicks <tyhicks@canonical.com>
Ulf Hansson <ulf.hansson@linaro.org>
Ursula Braun <ubraun@linux.vnet.ibm.com>
Vegard Nossum <vegard.nossum@oracle.com>
Vignesh R <vigneshr@ti.com>
Ville Syrjälä <ville.syrjala@linux.intel.com>
Vineet Gupta <vgupta@synopsys.com>
Vladimir Davydov <vdavydov@parallels.com>
Wang YanQing <udknight@gmail.com>
Wei Fang <fangwei1@huawei.com>
Wei Tang <tangwei@cmss.chinamobile.com>
Wilfried Klaebe <linux-kernel@lebenslange-mailadresse.de>
Will Deacon <will.deacon@arm.com>
Willy Tarreau <w@1wt.eu>
Wolfgang Grandegger <wg@grandegger.com>
Xiubo Li <lixiubo@cmss.chinamobile.com>
Yinghai Lu <yinghai@kernel.org>
Yishai Hadas <yishaih@mellanox.com>
YOSHIFUJI Hideaki <yoshfuji@linux-ipv6.org>
Yoshihiro Shimoda <yoshihiro.shimoda.uh@renesas.com>
Yuchung Cheng <ycheng@google.com>
Zhang Zhuoyu <zhangzhuoyu@cmss.chinamobile.com>
jobs:
build-amd64-xsm pass
build-i386-xsm pass
build-amd64 pass
build-i386 pass
build-amd64-libvirt pass
build-i386-libvirt pass
build-amd64-pvops pass
build-i386-pvops pass
build-amd64-rumpuserxen fail
build-i386-rumpuserxen fail
test-amd64-amd64-xl pass
test-amd64-i386-xl pass
test-amd64-amd64-xl-qemut-debianhvm-amd64-xsm pass
test-amd64-i386-xl-qemut-debianhvm-amd64-xsm pass
test-amd64-amd64-libvirt-qemuu-debianhvm-amd64-xsm pass
test-amd64-i386-libvirt-qemuu-debianhvm-amd64-xsm pass
test-amd64-amd64-xl-qemuu-debianhvm-amd64-xsm pass
test-amd64-i386-xl-qemuu-debianhvm-amd64-xsm pass
test-amd64-amd64-xl-qemut-stubdom-debianhvm-amd64-xsm pass
test-amd64-i386-xl-qemut-stubdom-debianhvm-amd64-xsm pass
test-amd64-amd64-libvirt-xsm pass
test-amd64-i386-libvirt-xsm pass
test-amd64-amd64-xl-xsm pass
test-amd64-i386-xl-xsm pass
test-amd64-amd64-qemuu-nested-amd fail
test-amd64-amd64-xl-pvh-amd fail
test-amd64-i386-qemut-rhel6hvm-amd pass
test-amd64-i386-qemuu-rhel6hvm-amd pass
test-amd64-amd64-xl-qemut-debianhvm-amd64 pass
test-amd64-i386-xl-qemut-debianhvm-amd64 pass
test-amd64-amd64-xl-qemuu-debianhvm-amd64 pass
test-amd64-i386-xl-qemuu-debianhvm-amd64 pass
test-amd64-i386-freebsd10-amd64 pass
test-amd64-amd64-xl-qemuu-ovmf-amd64 pass
test-amd64-i386-xl-qemuu-ovmf-amd64 pass
test-amd64-amd64-rumpuserxen-amd64 blocked
test-amd64-amd64-xl-qemut-win7-amd64 pass
test-amd64-i386-xl-qemut-win7-amd64 fail
test-amd64-amd64-xl-qemuu-win7-amd64 fail
test-amd64-i386-xl-qemuu-win7-amd64 pass
test-amd64-amd64-xl-credit2 pass
test-amd64-i386-freebsd10-i386 pass
test-amd64-i386-rumpuserxen-i386 blocked
test-amd64-amd64-qemuu-nested-intel pass
test-amd64-amd64-xl-pvh-intel fail
test-amd64-i386-qemut-rhel6hvm-intel pass
test-amd64-i386-qemuu-rhel6hvm-intel pass
test-amd64-amd64-libvirt pass
test-amd64-i386-libvirt pass
test-amd64-amd64-xl-multivcpu pass
test-amd64-amd64-pair pass
test-amd64-i386-pair pass
test-amd64-amd64-libvirt-pair pass
test-amd64-i386-libvirt-pair pass
test-amd64-amd64-amd64-pvgrub pass
test-amd64-amd64-i386-pvgrub pass
test-amd64-amd64-pygrub pass
test-amd64-amd64-xl-qcow2 pass
test-amd64-i386-xl-raw pass
test-amd64-amd64-xl-rtds pass
test-amd64-i386-xl-qemut-winxpsp3-vcpus1 pass
test-amd64-i386-xl-qemuu-winxpsp3-vcpus1 pass
test-amd64-amd64-libvirt-vhd pass
test-amd64-amd64-xl-qemut-winxpsp3 pass
test-amd64-i386-xl-qemut-winxpsp3 pass
test-amd64-amd64-xl-qemuu-winxpsp3 pass
test-amd64-i386-xl-qemuu-winxpsp3 pass
------------------------------------------------------------
sg-report-flight on osstest.test-lab.xenproject.org
logs: /home/logs/logs
images: /home/logs/images
Logs, config files, etc. are available at
http://logs.test-lab.xenproject.org/osstest/logs
Explanation of these reports, and of osstest in general, is at
http://xenbits.xen.org/gitweb/?p=osstest.git;a=blob;f=README.email;hb=master
http://xenbits.xen.org/gitweb/?p=osstest.git;a=blob;f=README;hb=master
Test harness code can be found at
http://xenbits.xen.org/gitweb?p=osstest.git;a=summary
Pushing revision :
+ branch=linux-3.10
+ revision=2ecaf1d025af0f481d00b3701ffbcc600dcab076
+ . ./cri-lock-repos
++ . ./cri-common
+++ . ./cri-getconfig
+++ umask 002
+++ getrepos
++++ getconfig Repos
++++ perl -e '
use Osstest;
readglobalconfig();
print $c{"Repos"} or die $!;
'
+++ local repos=/home/osstest/repos
+++ '[' -z /home/osstest/repos ']'
+++ '[' '!' -d /home/osstest/repos ']'
+++ echo /home/osstest/repos
++ repos=/home/osstest/repos
++ repos_lock=/home/osstest/repos/lock
++ '[' x '!=' x/home/osstest/repos/lock ']'
++ OSSTEST_REPOS_LOCK_LOCKED=/home/osstest/repos/lock
++ exec with-lock-ex -w /home/osstest/repos/lock ./ap-push linux-3.10 2ecaf1d025af0f481d00b3701ffbcc600dcab076
+ branch=linux-3.10
+ revision=2ecaf1d025af0f481d00b3701ffbcc600dcab076
+ . ./cri-lock-repos
++ . ./cri-common
+++ . ./cri-getconfig
+++ umask 002
+++ getrepos
++++ getconfig Repos
++++ perl -e '
use Osstest;
readglobalconfig();
print $c{"Repos"} or die $!;
'
+++ local repos=/home/osstest/repos
+++ '[' -z /home/osstest/repos ']'
+++ '[' '!' -d /home/osstest/repos ']'
+++ echo /home/osstest/repos
++ repos=/home/osstest/repos
++ repos_lock=/home/osstest/repos/lock
++ '[' x/home/osstest/repos/lock '!=' x/home/osstest/repos/lock ']'
+ . ./cri-common
++ . ./cri-getconfig
++ umask 002
+ select_xenbranch
+ case "$branch" in
+ tree=linux
+ xenbranch=xen-unstable
+ '[' xlinux = xlinux ']'
+ linuxbranch=linux-3.10
+ '[' x = x ']'
+ qemuubranch=qemu-upstream-unstable
+ select_prevxenbranch
++ ./cri-getprevxenbranch xen-unstable
+ prevxenbranch=xen-4.7-testing
+ '[' x2ecaf1d025af0f481d00b3701ffbcc600dcab076 = x ']'
+ : tested/2.6.39.x
+ . ./ap-common
++ : osstest@xenbits.xen.org
+++ getconfig OsstestUpstream
+++ perl -e '
use Osstest;
readglobalconfig();
print $c{"OsstestUpstream"} or die $!;
'
++ :
++ : git://xenbits.xen.org/xen.git
++ : osstest@xenbits.xen.org:/home/xen/git/xen.git
++ : git://xenbits.xen.org/qemu-xen-traditional.git
++ : git://git.kernel.org
++ : git://git.kernel.org/pub/scm/linux/kernel/git
++ : git
++ : git://xenbits.xen.org/libvirt.git
++ : osstest@xenbits.xen.org:/home/xen/git/libvirt.git
++ : git://xenbits.xen.org/libvirt.git
++ : git://xenbits.xen.org/rumpuser-xen.git
++ : git
++ : git://xenbits.xen.org/rumpuser-xen.git
++ : osstest@xenbits.xen.org:/home/xen/git/rumpuser-xen.git
+++ besteffort_repo https://github.com/rumpkernel/rumpkernel-netbsd-src
+++ local repo=https://github.com/rumpkernel/rumpkernel-netbsd-src
+++ cached_repo https://github.com/rumpkernel/rumpkernel-netbsd-src '[fetch=try]'
+++ local repo=https://github.com/rumpkernel/rumpkernel-netbsd-src
+++ local 'options=[fetch=try]'
++++ getconfig GitCacheProxy
++++ perl -e '
use Osstest;
readglobalconfig();
print $c{"GitCacheProxy"} or die $!;
'
+++ local cache=git://cache:9419/
+++ '[' xgit://cache:9419/ '!=' x ']'
+++ echo 'git://cache:9419/https://github.com/rumpkernel/rumpkernel-netbsd-src%20[fetch=try]'
++ : 'git://cache:9419/https://github.com/rumpkernel/rumpkernel-netbsd-src%20[fetch=try]'
++ : git
++ : git://git.seabios.org/seabios.git
++ : osstest@xenbits.xen.org:/home/xen/git/osstest/seabios.git
++ : git://xenbits.xen.org/osstest/seabios.git
++ : https://github.com/tianocore/edk2.git
++ : osstest@xenbits.xen.org:/home/xen/git/osstest/ovmf.git
++ : git://xenbits.xen.org/osstest/ovmf.git
++ : git://xenbits.xen.org/osstest/linux-firmware.git
++ : osstest@xenbits.xen.org:/home/osstest/ext/linux-firmware.git
++ : git://git.kernel.org/pub/scm/linux/kernel/git/firmware/linux-firmware.git
++ : osstest@xenbits.xen.org:/home/xen/git/linux-pvops.git
++ : git://xenbits.xen.org/linux-pvops.git
++ : tested/linux-3.14
++ : tested/linux-arm-xen
++ '[' xgit://git.kernel.org/pub/scm/linux/kernel/git/stable/linux-stable.git = x ']'
++ '[' xgit://git.kernel.org/pub/scm/linux/kernel/git/stable/linux-stable.git = x ']'
++ : git://git.kernel.org/pub/scm/linux/kernel/git/konrad/xen.git
++ : tested/2.6.39.x
++ : daily-cron.linux-3.10
++ : daily-cron.linux-3.10
++ : daily-cron.linux-3.10
++ : daily-cron.linux-3.10
++ : daily-cron.linux-3.10
++ : daily-cron.linux-3.10
++ : http://hg.uk.xensource.com/carbon/trunk/linux-2.6.27
++ : git://xenbits.xen.org/qemu-xen.git
++ : osstest@xenbits.xen.org:/home/xen/git/qemu-xen.git
++ : daily-cron.linux-3.10
++ : git://xenbits.xen.org/qemu-xen.git
++ : git://git.qemu.org/qemu.git
+ TREE_LINUX=osstest@xenbits.xen.org:/home/xen/git/linux-pvops.git
+ TREE_QEMU_UPSTREAM=osstest@xenbits.xen.org:/home/xen/git/qemu-xen.git
+ TREE_XEN=osstest@xenbits.xen.org:/home/xen/git/xen.git
+ TREE_LIBVIRT=osstest@xenbits.xen.org:/home/xen/git/libvirt.git
+ TREE_RUMPUSERXEN=osstest@xenbits.xen.org:/home/xen/git/rumpuser-xen.git
+ TREE_SEABIOS=osstest@xenbits.xen.org:/home/xen/git/osstest/seabios.git
+ TREE_OVMF=osstest@xenbits.xen.org:/home/xen/git/osstest/ovmf.git
+ info_linux_tree linux-3.10
+ case $1 in
+ : git://git.kernel.org/pub/scm/linux/kernel/git/stable/linux-stable.git
+ : linux-3.10.y
+ : linux-3.10.y
+ : git
+ : git
+ : git://xenbits.xen.org/linux-pvops.git
+ : osstest@xenbits.xen.org:/home/xen/git/linux-pvops.git
+ : tested/linux-3.10
+ : refs/heads/tested/linux-3.10
+ return 0
+ cd /home/osstest/repos/linux
+ git push osstest@xenbits.xen.org:/home/xen/git/linux-pvops.git 2ecaf1d025af0f481d00b3701ffbcc600dcab076:refs/heads/tested/linux-3.10
To osstest@xenbits.xen.org:/home/xen/git/linux-pvops.git
ca1199f..2ecaf1d 2ecaf1d025af0f481d00b3701ffbcc600dcab076 -> tested/linux-3.10
+ exit 0
[-- Attachment #2: Type: text/plain, Size: 127 bytes --]
_______________________________________________
Xen-devel mailing list
Xen-devel@lists.xen.org
https://lists.xen.org/xen-devel
^ permalink raw reply [flat|nested] only message in thread
only message in thread, other threads:[~2016-08-29 4:54 UTC | newest]
Thread overview: (only message) (download: mbox.gz follow: Atom feed
-- links below jump to the message on this page --
2016-08-29 4:54 [linux-3.10 test] 100648: tolerable FAIL - PUSHED osstest service owner
This is a public inbox, see mirroring instructions
for how to clone and mirror all data and code used for this inbox;
as well as URLs for NNTP newsgroup(s).