* [libvirt test] 100686: regressions - FAIL
@ 2016-09-01 8:17 osstest service owner
0 siblings, 0 replies; only message in thread
From: osstest service owner @ 2016-09-01 8:17 UTC (permalink / raw)
To: xen-devel, osstest-admin
flight 100686 libvirt real [real]
http://logs.test-lab.xenproject.org/osstest/logs/100686/
Regressions :-(
Tests which did not succeed and are blocking,
including tests which could not be run:
build-amd64-xsm 5 xen-build fail REGR. vs. 100671
build-amd64 5 xen-build fail REGR. vs. 100671
Tests which did not succeed, but are not blocking:
test-amd64-amd64-libvirt-vhd 1 build-check(1) blocked n/a
test-amd64-amd64-libvirt-pair 1 build-check(1) blocked n/a
test-amd64-amd64-libvirt 1 build-check(1) blocked n/a
test-amd64-i386-libvirt-qemuu-debianhvm-amd64-xsm 1 build-check(1) blocked n/a
test-amd64-amd64-libvirt-qemuu-debianhvm-amd64-xsm 1 build-check(1) blocked n/a
test-amd64-i386-libvirt 1 build-check(1) blocked n/a
test-amd64-i386-libvirt-xsm 1 build-check(1) blocked n/a
test-amd64-amd64-libvirt-xsm 1 build-check(1) blocked n/a
test-amd64-i386-libvirt-pair 1 build-check(1) blocked n/a
build-amd64-libvirt 1 build-check(1) blocked n/a
test-armhf-armhf-libvirt 12 migrate-support-check fail never pass
test-armhf-armhf-libvirt 14 guest-saverestore fail never pass
test-armhf-armhf-libvirt-raw 11 migrate-support-check fail never pass
test-armhf-armhf-libvirt-raw 13 guest-saverestore fail never pass
test-armhf-armhf-libvirt-xsm 12 migrate-support-check fail never pass
test-armhf-armhf-libvirt-xsm 14 guest-saverestore fail never pass
test-armhf-armhf-libvirt-qcow2 11 migrate-support-check fail never pass
test-armhf-armhf-libvirt-qcow2 13 guest-saverestore fail never pass
version targeted for testing:
libvirt 8540301b782a36a0721ece0fe756e7e328d61418
baseline version:
libvirt 36f57ad7d792f9a1342d48c9977ca9f5af647d1d
Last test of basis 100671 2016-08-31 04:21:56 Z 1 days
Testing same since 100686 2016-09-01 04:21:33 Z 0 days 1 attempts
------------------------------------------------------------
People who touched revisions under test:
Michal Privoznik <mprivozn@redhat.com>
jobs:
build-amd64-xsm fail
build-armhf-xsm pass
build-i386-xsm pass
build-amd64 fail
build-armhf pass
build-i386 pass
build-amd64-libvirt blocked
build-armhf-libvirt pass
build-i386-libvirt pass
build-amd64-pvops pass
build-armhf-pvops pass
build-i386-pvops pass
test-amd64-amd64-libvirt-qemuu-debianhvm-amd64-xsm blocked
test-amd64-i386-libvirt-qemuu-debianhvm-amd64-xsm blocked
test-amd64-amd64-libvirt-xsm blocked
test-armhf-armhf-libvirt-xsm fail
test-amd64-i386-libvirt-xsm blocked
test-amd64-amd64-libvirt blocked
test-armhf-armhf-libvirt fail
test-amd64-i386-libvirt blocked
test-amd64-amd64-libvirt-pair blocked
test-amd64-i386-libvirt-pair blocked
test-armhf-armhf-libvirt-qcow2 fail
test-armhf-armhf-libvirt-raw fail
test-amd64-amd64-libvirt-vhd blocked
------------------------------------------------------------
sg-report-flight on osstest.test-lab.xenproject.org
logs: /home/logs/logs
images: /home/logs/images
Logs, config files, etc. are available at
http://logs.test-lab.xenproject.org/osstest/logs
Explanation of these reports, and of osstest in general, is at
http://xenbits.xen.org/gitweb/?p=osstest.git;a=blob;f=README.email;hb=master
http://xenbits.xen.org/gitweb/?p=osstest.git;a=blob;f=README;hb=master
Test harness code can be found at
http://xenbits.xen.org/gitweb?p=osstest.git;a=summary
Not pushing.
------------------------------------------------------------
commit 8540301b782a36a0721ece0fe756e7e328d61418
Author: Michal Privoznik <mprivozn@redhat.com>
Date: Wed Aug 31 12:52:11 2016 +0200
tools: Don't list virsh-* under EXTRA_DIST
When we wanted to break huge and unmaintainable virsh into
smaller files first thing we did was to just move funcs into
virsh-.c files and then #include them from virsh. Having it done
this way we also needed to have them listed under EXTRA_DIST.
However, things got changed since then and now all the virsh-*.c
files are proper source files. Therefore they are listed under
virsh_SOURCES too. But for some reason we forgot to remove them
from EXTRA_DIST.
Signed-off-by: Michal Privoznik <mprivozn@redhat.com>
_______________________________________________
Xen-devel mailing list
Xen-devel@lists.xen.org
https://lists.xen.org/xen-devel
^ permalink raw reply [flat|nested] only message in thread
only message in thread, other threads:[~2016-09-01 8:17 UTC | newest]
Thread overview: (only message) (download: mbox.gz follow: Atom feed
-- links below jump to the message on this page --
2016-09-01 8:17 [libvirt test] 100686: regressions - FAIL osstest service owner
This is a public inbox, see mirroring instructions
for how to clone and mirror all data and code used for this inbox;
as well as URLs for NNTP newsgroup(s).