* [xen-unstable test] 100690: regressions - trouble: blocked/broken/fail/pass
@ 2016-09-01 18:53 osstest service owner
0 siblings, 0 replies; only message in thread
From: osstest service owner @ 2016-09-01 18:53 UTC (permalink / raw)
To: xen-devel, osstest-admin
flight 100690 xen-unstable real [real]
http://logs.test-lab.xenproject.org/osstest/logs/100690/
Regressions :-(
Tests which did not succeed and are blocking,
including tests which could not be run:
build-armhf 4 host-build-prep fail REGR. vs. 100674
Regressions which are regarded as allowable (not blocking):
build-amd64-rumpuserxen 6 xen-build fail like 100674
build-i386-rumpuserxen 6 xen-build fail like 100674
test-amd64-i386-xl-qemuu-win7-amd64 16 guest-stop fail like 100674
test-amd64-i386-xl-qemut-win7-amd64 16 guest-stop fail like 100674
test-amd64-amd64-xl-qemut-win7-amd64 16 guest-stop fail like 100674
test-amd64-amd64-xl-qemuu-win7-amd64 16 guest-stop fail like 100674
test-amd64-amd64-xl-rtds 9 debian-install fail like 100674
Tests which did not succeed, but are not blocking:
test-armhf-armhf-xl-multivcpu 1 build-check(1) blocked n/a
test-armhf-armhf-xl 1 build-check(1) blocked n/a
build-armhf-libvirt 1 build-check(1) blocked n/a
test-armhf-armhf-xl-credit2 1 build-check(1) blocked n/a
test-armhf-armhf-xl-cubietruck 1 build-check(1) blocked n/a
test-armhf-armhf-xl-arndale 1 build-check(1) blocked n/a
test-amd64-i386-rumpuserxen-i386 1 build-check(1) blocked n/a
test-amd64-amd64-rumpuserxen-amd64 1 build-check(1) blocked n/a
test-armhf-armhf-xl-vhd 1 build-check(1) blocked n/a
test-armhf-armhf-xl-rtds 1 build-check(1) blocked n/a
test-armhf-armhf-libvirt 1 build-check(1) blocked n/a
test-armhf-armhf-libvirt-raw 1 build-check(1) blocked n/a
test-armhf-armhf-libvirt-qcow2 1 build-check(1) blocked n/a
test-armhf-armhf-libvirt-xsm 1 build-check(1) blocked n/a
test-amd64-amd64-xl-pvh-amd 11 guest-start fail never pass
test-amd64-amd64-xl-pvh-intel 11 guest-start fail never pass
test-amd64-i386-libvirt 12 migrate-support-check fail never pass
test-amd64-amd64-libvirt 12 migrate-support-check fail never pass
test-amd64-amd64-libvirt-xsm 12 migrate-support-check fail never pass
test-amd64-i386-libvirt-qemuu-debianhvm-amd64-xsm 10 migrate-support-check fail never pass
test-amd64-amd64-libvirt-qemuu-debianhvm-amd64-xsm 10 migrate-support-check fail never pass
test-amd64-amd64-libvirt-vhd 11 migrate-support-check fail never pass
test-armhf-armhf-xl-xsm 12 migrate-support-check fail never pass
test-armhf-armhf-xl-xsm 13 saverestore-support-check fail never pass
test-amd64-amd64-qemuu-nested-amd 16 debian-hvm-install/l1/l2 fail never pass
test-amd64-i386-libvirt-xsm 12 migrate-support-check fail never pass
version targeted for testing:
xen fb1f0e95654c8f995ddcdbd114100515814c1238
baseline version:
xen 4b314c89be24c26abfad47900f806cebeafc805e
Last test of basis 100674 2016-08-31 08:49:52 Z 1 days
Failing since 100681 2016-08-31 18:14:20 Z 1 days 3 attempts
Testing same since 100684 2016-09-01 01:46:49 Z 0 days 2 attempts
------------------------------------------------------------
People who touched revisions under test:
Feng Wu <feng.wu@intel.com>
Ian Jackson <ian.jackson@eu.citrix.com>
Jan Beulich <JBeulich@suse.com>
Wei Liu <wei.liu2@citrix.com>
jobs:
build-amd64-xsm pass
build-armhf-xsm pass
build-i386-xsm pass
build-amd64 pass
build-armhf broken
build-i386 pass
build-amd64-libvirt pass
build-armhf-libvirt blocked
build-i386-libvirt pass
build-amd64-oldkern pass
build-i386-oldkern pass
build-amd64-prev pass
build-i386-prev pass
build-amd64-pvops pass
build-armhf-pvops pass
build-i386-pvops pass
build-amd64-rumpuserxen fail
build-i386-rumpuserxen fail
test-amd64-amd64-xl pass
test-armhf-armhf-xl blocked
test-amd64-i386-xl pass
test-amd64-amd64-xl-qemut-debianhvm-amd64-xsm pass
test-amd64-i386-xl-qemut-debianhvm-amd64-xsm pass
test-amd64-amd64-libvirt-qemuu-debianhvm-amd64-xsm pass
test-amd64-i386-libvirt-qemuu-debianhvm-amd64-xsm pass
test-amd64-amd64-xl-qemuu-debianhvm-amd64-xsm pass
test-amd64-i386-xl-qemuu-debianhvm-amd64-xsm pass
test-amd64-amd64-xl-qemut-stubdom-debianhvm-amd64-xsm pass
test-amd64-i386-xl-qemut-stubdom-debianhvm-amd64-xsm pass
test-amd64-amd64-libvirt-xsm pass
test-armhf-armhf-libvirt-xsm blocked
test-amd64-i386-libvirt-xsm pass
test-amd64-amd64-xl-xsm pass
test-armhf-armhf-xl-xsm pass
test-amd64-i386-xl-xsm pass
test-amd64-amd64-qemuu-nested-amd fail
test-amd64-amd64-xl-pvh-amd fail
test-amd64-i386-qemut-rhel6hvm-amd pass
test-amd64-i386-qemuu-rhel6hvm-amd pass
test-amd64-amd64-xl-qemut-debianhvm-amd64 pass
test-amd64-i386-xl-qemut-debianhvm-amd64 pass
test-amd64-amd64-xl-qemuu-debianhvm-amd64 pass
test-amd64-i386-xl-qemuu-debianhvm-amd64 pass
test-amd64-i386-freebsd10-amd64 pass
test-amd64-amd64-xl-qemuu-ovmf-amd64 pass
test-amd64-i386-xl-qemuu-ovmf-amd64 pass
test-amd64-amd64-rumpuserxen-amd64 blocked
test-amd64-amd64-xl-qemut-win7-amd64 fail
test-amd64-i386-xl-qemut-win7-amd64 fail
test-amd64-amd64-xl-qemuu-win7-amd64 fail
test-amd64-i386-xl-qemuu-win7-amd64 fail
test-armhf-armhf-xl-arndale blocked
test-amd64-amd64-xl-credit2 pass
test-armhf-armhf-xl-credit2 blocked
test-armhf-armhf-xl-cubietruck blocked
test-amd64-i386-freebsd10-i386 pass
test-amd64-i386-rumpuserxen-i386 blocked
test-amd64-amd64-qemuu-nested-intel pass
test-amd64-amd64-xl-pvh-intel fail
test-amd64-i386-qemut-rhel6hvm-intel pass
test-amd64-i386-qemuu-rhel6hvm-intel pass
test-amd64-amd64-libvirt pass
test-armhf-armhf-libvirt blocked
test-amd64-i386-libvirt pass
test-amd64-amd64-migrupgrade pass
test-amd64-i386-migrupgrade pass
test-amd64-amd64-xl-multivcpu pass
test-armhf-armhf-xl-multivcpu blocked
test-amd64-amd64-pair pass
test-amd64-i386-pair pass
test-amd64-amd64-libvirt-pair pass
test-amd64-i386-libvirt-pair pass
test-amd64-amd64-amd64-pvgrub pass
test-amd64-amd64-i386-pvgrub pass
test-amd64-amd64-pygrub pass
test-armhf-armhf-libvirt-qcow2 blocked
test-amd64-amd64-xl-qcow2 pass
test-armhf-armhf-libvirt-raw blocked
test-amd64-i386-xl-raw pass
test-amd64-amd64-xl-rtds fail
test-armhf-armhf-xl-rtds blocked
test-amd64-i386-xl-qemut-winxpsp3-vcpus1 pass
test-amd64-i386-xl-qemuu-winxpsp3-vcpus1 pass
test-amd64-amd64-libvirt-vhd pass
test-armhf-armhf-xl-vhd blocked
test-amd64-amd64-xl-qemut-winxpsp3 pass
test-amd64-i386-xl-qemut-winxpsp3 pass
test-amd64-amd64-xl-qemuu-winxpsp3 pass
test-amd64-i386-xl-qemuu-winxpsp3 pass
------------------------------------------------------------
sg-report-flight on osstest.test-lab.xenproject.org
logs: /home/logs/logs
images: /home/logs/images
Logs, config files, etc. are available at
http://logs.test-lab.xenproject.org/osstest/logs
Explanation of these reports, and of osstest in general, is at
http://xenbits.xen.org/gitweb/?p=osstest.git;a=blob;f=README.email;hb=master
http://xenbits.xen.org/gitweb/?p=osstest.git;a=blob;f=README;hb=master
Test harness code can be found at
http://xenbits.xen.org/gitweb?p=osstest.git;a=summary
Not pushing.
------------------------------------------------------------
commit fb1f0e95654c8f995ddcdbd114100515814c1238
Author: Jan Beulich <jbeulich@suse.com>
Date: Wed Aug 31 18:15:07 2016 +0200
x86/PV: remove read_descriptor()'s regs parameter
As of commit a35dc6ccbb ("x86: remove the use of vm86_mode()") it is
unused.
Signed-off-by: Jan Beulich <jbeulich@suse.com>
Reviewed-by: Andrew Cooper <andrew.cooper3@citrix.com>
commit f164d498810560322c9f3a3f801eace6ebc6c9e1
Author: Feng Wu <feng.wu@intel.com>
Date: Wed Aug 31 18:13:47 2016 +0200
passthrough: fix a BUG_ON issue
The 'idx' can equal to the max number of vCPUs, fix it.
Signed-off-by: Feng Wu <feng.wu@intel.com>
Acked-by: Jan Beulich <jbeulich@suse.com>
commit db6c2264e6982a027e806d87f7cffc3ffa30405d
Author: Wei Liu <wei.liu2@citrix.com>
Date: Wed Aug 31 16:26:52 2016 +0100
xen: add a gcov Kconfig option
Signed-off-by: Wei Liu <wei.liu2@citrix.com>
Acked-by: Jan Beulich <jbeulich@suse.com>
Reviewed-by: Doug Goldstein <cardoe@cardoe.com>
commit dcf22aa0dc08c0414fa31a20db8d054711e45961
Author: Wei Liu <wei.liu2@citrix.com>
Date: Wed Aug 31 16:26:51 2016 +0100
xen: fix gcov compilation
Currently enabling gcov in hypervisor won't build because although
26c9d03d ("gcov: Adding support for coverage information") claimed that
%.init.o files were excluded from applying compilation options, it was
in fact not true.
Fix that by filtering out the options correctly. Because the dependency
of stub.o in x86 EFI build can't be eliminated easily and we prefer a
generalised method going forward, we introduce nogcov-y to explicitly
mark objects that don't need to build with gcov support.
Signed-off-by: Wei Liu <wei.liu2@citrix.com>
Signed-off-by: Jan Beulich <JBeulich@suse.com>
Acked-by: Ian Jackson <ian.jackson@eu.citrix.com>
commit 0ebbfa4f69cf7bd98ffd50ab35fabf9b36f2deab
Author: Wei Liu <wei.liu2@citrix.com>
Date: Wed Aug 31 16:26:50 2016 +0100
arm64: use "b" to branch to start_xen
The cbz instruction has range limitation. When compiled with gcov
support the object is larger so cbz can't handle that anymore. The error
message is like:
aarch64-linux-gnu-ld -EL -T xen.lds -N prelink.o \
/local/work/xen.git/xen/common/symbols-dummy.o -o /local/work/xen.git/xen/.xen-syms.0
prelink.o: In function `launch':
/local/work/xen.git/xen/arch/arm/arm64/head.S:602:(.text+0x408): relocation truncated to fit: R_AARCH64_CONDBR19 against symbol `start_xen' defined in .init.text section in prelink.o
Use "b" instead.
Signed-off-by: Wei Liu <wei.liu2@citrix.com>
Reviewed-by: Konrad Rzeszutek Wilk <konrad.wilk@oracle.com>
Reviewed-by: Julien Grall <julien.grall@arm.com>
commit 8b53aa66e6f17ee208f2f6b65c473ca907f057d0
Author: Wei Liu <wei.liu2@citrix.com>
Date: Wed Aug 31 16:26:49 2016 +0100
arm: acpi/boot.c is only used during initialisation
That file should contain code and data used during initialisation only.
Mark it as such in build system and correctly annotate enabled_cpus.
Signed-off-by: Wei Liu <wei.liu2@citrix.com>
Reviewed-by: Julien Grall <julien.grall@arm.com>
(qemu changes not included)
_______________________________________________
Xen-devel mailing list
Xen-devel@lists.xen.org
https://lists.xen.org/xen-devel
^ permalink raw reply [flat|nested] only message in thread
only message in thread, other threads:[~2016-09-01 18:53 UTC | newest]
Thread overview: (only message) (download: mbox.gz follow: Atom feed
-- links below jump to the message on this page --
2016-09-01 18:53 [xen-unstable test] 100690: regressions - trouble: blocked/broken/fail/pass osstest service owner
This is a public inbox, see mirroring instructions
for how to clone and mirror all data and code used for this inbox;
as well as URLs for NNTP newsgroup(s).