* [xen-unstable-smoke test] 100812: regressions - trouble: blocked/broken/pass
@ 2016-09-08 12:45 osstest service owner
0 siblings, 0 replies; only message in thread
From: osstest service owner @ 2016-09-08 12:45 UTC (permalink / raw)
To: xen-devel, osstest-admin
flight 100812 xen-unstable-smoke real [real]
http://logs.test-lab.xenproject.org/osstest/logs/100812/
Regressions :-(
Tests which did not succeed and are blocking,
including tests which could not be run:
build-armhf 4 host-build-prep fail REGR. vs. 100800
Tests which did not succeed, but are not blocking:
test-armhf-armhf-xl 1 build-check(1) blocked n/a
test-amd64-amd64-libvirt 12 migrate-support-check fail never pass
version targeted for testing:
xen f8b4d961d5661d2edfaccadf66988596bfbc44c6
baseline version:
xen 3d20a6f4faf1c6a18b51b80d99d23daa7762dda2
Last test of basis 100800 2016-09-08 02:02:05 Z 0 days
Testing same since 100812 2016-09-08 11:01:37 Z 0 days 1 attempts
------------------------------------------------------------
People who touched revisions under test:
Andrew Cooper <andrew.cooper3@citrix.com>
George Dunlap <george.dunlap@citrix.com>
Tim Deegan <tim@xen.org>
jobs:
build-amd64 pass
build-armhf broken
build-amd64-libvirt pass
test-armhf-armhf-xl blocked
test-amd64-amd64-xl-qemuu-debianhvm-i386 pass
test-amd64-amd64-libvirt pass
------------------------------------------------------------
sg-report-flight on osstest.test-lab.xenproject.org
logs: /home/logs/logs
images: /home/logs/images
Logs, config files, etc. are available at
http://logs.test-lab.xenproject.org/osstest/logs
Explanation of these reports, and of osstest in general, is at
http://xenbits.xen.org/gitweb/?p=osstest.git;a=blob;f=README.email;hb=master
http://xenbits.xen.org/gitweb/?p=osstest.git;a=blob;f=README;hb=master
Test harness code can be found at
http://xenbits.xen.org/gitweb?p=osstest.git;a=summary
Not pushing.
------------------------------------------------------------
commit f8b4d961d5661d2edfaccadf66988596bfbc44c6
Author: Andrew Cooper <andrew.cooper3@citrix.com>
Date: Tue Jun 14 12:45:56 2016 +0100
x86/paging: Make paging_mode_*() predicates behave like predicates
Signed-off-by: Andrew Cooper <andrew.cooper3@citrix.com>
Acked-by: Tim Deegan <tim@xen.org>
Acked-by: George Dunlap <george.dunlap@citrix.com>
(qemu changes not included)
_______________________________________________
Xen-devel mailing list
Xen-devel@lists.xen.org
https://lists.xen.org/xen-devel
^ permalink raw reply [flat|nested] only message in thread
only message in thread, other threads:[~2016-09-08 12:45 UTC | newest]
Thread overview: (only message) (download: mbox.gz follow: Atom feed
-- links below jump to the message on this page --
2016-09-08 12:45 [xen-unstable-smoke test] 100812: regressions - trouble: blocked/broken/pass osstest service owner
This is a public inbox, see mirroring instructions
for how to clone and mirror all data and code used for this inbox;
as well as URLs for NNTP newsgroup(s).