* [xen-4.5-testing test] 100814: regressions - FAIL
@ 2016-09-08 21:05 osstest service owner
0 siblings, 0 replies; only message in thread
From: osstest service owner @ 2016-09-08 21:05 UTC (permalink / raw)
To: xen-devel, osstest-admin
[-- Attachment #1: Type: text/plain, Size: 12150 bytes --]
flight 100814 xen-4.5-testing real [real]
http://logs.test-lab.xenproject.org/osstest/logs/100814/
Regressions :-(
Tests which did not succeed and are blocking,
including tests which could not be run:
test-armhf-armhf-xl-arndale 11 guest-start fail REGR. vs. 100769
test-amd64-i386-xl-qemuu-winxpsp3-vcpus1 15 guest-localmigrate/x10 fail REGR. vs. 100769
Regressions which are regarded as allowable (not blocking):
test-amd64-i386-xl-qemuu-win7-amd64 16 guest-stop fail blocked in 100769
test-amd64-amd64-xl-rtds 6 xen-boot fail like 100769
test-amd64-amd64-xl-qemuu-win7-amd64 16 guest-stop fail like 100769
test-amd64-amd64-xl-qemut-win7-amd64 16 guest-stop fail like 100769
test-amd64-i386-xl-qemut-win7-amd64 16 guest-stop fail like 100769
test-armhf-armhf-xl-rtds 11 guest-start fail like 100769
Tests which did not succeed, but are not blocking:
test-amd64-amd64-rumprun-amd64 1 build-check(1) blocked n/a
test-amd64-i386-rumprun-i386 1 build-check(1) blocked n/a
build-amd64-rumprun 5 rumprun-build fail never pass
build-i386-rumprun 5 rumprun-build fail never pass
test-amd64-amd64-libvirt 12 migrate-support-check fail never pass
test-amd64-amd64-xl-pvh-intel 11 guest-start fail never pass
test-amd64-amd64-xl-pvh-amd 11 guest-start fail never pass
test-amd64-i386-libvirt 12 migrate-support-check fail never pass
test-amd64-amd64-libvirt-vhd 11 migrate-support-check fail never pass
test-armhf-armhf-libvirt 12 migrate-support-check fail never pass
test-armhf-armhf-libvirt 14 guest-saverestore fail never pass
test-amd64-amd64-qemuu-nested-amd 16 debian-hvm-install/l1/l2 fail never pass
test-armhf-armhf-xl 12 migrate-support-check fail never pass
test-armhf-armhf-xl 13 saverestore-support-check fail never pass
test-armhf-armhf-xl-credit2 12 migrate-support-check fail never pass
test-armhf-armhf-xl-credit2 13 saverestore-support-check fail never pass
test-armhf-armhf-xl-cubietruck 12 migrate-support-check fail never pass
test-armhf-armhf-xl-cubietruck 13 saverestore-support-check fail never pass
test-armhf-armhf-xl-vhd 10 guest-start fail never pass
test-armhf-armhf-libvirt-qcow2 10 guest-start fail never pass
test-armhf-armhf-libvirt-raw 10 guest-start fail never pass
test-armhf-armhf-xl-multivcpu 12 migrate-support-check fail never pass
test-armhf-armhf-xl-multivcpu 13 saverestore-support-check fail never pass
version targeted for testing:
xen 433ebca120e8750eb8085745ccac703e47358e6f
baseline version:
xen d50078b9f2d7df55157ca353d889b13a8f3f0bc6
Last test of basis 100769 2016-09-06 13:09:38 Z 2 days
Testing same since 100814 2016-09-08 12:43:18 Z 0 days 1 attempts
------------------------------------------------------------
People who touched revisions under test:
Andrew Cooper <andrew.cooper3@citrix.com>
Jan Beulich <jbeulich@suse.com>
jobs:
build-amd64 pass
build-armhf pass
build-i386 pass
build-amd64-libvirt pass
build-armhf-libvirt pass
build-i386-libvirt pass
build-amd64-prev pass
build-i386-prev pass
build-amd64-pvops pass
build-armhf-pvops pass
build-i386-pvops pass
build-amd64-rumprun fail
build-i386-rumprun fail
test-amd64-amd64-xl pass
test-armhf-armhf-xl pass
test-amd64-i386-xl pass
test-amd64-amd64-qemuu-nested-amd fail
test-amd64-amd64-xl-pvh-amd fail
test-amd64-i386-qemut-rhel6hvm-amd pass
test-amd64-i386-qemuu-rhel6hvm-amd pass
test-amd64-amd64-xl-qemut-debianhvm-amd64 pass
test-amd64-i386-xl-qemut-debianhvm-amd64 pass
test-amd64-amd64-xl-qemuu-debianhvm-amd64 pass
test-amd64-i386-xl-qemuu-debianhvm-amd64 pass
test-amd64-i386-freebsd10-amd64 pass
test-amd64-amd64-xl-qemuu-ovmf-amd64 pass
test-amd64-i386-xl-qemuu-ovmf-amd64 pass
test-amd64-amd64-rumprun-amd64 blocked
test-amd64-amd64-xl-qemut-win7-amd64 fail
test-amd64-i386-xl-qemut-win7-amd64 fail
test-amd64-amd64-xl-qemuu-win7-amd64 fail
test-amd64-i386-xl-qemuu-win7-amd64 fail
test-armhf-armhf-xl-arndale fail
test-amd64-amd64-xl-credit2 pass
test-armhf-armhf-xl-credit2 pass
test-armhf-armhf-xl-cubietruck pass
test-amd64-i386-freebsd10-i386 pass
test-amd64-i386-rumprun-i386 blocked
test-amd64-amd64-qemuu-nested-intel pass
test-amd64-amd64-xl-pvh-intel fail
test-amd64-i386-qemut-rhel6hvm-intel pass
test-amd64-i386-qemuu-rhel6hvm-intel pass
test-amd64-amd64-libvirt pass
test-armhf-armhf-libvirt fail
test-amd64-i386-libvirt pass
test-amd64-amd64-migrupgrade pass
test-amd64-i386-migrupgrade pass
test-amd64-amd64-xl-multivcpu pass
test-armhf-armhf-xl-multivcpu pass
test-amd64-amd64-pair pass
test-amd64-i386-pair pass
test-amd64-amd64-libvirt-pair pass
test-amd64-i386-libvirt-pair pass
test-amd64-amd64-amd64-pvgrub pass
test-amd64-amd64-i386-pvgrub pass
test-amd64-amd64-pygrub pass
test-armhf-armhf-libvirt-qcow2 fail
test-amd64-amd64-xl-qcow2 pass
test-armhf-armhf-libvirt-raw fail
test-amd64-i386-xl-raw pass
test-amd64-amd64-xl-rtds fail
test-armhf-armhf-xl-rtds fail
test-amd64-i386-xl-qemut-winxpsp3-vcpus1 pass
test-amd64-i386-xl-qemuu-winxpsp3-vcpus1 fail
test-amd64-amd64-libvirt-vhd pass
test-armhf-armhf-xl-vhd fail
test-amd64-amd64-xl-qemut-winxpsp3 pass
test-amd64-i386-xl-qemut-winxpsp3 pass
test-amd64-amd64-xl-qemuu-winxpsp3 pass
test-amd64-i386-xl-qemuu-winxpsp3 pass
------------------------------------------------------------
sg-report-flight on osstest.test-lab.xenproject.org
logs: /home/logs/logs
images: /home/logs/images
Logs, config files, etc. are available at
http://logs.test-lab.xenproject.org/osstest/logs
Explanation of these reports, and of osstest in general, is at
http://xenbits.xen.org/gitweb/?p=osstest.git;a=blob;f=README.email;hb=master
http://xenbits.xen.org/gitweb/?p=osstest.git;a=blob;f=README;hb=master
Test harness code can be found at
http://xenbits.xen.org/gitweb?p=osstest.git;a=summary
Not pushing.
------------------------------------------------------------
commit 433ebca120e8750eb8085745ccac703e47358e6f
Author: Andrew Cooper <andrew.cooper3@citrix.com>
Date: Thu Sep 8 14:29:05 2016 +0200
x86/shadow: Avoid overflowing sh_ctxt->seg_reg[]
hvm_get_seg_reg() does not perform a range check on its input segment, calls
hvm_get_segment_register() and writes straight into sh_ctxt->seg_reg[].
x86_seg_none is outside the bounds of sh_ctxt->seg_reg[], and will hit a BUG()
in {vmx,svm}_get_segment_register().
HVM guests running with shadow paging can end up performing a virtual to
linear translation with x86_seg_none. This is used for addresses which are
already linear. However, none of this is a legitimate pagetable update, so
fail the emulation in such a case.
This is XSA-187 / CVE-2016-7094.
Reported-by: Andrew Cooper <andrew.cooper3@citrix.com>
Signed-off-by: Andrew Cooper <andrew.cooper3@citrix.com>
Reviewed-by: Tim Deegan <tim@xen.org>
master commit: a9f3b3bad17d91e2067fc00d51b0302349570d08
master date: 2016-09-08 14:16:26 +0200
commit bc9f72bb933aac7cd51419b1f5482094a1325518
Author: Andrew Cooper <andrew.cooper3@citrix.com>
Date: Thu Sep 8 14:28:11 2016 +0200
x86/emulate: Correct boundary interactions of emulated instructions
This reverts most of c/s 0640ffb6 "x86emul: fix rIP handling".
Experimentally, in long mode processors will execute an instruction stream
which crosses the 64bit -1 -> 0 virtual boundary, whether the instruction
boundary is aligned on the virtual boundary, or is misaligned.
In compatibility mode, Intel processors will execute an instruction stream
which crosses the 32bit -1 -> 0 virtual boundary, while AMD processors raise a
segmentation fault. Xen's segmentation behaviour matches AMD.
For 16bit code, hardware does not ever truncated %ip. %eip is always used and
behaves normally as a 32bit register, including in 16bit protected mode
segments, as well as in Real and Unreal mode.
This is XSA-186 / CVE-2016-7093.
Reported-by: Brian Marcotte <marcotte@panix.com>
Signed-off-by: Andrew Cooper <andrew.cooper3@citrix.com>
Reviewed-by: Jan Beulich <jbeulich@suse.com>
master commit: e9575f980df81aeb0e5b6139f485fd6f7bb7f5b6
master date: 2016-09-08 14:15:53 +0200
commit ec8887695b450571b30f2dceacae0fd1d0214288
Author: Jan Beulich <jbeulich@suse.com>
Date: Thu Sep 8 14:27:34 2016 +0200
x86/32on64: don't allow recursive page tables from L3
L3 entries are special in PAE mode, and hence can't reasonably be used
for setting up recursive (and hence linear) page table mappings. Since
abuse is possible when the guest in fact gets run on 4-level page
tables, this needs to be excluded explicitly.
This is XSA-185 / CVE-2016-7092.
Reported-by: Jérémie Boutoille <jboutoille@ext.quarkslab.com>
Reported-by: "æ ¾å°èª(好é£)" <shangcong.lsc@alibaba-inc.com>
Signed-off-by: Jan Beulich <jbeulich@suse.com>
Reviewed-by: Andrew Cooper <andrew.cooper3@citrix.com>
master commit: c844d637d92a75854ea5c8d4e5ca34302a9f623c
master date: 2016-09-08 14:14:53 +0200
(qemu changes not included)
[-- Attachment #2: Type: text/plain, Size: 127 bytes --]
_______________________________________________
Xen-devel mailing list
Xen-devel@lists.xen.org
https://lists.xen.org/xen-devel
^ permalink raw reply [flat|nested] only message in thread
only message in thread, other threads:[~2016-09-08 21:05 UTC | newest]
Thread overview: (only message) (download: mbox.gz follow: Atom feed
-- links below jump to the message on this page --
2016-09-08 21:05 [xen-4.5-testing test] 100814: regressions - FAIL osstest service owner
This is a public inbox, see mirroring instructions
for how to clone and mirror all data and code used for this inbox;
as well as URLs for NNTP newsgroup(s).