* [xtf baseline test] 100870: tolerable all pass
@ 2016-09-10 11:42 osstest service owner
0 siblings, 0 replies; only message in thread
From: osstest service owner @ 2016-09-10 11:42 UTC (permalink / raw)
To: xen-devel, osstest-admin
"Old" tested version had not actually been tested; therefore in this
flight we test it, rather than a new candidate. The baseline, if
any, is the most recent actually tested revision.
flight 100870 xtf real [real]
http://logs.test-lab.xenproject.org/osstest/logs/100870/
Failures :-/ but no regressions.
Tests which did not succeed, but are not blocking:
test-xtf-amd64-amd64-4 42 xtf/test-pv64-xsa-167 fail never pass
test-xtf-amd64-amd64-5 42 xtf/test-pv64-xsa-167 fail never pass
test-xtf-amd64-amd64-3 42 xtf/test-pv64-xsa-167 fail never pass
test-xtf-amd64-amd64-1 42 xtf/test-pv64-xsa-167 fail never pass
test-xtf-amd64-amd64-2 42 xtf/test-pv64-xsa-167 fail never pass
version targeted for testing:
xtf 97541e1fde20b6823fa146357a57ec7c6f802c05
baseline version:
xtf 97541e1fde20b6823fa146357a57ec7c6f802c05
Last test of basis 100870 2016-09-10 07:44:13 Z 0 days
Testing same since 0 1970-01-01 00:00:00 Z 17054 days 0 attempts
jobs:
build-amd64-xtf pass
build-amd64 pass
build-amd64-pvops pass
test-xtf-amd64-amd64-1 pass
test-xtf-amd64-amd64-2 pass
test-xtf-amd64-amd64-3 pass
test-xtf-amd64-amd64-4 pass
test-xtf-amd64-amd64-5 pass
------------------------------------------------------------
sg-report-flight on osstest.test-lab.xenproject.org
logs: /home/logs/logs
images: /home/logs/images
Logs, config files, etc. are available at
http://logs.test-lab.xenproject.org/osstest/logs
Explanation of these reports, and of osstest in general, is at
http://xenbits.xen.org/gitweb/?p=osstest.git;a=blob;f=README.email;hb=master
http://xenbits.xen.org/gitweb/?p=osstest.git;a=blob;f=README;hb=master
Test harness code can be found at
http://xenbits.xen.org/gitweb?p=osstest.git;a=summary
Published tested tree is already up to date.
_______________________________________________
Xen-devel mailing list
Xen-devel@lists.xen.org
https://lists.xen.org/xen-devel
^ permalink raw reply [flat|nested] only message in thread
only message in thread, other threads:[~2016-09-10 11:42 UTC | newest]
Thread overview: (only message) (download: mbox.gz follow: Atom feed
-- links below jump to the message on this page --
2016-09-10 11:42 [xtf baseline test] 100870: tolerable all pass osstest service owner
This is a public inbox, see mirroring instructions
for how to clone and mirror all data and code used for this inbox;
as well as URLs for NNTP newsgroup(s).