xen-devel.lists.xenproject.org archive mirror
 help / color / mirror / Atom feed
* [xen-unstable-smoke test] 100889: regressions - FAIL
@ 2016-09-12 10:26 osstest service owner
  0 siblings, 0 replies; only message in thread
From: osstest service owner @ 2016-09-12 10:26 UTC (permalink / raw)
  To: xen-devel, osstest-admin

flight 100889 xen-unstable-smoke real [real]
http://logs.test-lab.xenproject.org/osstest/logs/100889/

Regressions :-(

Tests which did not succeed and are blocking,
including tests which could not be run:
 test-armhf-armhf-xl           6 xen-boot                 fail REGR. vs. 100862

Tests which did not succeed, but are not blocking:
 test-amd64-amd64-libvirt     12 migrate-support-check        fail   never pass

version targeted for testing:
 xen                  f4448bfd35b41e696709d33b469b52504aab88b7
baseline version:
 xen                  a3fe74e4345e66ddb7aa514395260a5e5f8b0cdc

Last test of basis   100862  2016-09-10 00:01:51 Z    2 days
Testing same since   100889  2016-09-12 09:01:21 Z    0 days    1 attempts

------------------------------------------------------------
People who touched revisions under test:
  Andrew Cooper <andrew.cooper3@citrix.com>
  Tim Deegan <tim@xen.org>

jobs:
 build-amd64                                                  pass    
 build-armhf                                                  pass    
 build-amd64-libvirt                                          pass    
 test-armhf-armhf-xl                                          fail    
 test-amd64-amd64-xl-qemuu-debianhvm-i386                     pass    
 test-amd64-amd64-libvirt                                     pass    


------------------------------------------------------------
sg-report-flight on osstest.test-lab.xenproject.org
logs: /home/logs/logs
images: /home/logs/images

Logs, config files, etc. are available at
    http://logs.test-lab.xenproject.org/osstest/logs

Explanation of these reports, and of osstest in general, is at
    http://xenbits.xen.org/gitweb/?p=osstest.git;a=blob;f=README.email;hb=master
    http://xenbits.xen.org/gitweb/?p=osstest.git;a=blob;f=README;hb=master

Test harness code can be found at
    http://xenbits.xen.org/gitweb?p=osstest.git;a=summary


Not pushing.

------------------------------------------------------------
commit f4448bfd35b41e696709d33b469b52504aab88b7
Author: Andrew Cooper <andrew.cooper3@citrix.com>
Date:   Mon Sep 12 08:33:31 2016 +0000

    x86/shadow: Use standard C array designators
    
    Clang identifies:
    
      multi.c:82:23: error: use of GNU 'missing =' extension in
      designator [-Werror,-Wgnu-designator]
          [ft_prefetch]     "prefetch",
    
    No functional change.
    
    Signed-off-by: Andrew Cooper <andrew.cooper3@citrix.com>
    Acked-by: Tim Deegan <tim@xen.org>
(qemu changes not included)

_______________________________________________
Xen-devel mailing list
Xen-devel@lists.xen.org
https://lists.xen.org/xen-devel

^ permalink raw reply	[flat|nested] only message in thread

only message in thread, other threads:[~2016-09-12 10:26 UTC | newest]

Thread overview: (only message) (download: mbox.gz follow: Atom feed
-- links below jump to the message on this page --
2016-09-12 10:26 [xen-unstable-smoke test] 100889: regressions - FAIL osstest service owner

This is a public inbox, see mirroring instructions
for how to clone and mirror all data and code used for this inbox;
as well as URLs for NNTP newsgroup(s).