* [qemu-mainline test] 100971: regressions - FAIL
@ 2016-09-15 23:47 osstest service owner
0 siblings, 0 replies; only message in thread
From: osstest service owner @ 2016-09-15 23:47 UTC (permalink / raw)
To: xen-devel, osstest-admin
flight 100971 qemu-mainline real [real]
http://logs.test-lab.xenproject.org/osstest/logs/100971/
Regressions :-(
Tests which did not succeed and are blocking,
including tests which could not be run:
test-amd64-i386-xl-qemuu-debianhvm-amd64 9 debian-hvm-install fail REGR. vs. 100966
Regressions which are regarded as allowable (not blocking):
test-armhf-armhf-xl-rtds 15 guest-start/debian.repeat fail REGR. vs. 100966
test-amd64-i386-xl-qemuu-win7-amd64 16 guest-stop fail like 100966
test-amd64-amd64-xl-rtds 9 debian-install fail like 100966
test-amd64-amd64-xl-qemuu-win7-amd64 16 guest-stop fail like 100966
Tests which did not succeed, but are not blocking:
test-armhf-armhf-xl-xsm 12 migrate-support-check fail never pass
test-armhf-armhf-xl-xsm 13 saverestore-support-check fail never pass
test-armhf-armhf-libvirt-raw 11 migrate-support-check fail never pass
test-armhf-armhf-libvirt-raw 13 guest-saverestore fail never pass
test-armhf-armhf-xl-credit2 12 migrate-support-check fail never pass
test-armhf-armhf-xl-credit2 13 saverestore-support-check fail never pass
test-armhf-armhf-xl-cubietruck 12 migrate-support-check fail never pass
test-armhf-armhf-xl-cubietruck 13 saverestore-support-check fail never pass
test-armhf-armhf-libvirt 12 migrate-support-check fail never pass
test-armhf-armhf-libvirt 14 guest-saverestore fail never pass
test-armhf-armhf-libvirt-xsm 12 migrate-support-check fail never pass
test-armhf-armhf-libvirt-xsm 14 guest-saverestore fail never pass
test-armhf-armhf-libvirt-qcow2 11 migrate-support-check fail never pass
test-armhf-armhf-libvirt-qcow2 13 guest-saverestore fail never pass
test-armhf-armhf-xl-rtds 12 migrate-support-check fail never pass
test-armhf-armhf-xl-rtds 13 saverestore-support-check fail never pass
test-armhf-armhf-xl-arndale 12 migrate-support-check fail never pass
test-armhf-armhf-xl-arndale 13 saverestore-support-check fail never pass
test-armhf-armhf-xl-multivcpu 12 migrate-support-check fail never pass
test-armhf-armhf-xl-multivcpu 13 saverestore-support-check fail never pass
test-armhf-armhf-xl-vhd 11 migrate-support-check fail never pass
test-armhf-armhf-xl-vhd 12 saverestore-support-check fail never pass
test-armhf-armhf-xl 12 migrate-support-check fail never pass
test-armhf-armhf-xl 13 saverestore-support-check fail never pass
test-amd64-i386-libvirt-xsm 12 migrate-support-check fail never pass
test-amd64-i386-libvirt-qemuu-debianhvm-amd64-xsm 10 migrate-support-check fail never pass
test-amd64-i386-libvirt 12 migrate-support-check fail never pass
test-amd64-amd64-libvirt-qemuu-debianhvm-amd64-xsm 10 migrate-support-check fail never pass
test-amd64-amd64-libvirt-xsm 12 migrate-support-check fail never pass
test-amd64-amd64-xl-pvh-amd 11 guest-start fail never pass
test-amd64-amd64-libvirt-vhd 11 migrate-support-check fail never pass
test-amd64-amd64-libvirt 12 migrate-support-check fail never pass
test-amd64-amd64-xl-pvh-intel 11 guest-start fail never pass
test-amd64-amd64-qemuu-nested-amd 16 debian-hvm-install/l1/l2 fail never pass
version targeted for testing:
qemuu 9f16390cd3cdd85fa20739f07120f4d697c11837
baseline version:
qemuu 8212ff86f4405b6128d89dd1d97ff2d6cfcf9842
Last test of basis 100966 2016-09-15 10:45:30 Z 0 days
Testing same since 100971 2016-09-15 17:22:22 Z 0 days 1 attempts
------------------------------------------------------------
People who touched revisions under test:
Andrew Dutcher <andrew@andrewdutcher.com>
Gerd Hoffmann <kraxel@redhat.com>
Hans Petter Selasky <hps@selasky.org>
Isaac Lozano <109lozanoi@gmail.com>
John Arbuckle <programmingkidx@gmail.com>
Li Qiang <liqiang6-s@360.cn>
Peter Maydell <peter.maydell@linaro.org>
Programmingkid <programmingkidx@gmail.com>
jobs:
build-amd64-xsm pass
build-armhf-xsm pass
build-i386-xsm pass
build-amd64 pass
build-armhf pass
build-i386 pass
build-amd64-libvirt pass
build-armhf-libvirt pass
build-i386-libvirt pass
build-amd64-pvops pass
build-armhf-pvops pass
build-i386-pvops pass
test-amd64-amd64-xl pass
test-armhf-armhf-xl pass
test-amd64-i386-xl pass
test-amd64-amd64-libvirt-qemuu-debianhvm-amd64-xsm pass
test-amd64-i386-libvirt-qemuu-debianhvm-amd64-xsm pass
test-amd64-amd64-xl-qemuu-debianhvm-amd64-xsm pass
test-amd64-i386-xl-qemuu-debianhvm-amd64-xsm pass
test-amd64-amd64-libvirt-xsm pass
test-armhf-armhf-libvirt-xsm fail
test-amd64-i386-libvirt-xsm pass
test-amd64-amd64-xl-xsm pass
test-armhf-armhf-xl-xsm pass
test-amd64-i386-xl-xsm pass
test-amd64-amd64-qemuu-nested-amd fail
test-amd64-amd64-xl-pvh-amd fail
test-amd64-i386-qemuu-rhel6hvm-amd pass
test-amd64-amd64-xl-qemuu-debianhvm-amd64 pass
test-amd64-i386-xl-qemuu-debianhvm-amd64 fail
test-amd64-i386-freebsd10-amd64 pass
test-amd64-amd64-xl-qemuu-ovmf-amd64 pass
test-amd64-i386-xl-qemuu-ovmf-amd64 pass
test-amd64-amd64-xl-qemuu-win7-amd64 fail
test-amd64-i386-xl-qemuu-win7-amd64 fail
test-armhf-armhf-xl-arndale pass
test-amd64-amd64-xl-credit2 pass
test-armhf-armhf-xl-credit2 pass
test-armhf-armhf-xl-cubietruck pass
test-amd64-i386-freebsd10-i386 pass
test-amd64-amd64-qemuu-nested-intel pass
test-amd64-amd64-xl-pvh-intel fail
test-amd64-i386-qemuu-rhel6hvm-intel pass
test-amd64-amd64-libvirt pass
test-armhf-armhf-libvirt fail
test-amd64-i386-libvirt pass
test-amd64-amd64-xl-multivcpu pass
test-armhf-armhf-xl-multivcpu pass
test-amd64-amd64-pair pass
test-amd64-i386-pair pass
test-amd64-amd64-libvirt-pair pass
test-amd64-i386-libvirt-pair pass
test-amd64-amd64-amd64-pvgrub pass
test-amd64-amd64-i386-pvgrub pass
test-amd64-amd64-pygrub pass
test-armhf-armhf-libvirt-qcow2 fail
test-amd64-amd64-xl-qcow2 pass
test-armhf-armhf-libvirt-raw fail
test-amd64-i386-xl-raw pass
test-amd64-amd64-xl-rtds fail
test-armhf-armhf-xl-rtds fail
test-amd64-i386-xl-qemuu-winxpsp3-vcpus1 pass
test-amd64-amd64-libvirt-vhd pass
test-armhf-armhf-xl-vhd pass
test-amd64-amd64-xl-qemuu-winxpsp3 pass
test-amd64-i386-xl-qemuu-winxpsp3 pass
------------------------------------------------------------
sg-report-flight on osstest.test-lab.xenproject.org
logs: /home/logs/logs
images: /home/logs/images
Logs, config files, etc. are available at
http://logs.test-lab.xenproject.org/osstest/logs
Explanation of these reports, and of osstest in general, is at
http://xenbits.xen.org/gitweb/?p=osstest.git;a=blob;f=README.email;hb=master
http://xenbits.xen.org/gitweb/?p=osstest.git;a=blob;f=README;hb=master
Test harness code can be found at
http://xenbits.xen.org/gitweb?p=osstest.git;a=summary
Not pushing.
------------------------------------------------------------
commit 9f16390cd3cdd85fa20739f07120f4d697c11837
Merge: d1eb8f2 67f3ef0
Author: Peter Maydell <peter.maydell@linaro.org>
Date: Thu Sep 15 14:56:36 2016 +0100
Merge remote-tracking branch 'remotes/kraxel/tags/pull-usb-20160914-1' into staging
usb-mtp: add support for files larger than 4g (gsoc)
xhci & usb-host: bugfixes.
# gpg: Signature made Wed 14 Sep 2016 10:30:38 BST
# gpg: using RSA key 0x4CB6D8EED3E87138
# gpg: Good signature from "Gerd Hoffmann (work) <kraxel@redhat.com>"
# gpg: aka "Gerd Hoffmann <gerd@kraxel.org>"
# gpg: aka "Gerd Hoffmann (private) <kraxel@gmail.com>"
# Primary key fingerprint: A032 8CFF B93A 17A7 9901 FE7D 4CB6 D8EE D3E8 7138
* remotes/kraxel/tags/pull-usb-20160914-1:
usb-mtp: added object properties
usb-mtp: fix sending files larger than 4gb
usb:xhci:fix memory leak in usb_xhci_exit
usb-host: fix streams detection in usb_host_speed_compat
xhci: Fix remainder field for TR_SETUP completion event.
Signed-off-by: Peter Maydell <peter.maydell@linaro.org>
commit d1eb8f2acba579830cf3798c3c15ce51be852c56
Author: Andrew Dutcher <andrew@andrewdutcher.com>
Date: Tue Aug 16 17:14:55 2016 -0700
fpu: add mechanism to check for invalid long double formats
All operations that take a floatx80 as an operand need to have their
inputs checked for malformed encodings. In all of these cases, use the
function floatx80_invalid_encoding to perform the check. If an invalid
operand is found, raise an invalid operation exception, and then return
either NaN (for fp-typed results) or the integer indefinite value (the
minimum representable signed integer value, for int-typed results).
For the non-quiet comparison operations, this touches adjacent code in
order to pass style checks.
Signed-off-by: Andrew Dutcher <andrew@andrewdutcher.com>
Reviewed-by: Peter Maydell <peter.maydell@linaro.org>
Message-id: 1471392895-17324-1-git-send-email-andrew@andrewdutcher.com
[PMM: changed "1 << 63" to "1ULL << 63" to fix compile errors]
Signed-off-by: Peter Maydell <peter.maydell@linaro.org>
commit 9e8204b1de9c4d09c0ec8f1c004a2e11346eb116
Author: Programmingkid <programmingkidx@gmail.com>
Date: Mon Aug 15 22:11:06 2016 -0400
ui/cocoa.m: Make a better about dialog
The about dialog in QEMU on Mac OS X is very plain and unhelpful. This patch
makes the about dialog look a lot better and have some descriptive information
on what version of QEMU the user is running.
Signed-off-by: John Arbuckle <programmingkidx@gmail.com>
Reviewed-by: Peter Maydell <peter.maydell@linaro.org>
Message-id: ED59936E-3EB2-46AB-9E33-AB26E382B884@gmail.com
Signed-off-by: Peter Maydell <peter.maydell@linaro.org>
commit 67f3ef0c7a149a4e92b877375f771e065ae58651
Author: Isaac Lozano <109lozanoi@gmail.com>
Date: Sat Aug 6 03:06:02 2016 -0700
usb-mtp: added object properties
Windows uses object properties to determine the size of a file, so to
add object properties, we must also add a minimum set of new commands
and object properties. Most object properties are data that we already
have, except for the unique persistant object identifier. Windows
doesn't use this property, it seems, so we can cheat a bit and just use
the object handle for it.
Signed-off-by: Isaac Lozano <109lozanoi@gmail.com>
Message-id: a741d0dd380cd7eb1695e1eb34ee6f341183f20a.1470477265.git.109lozanoi@gmail.com
Signed-off-by: Gerd Hoffmann <kraxel@redhat.com>
commit 8a5865f331028e66b4ed233129d7a914c2d5bfc7
Author: Isaac Lozano <109lozanoi@gmail.com>
Date: Sat Aug 6 03:06:01 2016 -0700
usb-mtp: fix sending files larger than 4gb
MTP requires that if a file is larger than 4gb or if sending data larger
than 4gb, that the length field be set to 0xFFFFFFFF.
Also widened a couple variables to prevent overflow errors.
Signed-off-by: Isaac Lozano <109lozanoi@gmail.com>
Message-id: 01ad8ec7775f58575801ac3f13716f553a16815e.1470477265.git.109lozanoi@gmail.com
Signed-off-by: Gerd Hoffmann <kraxel@redhat.com>
commit b53dd4495ced2432a0b652ea895e651d07336f7e
Author: Li Qiang <liqiang6-s@360.cn>
Date: Tue Sep 13 03:20:03 2016 -0700
usb:xhci:fix memory leak in usb_xhci_exit
If the xhci uses msix, it doesn't free the corresponding
memory, thus leading a memory leak. This patch avoid this.
Signed-off-by: Li Qiang <liqiang6-s@360.cn>
Message-id: 57d7d2e0.d4301c0a.d13e9.9a55@mx.google.com
Signed-off-by: Gerd Hoffmann <kraxel@redhat.com>
commit 6a71123469e0c9286354c6655440da51566c1763
Author: Gerd Hoffmann <kraxel@redhat.com>
Date: Fri Sep 9 09:41:30 2016 +0200
usb-host: fix streams detection in usb_host_speed_compat
The companion descriptor is present on all usb3 devices, not only
those with streams support. We need to check attributes to see
whenever the device uses streams or not.
Signed-off-by: Gerd Hoffmann <kraxel@redhat.com>
Message-id: 1473406890-30164-1-git-send-email-kraxel@redhat.com
commit b66ad1f1aa4dba4e8e242ad8339dd01f4ee77c5e
Author: Hans Petter Selasky <hps@selasky.org>
Date: Tue Aug 23 13:39:49 2016 +0200
xhci: Fix remainder field for TR_SETUP completion event.
Previously the code would incorrectly report the remainder as 8 bytes. A
remainder of 0 bytes should be reported when the SETUP packet is
successfully transferred. Found using FreeBSD's XHCI driver.
Signed-off-by: Hans Petter Selasky <hps@selasky.org>
[ kraxel: codestyle fixup ]
Signed-off-by: Gerd Hoffmann <kraxel@redhat.com>
_______________________________________________
Xen-devel mailing list
Xen-devel@lists.xen.org
https://lists.xen.org/xen-devel
^ permalink raw reply [flat|nested] only message in thread
only message in thread, other threads:[~2016-09-15 23:47 UTC | newest]
Thread overview: (only message) (download: mbox.gz follow: Atom feed
-- links below jump to the message on this page --
2016-09-15 23:47 [qemu-mainline test] 100971: regressions - FAIL osstest service owner
This is a public inbox, see mirroring instructions
for how to clone and mirror all data and code used for this inbox;
as well as URLs for NNTP newsgroup(s).