xen-devel.lists.xenproject.org archive mirror
 help / color / mirror / Atom feed
* [xen-unstable-smoke test] 101191: regressions - FAIL
@ 2016-09-28 18:23 osstest service owner
  0 siblings, 0 replies; only message in thread
From: osstest service owner @ 2016-09-28 18:23 UTC (permalink / raw)
  To: xen-devel, osstest-admin

flight 101191 xen-unstable-smoke real [real]
http://logs.test-lab.xenproject.org/osstest/logs/101191/

Regressions :-(

Tests which did not succeed and are blocking,
including tests which could not be run:
 build-armhf                   5 xen-build                fail REGR. vs. 101184

Tests which did not succeed, but are not blocking:
 test-armhf-armhf-xl           1 build-check(1)               blocked  n/a
 test-amd64-amd64-libvirt     12 migrate-support-check        fail   never pass

version targeted for testing:
 xen                  d7c34a18a9fd6c6dccf99eeeeaf14ff352bc4c0d
baseline version:
 xen                  da9207c864ab363fc29a2d861f9da07fd9ca1e16

Last test of basis   101184  2016-09-28 12:03:36 Z    0 days
Failing since        101187  2016-09-28 15:02:21 Z    0 days    2 attempts
Testing same since   101191  2016-09-28 17:02:30 Z    0 days    1 attempts

------------------------------------------------------------
People who touched revisions under test:
  Boris Ostrovsky <boris.ostrovsky@oracle.com>
  Daniel Kiper <dkiper@net-space.pl>
  Dario Faggioli <dario.faggioli@citrix.com>
  Ian Jackson <ian.jackson@eu.citrix.com>
  Jan Beulich <jbeulich@suse.com>
  Keir Fraser <keir@xen.org>
  Kevin Tian <kevin.tian@intel.com>
  Konrad Rzeszutek Wilk <konrad.wilk@oracle.com> [for Oracle, VirtualIron and Sun contributions]
  Kouya Shimura <kouya@jp.fujitsu.com>
  Lars Kurth <lars.kurth@citrix.com>
  Simon Horman <horms@verge.net.au>
  Stefan Berger <stefanb@us.ibm.com>
  Wei Liu <wei.liu2@citrix.com>

jobs:
 build-amd64                                                  pass    
 build-armhf                                                  fail    
 build-amd64-libvirt                                          pass    
 test-armhf-armhf-xl                                          blocked 
 test-amd64-amd64-xl-qemuu-debianhvm-i386                     pass    
 test-amd64-amd64-libvirt                                     pass    


------------------------------------------------------------
sg-report-flight on osstest.test-lab.xenproject.org
logs: /home/logs/logs
images: /home/logs/images

Logs, config files, etc. are available at
    http://logs.test-lab.xenproject.org/osstest/logs

Explanation of these reports, and of osstest in general, is at
    http://xenbits.xen.org/gitweb/?p=osstest.git;a=blob;f=README.email;hb=master
    http://xenbits.xen.org/gitweb/?p=osstest.git;a=blob;f=README;hb=master

Test harness code can be found at
    http://xenbits.xen.org/gitweb?p=osstest.git;a=summary


Not pushing.

(No revision log; it would be 325 lines long.)

_______________________________________________
Xen-devel mailing list
Xen-devel@lists.xen.org
https://lists.xen.org/xen-devel

^ permalink raw reply	[flat|nested] only message in thread

only message in thread, other threads:[~2016-09-28 18:23 UTC | newest]

Thread overview: (only message) (download: mbox.gz follow: Atom feed
-- links below jump to the message on this page --
2016-09-28 18:23 [xen-unstable-smoke test] 101191: regressions - FAIL osstest service owner

This is a public inbox, see mirroring instructions
for how to clone and mirror all data and code used for this inbox;
as well as URLs for NNTP newsgroup(s).