From: osstest service owner <osstest-admin@xenproject.org>
To: xen-devel@lists.xensource.com, osstest-admin@xenproject.org
Subject: [qemu-mainline test] 101192: trouble: broken/fail/pass
Date: Thu, 29 Sep 2016 05:50:08 +0000 [thread overview]
Message-ID: <osstest-101192-mainreport@xen.org> (raw)
[-- Attachment #1: Type: text/plain, Size: 20460 bytes --]
flight 101192 qemu-mainline real [real]
http://logs.test-lab.xenproject.org/osstest/logs/101192/
Failures and problems with tests :-(
Tests which did not succeed and are blocking,
including tests which could not be run:
test-armhf-armhf-libvirt-xsm 3 host-install(3) broken REGR. vs. 101186
Regressions which are regarded as allowable (not blocking):
test-armhf-armhf-xl-rtds 15 guest-start/debian.repeat fail like 101186
test-amd64-i386-xl-qemuu-win7-amd64 16 guest-stop fail like 101186
test-amd64-amd64-xl-rtds 9 debian-install fail like 101186
test-amd64-amd64-xl-qemuu-win7-amd64 16 guest-stop fail like 101186
Tests which did not succeed, but are not blocking:
test-armhf-armhf-libvirt-raw 11 migrate-support-check fail never pass
test-armhf-armhf-libvirt-raw 13 guest-saverestore fail never pass
test-armhf-armhf-xl-xsm 12 migrate-support-check fail never pass
test-armhf-armhf-xl-xsm 13 saverestore-support-check fail never pass
test-armhf-armhf-libvirt 12 migrate-support-check fail never pass
test-armhf-armhf-libvirt 14 guest-saverestore fail never pass
test-armhf-armhf-xl-cubietruck 12 migrate-support-check fail never pass
test-armhf-armhf-xl-cubietruck 13 saverestore-support-check fail never pass
test-armhf-armhf-xl-vhd 11 migrate-support-check fail never pass
test-armhf-armhf-xl-vhd 12 saverestore-support-check fail never pass
test-armhf-armhf-xl-credit2 12 migrate-support-check fail never pass
test-armhf-armhf-xl-credit2 13 saverestore-support-check fail never pass
test-armhf-armhf-libvirt-qcow2 11 migrate-support-check fail never pass
test-armhf-armhf-libvirt-qcow2 13 guest-saverestore fail never pass
test-armhf-armhf-xl-rtds 12 migrate-support-check fail never pass
test-armhf-armhf-xl-rtds 13 saverestore-support-check fail never pass
test-amd64-i386-libvirt-xsm 12 migrate-support-check fail never pass
test-amd64-i386-libvirt-qemuu-debianhvm-amd64-xsm 10 migrate-support-check fail never pass
test-amd64-i386-libvirt 12 migrate-support-check fail never pass
test-armhf-armhf-xl-multivcpu 12 migrate-support-check fail never pass
test-armhf-armhf-xl-multivcpu 13 saverestore-support-check fail never pass
test-armhf-armhf-xl-arndale 12 migrate-support-check fail never pass
test-armhf-armhf-xl-arndale 13 saverestore-support-check fail never pass
test-amd64-amd64-libvirt-qemuu-debianhvm-amd64-xsm 10 migrate-support-check fail never pass
test-armhf-armhf-xl 12 migrate-support-check fail never pass
test-armhf-armhf-xl 13 saverestore-support-check fail never pass
test-amd64-amd64-libvirt-vhd 11 migrate-support-check fail never pass
test-amd64-amd64-libvirt 12 migrate-support-check fail never pass
test-amd64-amd64-libvirt-xsm 12 migrate-support-check fail never pass
test-amd64-amd64-xl-pvh-amd 11 guest-start fail never pass
test-amd64-amd64-qemuu-nested-amd 16 debian-hvm-install/l1/l2 fail never pass
test-amd64-amd64-xl-pvh-intel 11 guest-start fail never pass
version targeted for testing:
qemuu 4af27939e5232c130327066e47eb805be0be1438
baseline version:
qemuu 4a58f35b793d5d09d6cef921bf6ed7ffc39669fd
Last test of basis 101186 2016-09-28 12:16:03 Z 0 days
Testing same since 101192 2016-09-28 17:50:33 Z 0 days 1 attempts
------------------------------------------------------------
People who touched revisions under test:
Alex Bennée <alex.bennee@linaro.org>
Anthony PERARD <anthony.perard@citrix.com>
Gerd Hoffmann <kraxel@redhat.com>
Hervé Poussineau <hpoussin@reactos.org>
Marc-André Lureau <marcandre.lureau@redhat.com>
Paulina Szubarczyk <paulinaszubarczyk@gmail.com>
Peter Maydell <peter.maydell@linaro.org>
Roger Pau Monné <roger.pau@citrix.com>
jobs:
build-amd64-xsm pass
build-armhf-xsm pass
build-i386-xsm pass
build-amd64 pass
build-armhf pass
build-i386 pass
build-amd64-libvirt pass
build-armhf-libvirt pass
build-i386-libvirt pass
build-amd64-pvops pass
build-armhf-pvops pass
build-i386-pvops pass
test-amd64-amd64-xl pass
test-armhf-armhf-xl pass
test-amd64-i386-xl pass
test-amd64-amd64-libvirt-qemuu-debianhvm-amd64-xsm pass
test-amd64-i386-libvirt-qemuu-debianhvm-amd64-xsm pass
test-amd64-amd64-xl-qemuu-debianhvm-amd64-xsm pass
test-amd64-i386-xl-qemuu-debianhvm-amd64-xsm pass
test-amd64-amd64-libvirt-xsm pass
test-armhf-armhf-libvirt-xsm broken
test-amd64-i386-libvirt-xsm pass
test-amd64-amd64-xl-xsm pass
test-armhf-armhf-xl-xsm pass
test-amd64-i386-xl-xsm pass
test-amd64-amd64-qemuu-nested-amd fail
test-amd64-amd64-xl-pvh-amd fail
test-amd64-i386-qemuu-rhel6hvm-amd pass
test-amd64-amd64-xl-qemuu-debianhvm-amd64 pass
test-amd64-i386-xl-qemuu-debianhvm-amd64 pass
test-amd64-i386-freebsd10-amd64 pass
test-amd64-amd64-xl-qemuu-ovmf-amd64 pass
test-amd64-i386-xl-qemuu-ovmf-amd64 pass
test-amd64-amd64-xl-qemuu-win7-amd64 fail
test-amd64-i386-xl-qemuu-win7-amd64 fail
test-armhf-armhf-xl-arndale pass
test-amd64-amd64-xl-credit2 pass
test-armhf-armhf-xl-credit2 pass
test-armhf-armhf-xl-cubietruck pass
test-amd64-i386-freebsd10-i386 pass
test-amd64-amd64-qemuu-nested-intel pass
test-amd64-amd64-xl-pvh-intel fail
test-amd64-i386-qemuu-rhel6hvm-intel pass
test-amd64-amd64-libvirt pass
test-armhf-armhf-libvirt fail
test-amd64-i386-libvirt pass
test-amd64-amd64-xl-multivcpu pass
test-armhf-armhf-xl-multivcpu pass
test-amd64-amd64-pair pass
test-amd64-i386-pair pass
test-amd64-amd64-libvirt-pair pass
test-amd64-i386-libvirt-pair pass
test-amd64-amd64-amd64-pvgrub pass
test-amd64-amd64-i386-pvgrub pass
test-amd64-amd64-pygrub pass
test-armhf-armhf-libvirt-qcow2 fail
test-amd64-amd64-xl-qcow2 pass
test-armhf-armhf-libvirt-raw fail
test-amd64-i386-xl-raw pass
test-amd64-amd64-xl-rtds fail
test-armhf-armhf-xl-rtds fail
test-amd64-i386-xl-qemuu-winxpsp3-vcpus1 pass
test-amd64-amd64-libvirt-vhd pass
test-armhf-armhf-xl-vhd pass
test-amd64-amd64-xl-qemuu-winxpsp3 pass
test-amd64-i386-xl-qemuu-winxpsp3 pass
------------------------------------------------------------
sg-report-flight on osstest.test-lab.xenproject.org
logs: /home/logs/logs
images: /home/logs/images
Logs, config files, etc. are available at
http://logs.test-lab.xenproject.org/osstest/logs
Explanation of these reports, and of osstest in general, is at
http://xenbits.xen.org/gitweb/?p=osstest.git;a=blob;f=README.email;hb=master
http://xenbits.xen.org/gitweb/?p=osstest.git;a=blob;f=README;hb=master
Test harness code can be found at
http://xenbits.xen.org/gitweb?p=osstest.git;a=summary
broken-step test-armhf-armhf-libvirt-xsm host-install(3)
Not pushing.
------------------------------------------------------------
commit 4af27939e5232c130327066e47eb805be0be1438
Merge: 79907e6 ec044a8
Author: Peter Maydell <peter.maydell@linaro.org>
Date: Wed Sep 28 17:44:05 2016 +0100
Merge remote-tracking branch 'remotes/kraxel/tags/pull-input-20160928-1' into staging
input queue: ps2 kbd cleanups and improvements
# gpg: Signature made Wed 28 Sep 2016 13:52:16 BST
# gpg: using RSA key 0x4CB6D8EED3E87138
# gpg: Good signature from "Gerd Hoffmann (work) <kraxel@redhat.com>"
# gpg: aka "Gerd Hoffmann <gerd@kraxel.org>"
# gpg: aka "Gerd Hoffmann (private) <kraxel@gmail.com>"
# Primary key fingerprint: A032 8CFF B93A 17A7 9901 FE7D 4CB6 D8EE D3E8 7138
* remotes/kraxel/tags/pull-input-20160928-1:
ps2: do not generate invalid key codes for unknown keys
ps2: use QEMU qcodes instead of scancodes
ps2: allow keycode translation for all scancode sets
ps2: correctly handle 'get/set scancode' command
ps2: reject unknown commands, instead of blindly accepting them
Signed-off-by: Peter Maydell <peter.maydell@linaro.org>
commit 79907e688d07cd3a43c28c563968b57697b6a9cf
Merge: 3c87faf d9d2663
Author: Peter Maydell <peter.maydell@linaro.org>
Date: Wed Sep 28 17:15:43 2016 +0100
Merge remote-tracking branch 'remotes/kraxel/tags/pull-ui-20160928-1' into staging
ui: console+vnc fixes, switch spice to pure opengl with gl=on.
# gpg: Signature made Wed 28 Sep 2016 11:57:35 BST
# gpg: using RSA key 0x4CB6D8EED3E87138
# gpg: Good signature from "Gerd Hoffmann (work) <kraxel@redhat.com>"
# gpg: aka "Gerd Hoffmann <gerd@kraxel.org>"
# gpg: aka "Gerd Hoffmann (private) <kraxel@gmail.com>"
# Primary key fingerprint: A032 8CFF B93A 17A7 9901 FE7D 4CB6 D8EE D3E8 7138
* remotes/kraxel/tags/pull-ui-20160928-1:
ui/vnc-enc-tight: remove switch and have single return
spice/gl: render DisplaySurface via opengl
console: track gl_block state in QemuConsole
console: skip same-size resize
Signed-off-by: Peter Maydell <peter.maydell@linaro.org>
commit 3c87fafb90c108b1adb7451f6cc036480698e6f8
Merge: 4a58f35 b6eb9b4
Author: Peter Maydell <peter.maydell@linaro.org>
Date: Wed Sep 28 16:12:13 2016 +0100
Merge remote-tracking branch 'remotes/sstabellini/tags/xen-20160927-tag' into staging
Xen 2016/09/27
# gpg: Signature made Wed 28 Sep 2016 02:33:42 BST
# gpg: using RSA key 0x894F8F4870E1AE90
# gpg: Good signature from "Stefano Stabellini <sstabellini@kernel.org>"
# gpg: aka "Stefano Stabellini <stefano.stabellini@eu.citrix.com>"
# Primary key fingerprint: D04E 33AB A51F 67BA 07D3 0AEA 894F 8F48 70E1 AE90
* remotes/sstabellini/tags/xen-20160927-tag:
qdisk - hw/block/xen_disk: grant copy implementation
Signed-off-by: Peter Maydell <peter.maydell@linaro.org>
commit ec044a80e7216ca290ee2dce0afb864256efa956
Author: Hervé Poussineau <hpoussin@reactos.org>
Date: Thu Sep 15 22:06:27 2016 +0200
ps2: do not generate invalid key codes for unknown keys
Instead, print a warning message.
Signed-off-by: Hervé Poussineau <hpoussin@reactos.org>
Message-id: 1473969987-5890-6-git-send-email-hpoussin@reactos.org
Signed-off-by: Gerd Hoffmann <kraxel@redhat.com>
commit 8c10e0baf0260b59a4e984744462a18016662e3e
Author: Hervé Poussineau <hpoussin@reactos.org>
Date: Thu Sep 15 22:06:26 2016 +0200
ps2: use QEMU qcodes instead of scancodes
This fixes problems with translated set 1, where most make code were wrong.
This fixes problems with set 3 for extended keys (like arrows) and lot of other keys.
Added a FIXME for set 3, where most keys must not (by default) deliver a break code.
Detailed list of changes on untranslated set 2:
- change of ALTGR break code from 0xe4 to 0xf0 0x08
- change of ALTGR_R break code from 0xe0 0xe4 to 0xe0 0xf0 0x08
- change of F7 make code from 0x02 to 0x83
- change of F7 break code from 0xf0 0x02 to 0xf0 0x83
- change of PRINT make code from 0xe0 0x7c to 0xe0 0x12 0xe0 0x7c
- change of PRINT break code from 0xe0 0xf0 0x7c to 0xe0 0xf0 0x7c 0xe0 0xf0 0x12
- change of PAUSE key: new make code = old make code + old break code, no more break code
- change on RO break code from 0xf3 to 0xf0 0x51
- change on KP_COMMA break code from 0xfe to 0xf0 0x6d
Detailed list of changes on translated set 2 (the most commonly used):
- change of PRINT make code from 0xe0 0x37 to 0xe0 0x2a 0xe0 0x37
- change of PRINT break code from 0xe0 0xb7 to 0xe0 0xb7 0xe0 0xaa
- change of PAUSE key: new make code = old make code + old break code, no more break code
Reference:
http://www.computer-engineering.org/ps2keyboard/scancodes1.html
http://www.computer-engineering.org/ps2keyboard/scancodes2.html
http://www.computer-engineering.org/ps2keyboard/scancodes3.html
Signed-off-by: Hervé Poussineau <hpoussin@reactos.org>
Message-id: 1473969987-5890-5-git-send-email-hpoussin@reactos.org
Signed-off-by: Gerd Hoffmann <kraxel@redhat.com>
commit 57d5c005d35dc6d6d7e15a6b8c4d9ea16a7c738d
Author: Hervé Poussineau <hpoussin@reactos.org>
Date: Thu Sep 15 22:06:25 2016 +0200
ps2: allow keycode translation for all scancode sets
Change ps2_put_keycode to get an untranslated scancode, which is translated if needed.
As qemu_input_key_value_to_scancode() gives translated scancodes, untranslate them
in ps2_keyboard_event first before giving them to ps2_put_keycode.
Results are not changed, except for some keys in translated set 3.
Translation table is available at
https://www.win.tue.nl/~aeb/linux/kbd/scancodes-10.html
Signed-off-by: Hervé Poussineau <hpoussin@reactos.org>
Message-id: 1473969987-5890-4-git-send-email-hpoussin@reactos.org
Signed-off-by: Gerd Hoffmann <kraxel@redhat.com>
commit 4df23b64c51cc830d19eb29801070d31aa1e81cd
Author: Hervé Poussineau <hpoussin@reactos.org>
Date: Thu Sep 15 22:06:24 2016 +0200
ps2: correctly handle 'get/set scancode' command
When getting scancode, current scancode must be preceded from reply ack.
When setting scancode, we must reject invalid scancodes.
Signed-off-by: Hervé Poussineau <hpoussin@reactos.org>
Message-id: 1473969987-5890-3-git-send-email-hpoussin@reactos.org
Signed-off-by: Gerd Hoffmann <kraxel@redhat.com>
commit 06b3611fc2a3001d3940fa3bfa404c679b7d2b13
Author: Hervé Poussineau <hpoussin@reactos.org>
Date: Thu Sep 15 22:06:23 2016 +0200
ps2: reject unknown commands, instead of blindly accepting them
Signed-off-by: Hervé Poussineau <hpoussin@reactos.org>
Message-id: 1473969987-5890-2-git-send-email-hpoussin@reactos.org
Signed-off-by: Gerd Hoffmann <kraxel@redhat.com>
commit d9d2663c336b4ff7af9528f2cd3736791f4c0da5
Author: Alex Bennée <alex.bennee@linaro.org>
Date: Thu Sep 22 11:13:08 2016 +0100
ui/vnc-enc-tight: remove switch and have single return
When enabling the sanitizer build it will complain about control
reaching a non-void function. Normally the compiler should detect that
there is only one possible exit given a static VNC_SERVER_FB_BYTES.
As we always expect a static VNC_SERVER_FB_BYTES I've added a compile
time assert and just called the sub-function directly.
Signed-off-by: Alex Bennée <alex.bennee@linaro.org>
Reviewed-by: Marc-André Lureau <marcandre.lureau@redhat.com>
Signed-off-by: Gerd Hoffmann <kraxel@redhat.com>
commit 4423184376dc85849b2d7b4660e7feeb2b38bf6f
Author: Gerd Hoffmann <kraxel@redhat.com>
Date: Fri Sep 23 09:50:28 2016 +0200
spice/gl: render DisplaySurface via opengl
This switches over spice (in opengl mode) to render DisplaySurface
updates into a opengl texture, using the helper functions in
ui/console-gl.c. With this patch applied spice (with gl=on) will
stop using qxl rendering ops, it will use dma-buf passing all the
time, i.e. for bios/bootloader (before virtio-gpu driver is loaded)
too.
This should improve performance even using spice (with gl=on) with
non-accelerated stdvga because we stop squeezing all display updates
through a unix/tcp socket and basically using a shared memory transport
instead.
Signed-off-by: Gerd Hoffmann <kraxel@redhat.com>
Message-id: 1474617028-3979-3-git-send-email-kraxel@redhat.com
commit f607867cefdbf1bcb2bd4449ba96cae4994f6224
Author: Gerd Hoffmann <kraxel@redhat.com>
Date: Fri Sep 23 09:50:27 2016 +0200
console: track gl_block state in QemuConsole
Keep track of gl_block state (added in bba19b8 console: block rendering
until client is done) in QemuConsole and allow to query it. This way
we can avoid state inconsistencies in case different code paths make use
of this.
Signed-off-by: Gerd Hoffmann <kraxel@redhat.com>
Reviewed-by: Marc-André Lureau <marcandre.lureau@redhat.com>
Message-id: 1474617028-3979-2-git-send-email-kraxel@redhat.com
commit cd958edb1fae85d0c7d1e1acbff82d22724e8d64
Author: Marc-André Lureau <marcandre.lureau@redhat.com>
Date: Fri Aug 26 13:47:11 2016 +0400
console: skip same-size resize
virtio-gpu does a set-scanout at each frame (it might be a driver
regression). qemu_console_resize() recreate a surface even if the size
didn't change, and this shows up in profiling reports because the
surface is cleared. With this patch, I get a +15-20% glmark2
improvement.
Signed-off-by: Marc-André Lureau <marcandre.lureau@redhat.com>
Message-id: 20160826094711.14470-1-marcandre.lureau@redhat.com
Signed-off-by: Gerd Hoffmann <kraxel@redhat.com>
commit b6eb9b45f7307638ff166401721ae6d0401e1d67
Author: Paulina Szubarczyk <paulinaszubarczyk@gmail.com>
Date: Wed Sep 14 21:10:03 2016 +0200
qdisk - hw/block/xen_disk: grant copy implementation
Copy data operated on during request from/to local buffers to/from
the grant references.
Before grant copy operation local buffers must be allocated what is
done by calling ioreq_init_copy_buffers. For the 'read' operation,
first, the qemu device invokes the read operation on local buffers
and on the completion grant copy is called and buffers are freed.
For the 'write' operation grant copy is performed before invoking
write by qemu device.
A new value 'feature_grant_copy' is added to recognize when the
grant copy operation is supported by a guest.
Signed-off-by: Paulina Szubarczyk <paulinaszubarczyk@gmail.com>
Reviewed-by: Stefano Stabellini <sstabellini@kernel.org>
Acked-by: Anthony PERARD <anthony.perard@citrix.com>
Acked-by: Roger Pau Monné <roger.pau@citrix.com>
[-- Attachment #2: Type: text/plain, Size: 127 bytes --]
_______________________________________________
Xen-devel mailing list
Xen-devel@lists.xen.org
https://lists.xen.org/xen-devel
reply other threads:[~2016-09-29 5:50 UTC|newest]
Thread overview: [no followups] expand[flat|nested] mbox.gz Atom feed
Reply instructions:
You may reply publicly to this message via plain-text email
using any one of the following methods:
* Save the following mbox file, import it into your mail client,
and reply-to-all from there: mbox
Avoid top-posting and favor interleaved quoting:
https://en.wikipedia.org/wiki/Posting_style#Interleaved_style
* Reply using the --to, --cc, and --in-reply-to
switches of git-send-email(1):
git send-email \
--in-reply-to=osstest-101192-mainreport@xen.org \
--to=osstest-admin@xenproject.org \
--cc=xen-devel@lists.xensource.com \
/path/to/YOUR_REPLY
https://kernel.org/pub/software/scm/git/docs/git-send-email.html
* If your mail client supports setting the In-Reply-To header
via mailto: links, try the mailto: link
Be sure your reply has a Subject: header at the top and a blank line
before the message body.
This is a public inbox, see mirroring instructions
for how to clone and mirror all data and code used for this inbox;
as well as URLs for NNTP newsgroup(s).