* [xen-unstable test] 101254: regressions - trouble: blocked/broken/fail/pass
@ 2016-10-05 5:10 osstest service owner
0 siblings, 0 replies; only message in thread
From: osstest service owner @ 2016-10-05 5:10 UTC (permalink / raw)
To: xen-devel, osstest-admin
flight 101254 xen-unstable real [real]
http://logs.test-lab.xenproject.org/osstest/logs/101254/
Regressions :-(
Tests which did not succeed and are blocking,
including tests which could not be run:
test-amd64-i386-xl-qemut-stubdom-debianhvm-amd64-xsm 8 leak-check/basis(8) fail REGR. vs. 101250
test-amd64-amd64-libvirt-vhd 16 guest-start/debian.repeat fail REGR. vs. 101250
test-amd64-amd64-xl-multivcpu 19 guest-start/debian.repeat fail REGR. vs. 101250
test-amd64-amd64-libvirt-xsm 9 debian-install fail REGR. vs. 101250
test-amd64-i386-libvirt-qemuu-debianhvm-amd64-xsm 15 guest-start/debianhvm.repeat fail REGR. vs. 101250
test-amd64-i386-libvirt-xsm 20 leak-check/check fail REGR. vs. 101250
test-amd64-amd64-xl-qemut-win7-amd64 13 guest-localmigrate fail REGR. vs. 101250
Regressions which are regarded as allowable (not blocking):
test-armhf-armhf-xl-rtds 15 guest-start/debian.repeat fail like 101246
test-amd64-i386-xl-qemut-win7-amd64 16 guest-stop fail like 101250
test-amd64-i386-xl-qemuu-win7-amd64 16 guest-stop fail like 101250
test-amd64-amd64-xl-qemuu-win7-amd64 16 guest-stop fail like 101250
test-amd64-amd64-xl-rtds 9 debian-install fail like 101250
Tests which did not succeed, but are not blocking:
test-amd64-amd64-rumprun-amd64 1 build-check(1) blocked n/a
test-amd64-i386-rumprun-i386 1 build-check(1) blocked n/a
build-amd64-rumprun 5 rumprun-build fail never pass
build-i386-rumprun 5 rumprun-build fail never pass
test-armhf-armhf-libvirt 12 migrate-support-check fail never pass
test-armhf-armhf-libvirt 14 guest-saverestore fail never pass
test-amd64-amd64-libvirt-qemuu-debianhvm-amd64-xsm 10 migrate-support-check fail never pass
test-armhf-armhf-xl 12 migrate-support-check fail never pass
test-armhf-armhf-xl 13 saverestore-support-check fail never pass
test-armhf-armhf-xl-arndale 12 migrate-support-check fail never pass
test-armhf-armhf-xl-arndale 13 saverestore-support-check fail never pass
test-armhf-armhf-xl-vhd 11 migrate-support-check fail never pass
test-armhf-armhf-xl-vhd 12 saverestore-support-check fail never pass
test-armhf-armhf-xl-credit2 12 migrate-support-check fail never pass
test-armhf-armhf-xl-credit2 13 saverestore-support-check fail never pass
test-armhf-armhf-xl-rtds 12 migrate-support-check fail never pass
test-armhf-armhf-xl-rtds 13 saverestore-support-check fail never pass
test-armhf-armhf-xl-multivcpu 12 migrate-support-check fail never pass
test-armhf-armhf-xl-multivcpu 13 saverestore-support-check fail never pass
test-armhf-armhf-libvirt-raw 11 migrate-support-check fail never pass
test-armhf-armhf-libvirt-raw 13 guest-saverestore fail never pass
test-armhf-armhf-xl-xsm 12 migrate-support-check fail never pass
test-armhf-armhf-xl-xsm 13 saverestore-support-check fail never pass
test-armhf-armhf-xl-cubietruck 12 migrate-support-check fail never pass
test-armhf-armhf-xl-cubietruck 13 saverestore-support-check fail never pass
test-armhf-armhf-libvirt-xsm 12 migrate-support-check fail never pass
test-armhf-armhf-libvirt-xsm 14 guest-saverestore fail never pass
test-amd64-amd64-libvirt-vhd 11 migrate-support-check fail never pass
test-armhf-armhf-libvirt-qcow2 11 migrate-support-check fail never pass
test-armhf-armhf-libvirt-qcow2 13 guest-saverestore fail never pass
test-amd64-i386-libvirt-qemuu-debianhvm-amd64-xsm 10 migrate-support-check fail never pass
test-amd64-amd64-libvirt 12 migrate-support-check fail never pass
test-amd64-amd64-xl-pvh-amd 11 guest-start fail never pass
test-amd64-i386-libvirt-xsm 12 migrate-support-check fail never pass
test-amd64-i386-libvirt 12 migrate-support-check fail never pass
test-amd64-amd64-qemuu-nested-amd 16 debian-hvm-install/l1/l2 fail never pass
test-amd64-amd64-xl-pvh-intel 11 guest-start fail never pass
version targeted for testing:
xen d1fd8b09de4bb7e82573b816ba0434d62db28239
baseline version:
xen 40277cded320efa32b86c0c9f01e33145eab5ee4
Last test of basis 101250 2016-10-04 02:36:21 Z 1 days
Testing same since 101254 2016-10-04 13:18:43 Z 0 days 1 attempts
------------------------------------------------------------
People who touched revisions under test:
Anthony PERARD <anthony.perard@citrix.com>
Ian Jackson <ian.jackson@eu.citrix.com>
Jan Beulich <jbeulich@suse.com>
Wei Liu <wei.liu2@citrix.com>
jobs:
build-amd64-xsm pass
build-armhf-xsm pass
build-i386-xsm pass
build-amd64-xtf pass
build-amd64 pass
build-armhf pass
build-i386 pass
build-amd64-libvirt pass
build-armhf-libvirt pass
build-i386-libvirt pass
build-amd64-oldkern pass
build-i386-oldkern pass
build-amd64-prev pass
build-i386-prev pass
build-amd64-pvops pass
build-armhf-pvops pass
build-i386-pvops pass
build-amd64-rumprun fail
build-i386-rumprun fail
test-xtf-amd64-amd64-1 pass
test-xtf-amd64-amd64-2 pass
test-xtf-amd64-amd64-3 pass
test-xtf-amd64-amd64-4 pass
test-xtf-amd64-amd64-5 pass
test-amd64-amd64-xl pass
test-armhf-armhf-xl pass
test-amd64-i386-xl pass
test-amd64-amd64-xl-qemut-debianhvm-amd64-xsm pass
test-amd64-i386-xl-qemut-debianhvm-amd64-xsm pass
test-amd64-amd64-libvirt-qemuu-debianhvm-amd64-xsm pass
test-amd64-i386-libvirt-qemuu-debianhvm-amd64-xsm fail
test-amd64-amd64-xl-qemuu-debianhvm-amd64-xsm pass
test-amd64-i386-xl-qemuu-debianhvm-amd64-xsm pass
test-amd64-amd64-xl-qemut-stubdom-debianhvm-amd64-xsm pass
test-amd64-i386-xl-qemut-stubdom-debianhvm-amd64-xsm broken
test-amd64-amd64-libvirt-xsm fail
test-armhf-armhf-libvirt-xsm fail
test-amd64-i386-libvirt-xsm broken
test-amd64-amd64-xl-xsm pass
test-armhf-armhf-xl-xsm pass
test-amd64-i386-xl-xsm pass
test-amd64-amd64-qemuu-nested-amd fail
test-amd64-amd64-xl-pvh-amd fail
test-amd64-i386-qemut-rhel6hvm-amd pass
test-amd64-i386-qemuu-rhel6hvm-amd pass
test-amd64-amd64-xl-qemut-debianhvm-amd64 pass
test-amd64-i386-xl-qemut-debianhvm-amd64 pass
test-amd64-amd64-xl-qemuu-debianhvm-amd64 pass
test-amd64-i386-xl-qemuu-debianhvm-amd64 pass
test-amd64-i386-freebsd10-amd64 pass
test-amd64-amd64-xl-qemuu-ovmf-amd64 pass
test-amd64-i386-xl-qemuu-ovmf-amd64 pass
test-amd64-amd64-rumprun-amd64 blocked
test-amd64-amd64-xl-qemut-win7-amd64 fail
test-amd64-i386-xl-qemut-win7-amd64 fail
test-amd64-amd64-xl-qemuu-win7-amd64 fail
test-amd64-i386-xl-qemuu-win7-amd64 fail
test-armhf-armhf-xl-arndale pass
test-amd64-amd64-xl-credit2 pass
test-armhf-armhf-xl-credit2 pass
test-armhf-armhf-xl-cubietruck pass
test-amd64-i386-freebsd10-i386 pass
test-amd64-i386-rumprun-i386 blocked
test-amd64-amd64-qemuu-nested-intel pass
test-amd64-amd64-xl-pvh-intel fail
test-amd64-i386-qemut-rhel6hvm-intel pass
test-amd64-i386-qemuu-rhel6hvm-intel pass
test-amd64-amd64-libvirt pass
test-armhf-armhf-libvirt fail
test-amd64-i386-libvirt pass
test-amd64-amd64-migrupgrade pass
test-amd64-i386-migrupgrade pass
test-amd64-amd64-xl-multivcpu fail
test-armhf-armhf-xl-multivcpu pass
test-amd64-amd64-pair pass
test-amd64-i386-pair pass
test-amd64-amd64-libvirt-pair pass
test-amd64-i386-libvirt-pair pass
test-amd64-amd64-amd64-pvgrub pass
test-amd64-amd64-i386-pvgrub pass
test-amd64-amd64-pygrub pass
test-armhf-armhf-libvirt-qcow2 fail
test-amd64-amd64-xl-qcow2 pass
test-armhf-armhf-libvirt-raw fail
test-amd64-i386-xl-raw pass
test-amd64-amd64-xl-rtds fail
test-armhf-armhf-xl-rtds fail
test-amd64-i386-xl-qemut-winxpsp3-vcpus1 pass
test-amd64-i386-xl-qemuu-winxpsp3-vcpus1 pass
test-amd64-amd64-libvirt-vhd fail
test-armhf-armhf-xl-vhd pass
test-amd64-amd64-xl-qemut-winxpsp3 pass
test-amd64-i386-xl-qemut-winxpsp3 pass
test-amd64-amd64-xl-qemuu-winxpsp3 pass
test-amd64-i386-xl-qemuu-winxpsp3 pass
------------------------------------------------------------
sg-report-flight on osstest.test-lab.xenproject.org
logs: /home/logs/logs
images: /home/logs/images
Logs, config files, etc. are available at
http://logs.test-lab.xenproject.org/osstest/logs
Explanation of these reports, and of osstest in general, is at
http://xenbits.xen.org/gitweb/?p=osstest.git;a=blob;f=README.email;hb=master
http://xenbits.xen.org/gitweb/?p=osstest.git;a=blob;f=README;hb=master
Test harness code can be found at
http://xenbits.xen.org/gitweb?p=osstest.git;a=summary
Not pushing.
------------------------------------------------------------
commit d1fd8b09de4bb7e82573b816ba0434d62db28239
Author: Jan Beulich <JBeulich@suse.com>
Date: Tue Oct 4 04:27:07 2016 -0600
init-xenstore-domain: remove an unused variable
Introduced by commit 80dd5b401e ("tools: add --maxmem parameter to
init-xenstore-domain").
Signed-off-by: Jan Beulich <jbeulich@suse.com>
Acked-by: Wei Liu <wei.liu2@citrix.com>
commit 2e8bfb005277fd1651ee3ab11f04717abee3d370
Author: Ian Jackson <ian.jackson@eu.citrix.com>
Date: Tue Oct 4 10:19:36 2016 +0100
libxl: Mark libxl_retrieve_domain_configuration as for external callers only
This function takes the userdata lock. Incautious use inside libxl
can result in nested acquisition of that lock, and deadlock.
There is no good reason to use this function inside libxl, but it is a
superficially attractive option. Make future regressions easier to
spot by marking the function for external use only.
Similar arguments apply for the application-facing userdata accessors,
so do those too.
Signed-off-by: Ian Jackson <Ian.Jackson@eu.citrix.com>
Acked-by: Wei Liu <wei.liu2@citrix.com>
commit 031655daea9bb0f69ce54a32fea0eab319471d04
Author: Wei Liu <wei.liu2@citrix.com>
Date: Mon Oct 3 15:46:02 2016 +0100
libxl: fix issues in 38cd0664
A few issues were introduced in 38cd0664 ("libxl/arm: Add the size of
ACPI tables to maxmem"):
1. d_config was not properly initialised and disposed of.
2. using libxl_retrieve_domain_configuration caused thread to
deadlock itself.
Fix those issues by:
1. properly initialise and dispose of d_config.
2. switch to use libxl__get_domain_configuration.
Note that in theory we can refactor libxl_retrieve_domain_configuration
a bit to get a function without locking, but up until the calculation of
extra memory only relies on static configuration, hence we use the
stored configuration only.
Reported-by: Anthony PERARD <anthony.perard@citrix.com>
Signed-off-by: Wei Liu <wei.liu2@citrix.com>
Tested-by: Anthony PERARD <anthony.perard@citrix.com>
Acked-by: Ian Jackson <ian.jackson@eu.citrix.com>
(qemu changes not included)
_______________________________________________
Xen-devel mailing list
Xen-devel@lists.xen.org
https://lists.xen.org/xen-devel
^ permalink raw reply [flat|nested] only message in thread
only message in thread, other threads:[~2016-10-05 5:10 UTC | newest]
Thread overview: (only message) (download: mbox.gz follow: Atom feed
-- links below jump to the message on this page --
2016-10-05 5:10 [xen-unstable test] 101254: regressions - trouble: blocked/broken/fail/pass osstest service owner
This is a public inbox, see mirroring instructions
for how to clone and mirror all data and code used for this inbox;
as well as URLs for NNTP newsgroup(s).