* [xen-4.4-testing test] 101256: regressions - FAIL
@ 2016-10-05 0:42 osstest service owner
0 siblings, 0 replies; only message in thread
From: osstest service owner @ 2016-10-05 0:42 UTC (permalink / raw)
To: xen-devel, osstest-admin
flight 101256 xen-4.4-testing real [real]
http://logs.test-lab.xenproject.org/osstest/logs/101256/
Regressions :-(
Tests which did not succeed and are blocking,
including tests which could not be run:
test-armhf-armhf-xl-cubietruck 16 guest-start.2 fail REGR. vs. 100815
test-amd64-amd64-xl-qemuu-ovmf-amd64 16 guest-stop fail REGR. vs. 100815
test-amd64-amd64-xl-qcow2 18 guest-start/debian.repeat fail REGR. vs. 100815
test-amd64-amd64-xl-qemuu-debianhvm-amd64 17 guest-start/debianhvm.repeat fail REGR. vs. 100815
test-amd64-amd64-xl-qemut-win7-amd64 10 migrate-support-check fail REGR. vs. 100815
test-amd64-i386-xl-qemut-debianhvm-amd64 10 migrate-support-check fail REGR. vs. 100815
test-amd64-i386-xl-qemuu-debianhvm-amd64 14 guest-saverestore.2 fail REGR. vs. 100815
test-amd64-i386-libvirt 17 guest-start/debian.repeat fail REGR. vs. 100815
test-amd64-i386-xl-qemut-debianhvm-amd64 11 saverestore-support-check fail REGR. vs. 100815
Regressions which are regarded as allowable (not blocking):
test-armhf-armhf-xl-multivcpu 15 guest-start/debian.repeat fail like 100815
test-amd64-i386-xl-qemuu-win7-amd64 16 guest-stop fail like 100815
test-amd64-i386-xl-qemut-win7-amd64 16 guest-stop fail like 100815
test-amd64-amd64-xl-qemuu-win7-amd64 16 guest-stop fail like 100815
Tests which did not succeed, but are not blocking:
test-amd64-amd64-rumprun-amd64 1 build-check(1) blocked n/a
test-amd64-i386-rumprun-i386 1 build-check(1) blocked n/a
build-amd64-rumprun 5 rumprun-build fail never pass
build-i386-rumprun 5 rumprun-build fail never pass
test-armhf-armhf-libvirt-qcow2 9 debian-di-install fail never pass
test-armhf-armhf-libvirt 11 guest-start fail never pass
test-armhf-armhf-xl-multivcpu 12 migrate-support-check fail never pass
test-armhf-armhf-xl-credit2 12 migrate-support-check fail never pass
test-armhf-armhf-xl 12 migrate-support-check fail never pass
test-armhf-armhf-xl-multivcpu 13 saverestore-support-check fail never pass
test-armhf-armhf-xl-credit2 13 saverestore-support-check fail never pass
test-armhf-armhf-xl 13 saverestore-support-check fail never pass
test-armhf-armhf-xl-cubietruck 12 migrate-support-check fail never pass
test-armhf-armhf-xl-cubietruck 13 saverestore-support-check fail never pass
test-amd64-amd64-libvirt 12 migrate-support-check fail never pass
test-armhf-armhf-xl-arndale 12 migrate-support-check fail never pass
test-armhf-armhf-xl-arndale 13 saverestore-support-check fail never pass
test-armhf-armhf-libvirt-raw 9 debian-di-install fail never pass
test-amd64-amd64-libvirt-vhd 11 migrate-support-check fail never pass
test-xtf-amd64-amd64-2 10 xtf-fep fail never pass
test-xtf-amd64-amd64-2 16 xtf/test-pv32pae-selftest fail never pass
test-armhf-armhf-xl-vhd 9 debian-di-install fail never pass
test-xtf-amd64-amd64-2 41 xtf/test-pv64-pv-iopl~hypercall fail never pass
test-xtf-amd64-amd64-2 42 xtf/test-pv64-pv-iopl~vmassist fail never pass
test-xtf-amd64-amd64-1 10 xtf-fep fail never pass
test-xtf-amd64-amd64-1 16 xtf/test-pv32pae-selftest fail never pass
test-xtf-amd64-amd64-1 41 xtf/test-pv64-pv-iopl~hypercall fail never pass
test-xtf-amd64-amd64-1 42 xtf/test-pv64-pv-iopl~vmassist fail never pass
test-xtf-amd64-amd64-4 10 xtf-fep fail never pass
test-xtf-amd64-amd64-4 16 xtf/test-pv32pae-selftest fail never pass
test-xtf-amd64-amd64-4 41 xtf/test-pv64-pv-iopl~hypercall fail never pass
test-xtf-amd64-amd64-4 42 xtf/test-pv64-pv-iopl~vmassist fail never pass
test-xtf-amd64-amd64-5 10 xtf-fep fail never pass
test-xtf-amd64-amd64-5 16 xtf/test-pv32pae-selftest fail never pass
test-amd64-amd64-qemuu-nested-amd 16 debian-hvm-install/l1/l2 fail never pass
test-xtf-amd64-amd64-5 41 xtf/test-pv64-pv-iopl~hypercall fail never pass
test-xtf-amd64-amd64-5 42 xtf/test-pv64-pv-iopl~vmassist fail never pass
test-xtf-amd64-amd64-3 10 xtf-fep fail never pass
test-xtf-amd64-amd64-3 16 xtf/test-pv32pae-selftest fail never pass
test-xtf-amd64-amd64-3 41 xtf/test-pv64-pv-iopl~hypercall fail never pass
test-xtf-amd64-amd64-3 42 xtf/test-pv64-pv-iopl~vmassist fail never pass
test-amd64-amd64-qemuu-nested-intel 16 debian-hvm-install/l1/l2 fail never pass
test-amd64-i386-xend-qemut-winxpsp3 20 leak-check/check fail never pass
test-amd64-i386-libvirt 12 migrate-support-check fail never pass
version targeted for testing:
xen 488b7d28abe3f79f2d2d17ee25c7948a58d6970b
baseline version:
xen dfddbf35d9df666fa731dcaf35afd8cf24ac8ecf
Last test of basis 100815 2016-09-08 12:44:50 Z 26 days
Testing same since 101256 2016-10-04 13:45:51 Z 0 days 1 attempts
------------------------------------------------------------
People who touched revisions under test:
Jan Beulich <jbeulich@suse.com>
jobs:
build-amd64-xend pass
build-i386-xend pass
build-amd64-xtf pass
build-amd64 pass
build-armhf pass
build-i386 pass
build-amd64-libvirt pass
build-armhf-libvirt pass
build-i386-libvirt pass
build-amd64-pvops pass
build-armhf-pvops pass
build-i386-pvops pass
build-amd64-rumprun fail
build-i386-rumprun fail
test-xtf-amd64-amd64-1 pass
test-xtf-amd64-amd64-2 pass
test-xtf-amd64-amd64-3 pass
test-xtf-amd64-amd64-4 pass
test-xtf-amd64-amd64-5 pass
test-amd64-amd64-xl pass
test-armhf-armhf-xl pass
test-amd64-i386-xl pass
test-amd64-amd64-qemuu-nested-amd fail
test-amd64-i386-qemut-rhel6hvm-amd pass
test-amd64-i386-qemuu-rhel6hvm-amd pass
test-amd64-amd64-xl-qemut-debianhvm-amd64 pass
test-amd64-i386-xl-qemut-debianhvm-amd64 pass
test-amd64-amd64-xl-qemuu-debianhvm-amd64 fail
test-amd64-i386-xl-qemuu-debianhvm-amd64 fail
test-amd64-i386-freebsd10-amd64 pass
test-amd64-amd64-xl-qemuu-ovmf-amd64 fail
test-amd64-i386-xl-qemuu-ovmf-amd64 pass
test-amd64-amd64-rumprun-amd64 blocked
test-amd64-amd64-xl-qemut-win7-amd64 pass
test-amd64-i386-xl-qemut-win7-amd64 fail
test-amd64-amd64-xl-qemuu-win7-amd64 fail
test-amd64-i386-xl-qemuu-win7-amd64 fail
test-armhf-armhf-xl-arndale pass
test-amd64-amd64-xl-credit2 pass
test-armhf-armhf-xl-credit2 pass
test-armhf-armhf-xl-cubietruck fail
test-amd64-i386-freebsd10-i386 pass
test-amd64-i386-rumprun-i386 blocked
test-amd64-amd64-qemuu-nested-intel fail
test-amd64-i386-qemut-rhel6hvm-intel pass
test-amd64-i386-qemuu-rhel6hvm-intel pass
test-amd64-amd64-libvirt pass
test-armhf-armhf-libvirt fail
test-amd64-i386-libvirt fail
test-amd64-amd64-xl-multivcpu pass
test-armhf-armhf-xl-multivcpu fail
test-amd64-amd64-pair pass
test-amd64-i386-pair pass
test-amd64-amd64-libvirt-pair pass
test-amd64-i386-libvirt-pair pass
test-amd64-amd64-pv pass
test-amd64-i386-pv pass
test-amd64-amd64-amd64-pvgrub pass
test-amd64-amd64-i386-pvgrub pass
test-amd64-amd64-pygrub pass
test-armhf-armhf-libvirt-qcow2 fail
test-amd64-amd64-xl-qcow2 fail
test-armhf-armhf-libvirt-raw fail
test-amd64-i386-xl-raw pass
test-amd64-i386-xl-qemut-winxpsp3-vcpus1 pass
test-amd64-i386-xl-qemuu-winxpsp3-vcpus1 pass
test-amd64-amd64-libvirt-vhd pass
test-armhf-armhf-xl-vhd fail
test-amd64-i386-xend-qemut-winxpsp3 fail
test-amd64-amd64-xl-qemut-winxpsp3 pass
test-amd64-amd64-xl-qemuu-winxpsp3 pass
------------------------------------------------------------
sg-report-flight on osstest.test-lab.xenproject.org
logs: /home/logs/logs
images: /home/logs/images
Logs, config files, etc. are available at
http://logs.test-lab.xenproject.org/osstest/logs
Explanation of these reports, and of osstest in general, is at
http://xenbits.xen.org/gitweb/?p=osstest.git;a=blob;f=README.email;hb=master
http://xenbits.xen.org/gitweb/?p=osstest.git;a=blob;f=README;hb=master
Test harness code can be found at
http://xenbits.xen.org/gitweb?p=osstest.git;a=summary
Not pushing.
------------------------------------------------------------
commit 488b7d28abe3f79f2d2d17ee25c7948a58d6970b
Author: Jan Beulich <jbeulich@suse.com>
Date: Tue Oct 4 14:06:16 2016 +0100
x86emul: honor guest CR0.TS and CR0.EM
We must not emulate any instructions accessing respective registers
when either of these flags is set in the guest view of the register, or
else we may do so on data not belonging to the guest's current task.
Being architecturally required behavior, the logic gets placed in the
instruction emulator instead of hvmemul_get_fpu(). It should be noted,
though, that hvmemul_get_fpu() being the only current handler for the
get_fpu() callback, we don't have an active problem with CR4: Both
CR4.OSFXSR and CR4.OSXSAVE get handled as necessary by that function.
This is XSA-190.
Signed-off-by: Jan Beulich <jbeulich@suse.com>
Reviewed-by: Andrew Cooper <andrew.cooper3@citrix.com>
========================================
_______________________________________________
Xen-devel mailing list
Xen-devel@lists.xen.org
https://lists.xen.org/xen-devel
^ permalink raw reply [flat|nested] only message in thread
only message in thread, other threads:[~2016-10-05 0:42 UTC | newest]
Thread overview: (only message) (download: mbox.gz follow: Atom feed
-- links below jump to the message on this page --
2016-10-05 0:42 [xen-4.4-testing test] 101256: regressions - FAIL osstest service owner
This is a public inbox, see mirroring instructions
for how to clone and mirror all data and code used for this inbox;
as well as URLs for NNTP newsgroup(s).