* [xen-unstable test] 101429: regressions - FAIL
@ 2016-10-14 10:10 osstest service owner
0 siblings, 0 replies; only message in thread
From: osstest service owner @ 2016-10-14 10:10 UTC (permalink / raw)
To: xen-devel, osstest-admin
flight 101429 xen-unstable real [real]
http://logs.test-lab.xenproject.org/osstest/logs/101429/
Regressions :-(
Tests which did not succeed and are blocking,
including tests which could not be run:
test-armhf-armhf-libvirt-raw 9 debian-di-install fail REGR. vs. 101383
test-armhf-armhf-xl-credit2 15 guest-start/debian.repeat fail REGR. vs. 101383
Regressions which are regarded as allowable (not blocking):
test-armhf-armhf-xl-rtds 15 guest-start/debian.repeat fail like 101379
test-amd64-i386-xl-qemut-win7-amd64 16 guest-stop fail like 101396
test-amd64-i386-xl-qemuu-win7-amd64 16 guest-stop fail like 101396
test-amd64-amd64-xl-qemut-win7-amd64 16 guest-stop fail like 101396
test-amd64-amd64-xl-qemuu-win7-amd64 16 guest-stop fail like 101396
test-amd64-amd64-xl-rtds 9 debian-install fail like 101396
Tests which did not succeed, but are not blocking:
test-amd64-amd64-rumprun-amd64 1 build-check(1) blocked n/a
test-amd64-i386-rumprun-i386 1 build-check(1) blocked n/a
build-i386-rumprun 5 rumprun-build fail never pass
build-amd64-rumprun 5 rumprun-build fail never pass
test-amd64-amd64-xl-pvh-amd 11 guest-start fail never pass
test-amd64-amd64-libvirt 12 migrate-support-check fail never pass
test-amd64-amd64-xl-pvh-intel 11 guest-start fail never pass
test-amd64-i386-libvirt-xsm 12 migrate-support-check fail never pass
test-amd64-amd64-libvirt-xsm 12 migrate-support-check fail never pass
test-amd64-i386-libvirt 12 migrate-support-check fail never pass
test-amd64-amd64-libvirt-qemuu-debianhvm-amd64-xsm 10 migrate-support-check fail never pass
test-amd64-amd64-libvirt-vhd 11 migrate-support-check fail never pass
test-armhf-armhf-libvirt-xsm 12 migrate-support-check fail never pass
test-armhf-armhf-libvirt-xsm 14 guest-saverestore fail never pass
test-amd64-amd64-qemuu-nested-amd 16 debian-hvm-install/l1/l2 fail never pass
test-armhf-armhf-xl-cubietruck 12 migrate-support-check fail never pass
test-armhf-armhf-xl-cubietruck 13 saverestore-support-check fail never pass
test-amd64-i386-libvirt-qemuu-debianhvm-amd64-xsm 10 migrate-support-check fail never pass
test-armhf-armhf-xl-rtds 12 migrate-support-check fail never pass
test-armhf-armhf-xl-rtds 13 saverestore-support-check fail never pass
test-armhf-armhf-xl-arndale 12 migrate-support-check fail never pass
test-armhf-armhf-xl-arndale 13 saverestore-support-check fail never pass
test-armhf-armhf-xl-xsm 12 migrate-support-check fail never pass
test-armhf-armhf-xl-xsm 13 saverestore-support-check fail never pass
test-armhf-armhf-xl-credit2 12 migrate-support-check fail never pass
test-armhf-armhf-xl-credit2 13 saverestore-support-check fail never pass
test-armhf-armhf-xl-multivcpu 12 migrate-support-check fail never pass
test-armhf-armhf-xl-multivcpu 13 saverestore-support-check fail never pass
test-armhf-armhf-xl 12 migrate-support-check fail never pass
test-armhf-armhf-xl 13 saverestore-support-check fail never pass
test-armhf-armhf-libvirt 12 migrate-support-check fail never pass
test-armhf-armhf-libvirt 14 guest-saverestore fail never pass
test-armhf-armhf-libvirt-qcow2 11 migrate-support-check fail never pass
test-armhf-armhf-libvirt-qcow2 13 guest-saverestore fail never pass
test-armhf-armhf-xl-vhd 11 migrate-support-check fail never pass
test-armhf-armhf-xl-vhd 12 saverestore-support-check fail never pass
version targeted for testing:
xen b5283627de6b7ba2b8d75ecf1edf0a46bcd83edb
baseline version:
xen 71b8b46111219a2f83f4f9ae06ac5409744ea86e
Last test of basis 101396 2016-10-12 11:16:02 Z 1 days
Failing since 101415 2016-10-13 06:04:49 Z 1 days 2 attempts
Testing same since 101429 2016-10-13 23:16:18 Z 0 days 1 attempts
------------------------------------------------------------
People who touched revisions under test:
Alistair Francis <alistair.francis@xilinx.com>
Edgar E. Iglesias <edgar.iglesias@xilinx.com>
Ian Jackson <ian.jackson@eu.citrix.com>
Jan Beulich <jbeulich@suse.com>
Lan Tianyu <tianyu.lan@intel.com>
Wei Liu <wei.liu2@citrix.com>
jobs:
build-amd64-xsm pass
build-armhf-xsm pass
build-i386-xsm pass
build-amd64-xtf pass
build-amd64 pass
build-armhf pass
build-i386 pass
build-amd64-libvirt pass
build-armhf-libvirt pass
build-i386-libvirt pass
build-amd64-oldkern pass
build-i386-oldkern pass
build-amd64-prev pass
build-i386-prev pass
build-amd64-pvops pass
build-armhf-pvops pass
build-i386-pvops pass
build-amd64-rumprun fail
build-i386-rumprun fail
test-xtf-amd64-amd64-1 pass
test-xtf-amd64-amd64-2 pass
test-xtf-amd64-amd64-3 pass
test-xtf-amd64-amd64-4 pass
test-xtf-amd64-amd64-5 pass
test-amd64-amd64-xl pass
test-armhf-armhf-xl pass
test-amd64-i386-xl pass
test-amd64-amd64-xl-qemut-debianhvm-amd64-xsm pass
test-amd64-i386-xl-qemut-debianhvm-amd64-xsm pass
test-amd64-amd64-libvirt-qemuu-debianhvm-amd64-xsm pass
test-amd64-i386-libvirt-qemuu-debianhvm-amd64-xsm pass
test-amd64-amd64-xl-qemuu-debianhvm-amd64-xsm pass
test-amd64-i386-xl-qemuu-debianhvm-amd64-xsm pass
test-amd64-amd64-xl-qemut-stubdom-debianhvm-amd64-xsm pass
test-amd64-i386-xl-qemut-stubdom-debianhvm-amd64-xsm pass
test-amd64-amd64-libvirt-xsm pass
test-armhf-armhf-libvirt-xsm fail
test-amd64-i386-libvirt-xsm pass
test-amd64-amd64-xl-xsm pass
test-armhf-armhf-xl-xsm pass
test-amd64-i386-xl-xsm pass
test-amd64-amd64-qemuu-nested-amd fail
test-amd64-amd64-xl-pvh-amd fail
test-amd64-i386-qemut-rhel6hvm-amd pass
test-amd64-i386-qemuu-rhel6hvm-amd pass
test-amd64-amd64-xl-qemut-debianhvm-amd64 pass
test-amd64-i386-xl-qemut-debianhvm-amd64 pass
test-amd64-amd64-xl-qemuu-debianhvm-amd64 pass
test-amd64-i386-xl-qemuu-debianhvm-amd64 pass
test-amd64-i386-freebsd10-amd64 pass
test-amd64-amd64-xl-qemuu-ovmf-amd64 pass
test-amd64-i386-xl-qemuu-ovmf-amd64 pass
test-amd64-amd64-rumprun-amd64 blocked
test-amd64-amd64-xl-qemut-win7-amd64 fail
test-amd64-i386-xl-qemut-win7-amd64 fail
test-amd64-amd64-xl-qemuu-win7-amd64 fail
test-amd64-i386-xl-qemuu-win7-amd64 fail
test-armhf-armhf-xl-arndale pass
test-amd64-amd64-xl-credit2 pass
test-armhf-armhf-xl-credit2 fail
test-armhf-armhf-xl-cubietruck pass
test-amd64-i386-freebsd10-i386 pass
test-amd64-i386-rumprun-i386 blocked
test-amd64-amd64-qemuu-nested-intel pass
test-amd64-amd64-xl-pvh-intel fail
test-amd64-i386-qemut-rhel6hvm-intel pass
test-amd64-i386-qemuu-rhel6hvm-intel pass
test-amd64-amd64-libvirt pass
test-armhf-armhf-libvirt fail
test-amd64-i386-libvirt pass
test-amd64-amd64-migrupgrade pass
test-amd64-i386-migrupgrade pass
test-amd64-amd64-xl-multivcpu pass
test-armhf-armhf-xl-multivcpu pass
test-amd64-amd64-pair pass
test-amd64-i386-pair pass
test-amd64-amd64-libvirt-pair pass
test-amd64-i386-libvirt-pair pass
test-amd64-amd64-amd64-pvgrub pass
test-amd64-amd64-i386-pvgrub pass
test-amd64-amd64-pygrub pass
test-armhf-armhf-libvirt-qcow2 fail
test-amd64-amd64-xl-qcow2 pass
test-armhf-armhf-libvirt-raw fail
test-amd64-i386-xl-raw pass
test-amd64-amd64-xl-rtds fail
test-armhf-armhf-xl-rtds fail
test-amd64-i386-xl-qemut-winxpsp3-vcpus1 pass
test-amd64-i386-xl-qemuu-winxpsp3-vcpus1 pass
test-amd64-amd64-libvirt-vhd pass
test-armhf-armhf-xl-vhd pass
test-amd64-amd64-xl-qemut-winxpsp3 pass
test-amd64-i386-xl-qemut-winxpsp3 pass
test-amd64-amd64-xl-qemuu-winxpsp3 pass
test-amd64-i386-xl-qemuu-winxpsp3 pass
------------------------------------------------------------
sg-report-flight on osstest.test-lab.xenproject.org
logs: /home/logs/logs
images: /home/logs/images
Logs, config files, etc. are available at
http://logs.test-lab.xenproject.org/osstest/logs
Explanation of these reports, and of osstest in general, is at
http://xenbits.xen.org/gitweb/?p=osstest.git;a=blob;f=README.email;hb=master
http://xenbits.xen.org/gitweb/?p=osstest.git;a=blob;f=README;hb=master
Test harness code can be found at
http://xenbits.xen.org/gitweb?p=osstest.git;a=summary
Not pushing.
------------------------------------------------------------
commit b5283627de6b7ba2b8d75ecf1edf0a46bcd83edb
Author: Wei Liu <wei.liu2@citrix.com>
Date: Thu Oct 13 12:03:17 2016 +0100
tools: check liblzma in configure for rombios
We upgraded ipxe in 38ab99b2 ("ipxe: update to new commit"). That
version of ipxe requires liblzma to build.
Check that in configure and document this in README.
Signed-off-by: Wei Liu <wei.liu2@citrix.com>
Acked-by: Ian Jackson <ian.jackson@eu.citrix.com>
commit de05bd965afcd08769c1e21d98ba7c2e4de7394b
Author: Jan Beulich <jbeulich@suse.com>
Date: Thu Oct 13 13:07:25 2016 +0200
x86emul: correct {,F}CMOV and F{,U}COMI{,P} emulation
The FPU ones need to be executed with guest EFLAGS.{C,P,Z}F in context.
We also can't exclude someone wanting to hide the feature from (32-bit)
guests.
Signed-off-by: Jan Beulich <jbeulich@suse.com>
Reviewed-by: Andrew Cooper <andrew.cooper3@citrix.com>
commit 610b4eda2ce2b87cccbc8f61bdec01052e54fc66
Author: Lan Tianyu <tianyu.lan@intel.com>
Date: Thu Oct 13 13:06:28 2016 +0200
keyhandler: rework process of nonirq keyhandler
Keyhandler may run for a long time in serial port driver's
timer handler on the large machine with a lot of physical
cpus(e,g dump_timerq()) when serial port driver works in
the poll mode(via the exception mechanism).
If a timer handler runs a long time, it will block nmi_timer_fn()
to feed NMI watchdog and cause Xen hypervisor panic. Inserting
process_pending_softirqs() in timer handler will not help. when timer
interrupt arrives, timer subsystem calls all expired timer handlers
before programming next timer interrupt. There is no timer interrupt
arriving to trigger timer softirq during run a timer handler.
This patch is to fix the issue to make nonirq keyhandler run in
tasklet when receive debug key from serial port.
Signed-off-by: Lan Tianyu <tianyu.lan@intel.com>
Reviewed-by: Jan Beulich <jbeulich@suse.com>
commit 38ab99b26bf4298a33105ec66f3f6a3f7e05a326
Author: Wei Liu <wei.liu2@citrix.com>
Date: Mon Oct 10 13:50:58 2016 +0100
ipxe: update to newer commit
The current commit in tree is rather old. It has come to a point that
cherry-picking commits from upstream isn't trivial anymore.
There is long term plan to track ipxe upstream, but for 4.8 release, we
should just update ipxe to a newer commit (they are using rolling
release model now).
Forward-port the one boot prompt patch that is still relevant and retire
the rest which are already in upstream.
Reported-by: Juergen Schinker <ba1020@homie.homelinux.net>
Signed-off-by: Wei Liu <wei.liu2@citrix.com>
Acked-by: Ian Jackson <ian.jackson@eu.citrix.com>
commit d96ea24492a94bc180f4d18f530fc5c465b2f924
Author: Edgar E. Iglesias <edgar.iglesias@xilinx.com>
Date: Thu Oct 6 18:36:31 2016 +0200
xen/arm: Disable the Cortex-a53-edac
Disable the Cortex-a53-edac. Xen currently does not yet
handle reads/writes to the implementation defined CPUMERRSR
register.
Signed-off-by: Edgar E. Iglesias <edgar.iglesias@xilinx.com>
Acked-by: Alistair Francis <alistair.francis@xilinx.com>
Reviewed-by: Stefano Stabellini <sstabellini@kernel.org>
(qemu changes not included)
_______________________________________________
Xen-devel mailing list
Xen-devel@lists.xen.org
https://lists.xen.org/xen-devel
^ permalink raw reply [flat|nested] only message in thread
only message in thread, other threads:[~2016-10-14 10:10 UTC | newest]
Thread overview: (only message) (download: mbox.gz follow: Atom feed
-- links below jump to the message on this page --
2016-10-14 10:10 [xen-unstable test] 101429: regressions - FAIL osstest service owner
This is a public inbox, see mirroring instructions
for how to clone and mirror all data and code used for this inbox;
as well as URLs for NNTP newsgroup(s).