xen-devel.lists.xenproject.org archive mirror
 help / color / mirror / Atom feed
From: osstest service owner <osstest-admin@xenproject.org>
To: xen-devel@lists.xensource.com, osstest-admin@xenproject.org
Subject: [libvirt test] 101629: regressions - all pass
Date: Sun, 23 Oct 2016 15:45:32 +0000	[thread overview]
Message-ID: <osstest-101629-mainreport@xen.org> (raw)

[-- Attachment #1: Type: text/plain, Size: 4810 bytes --]

flight 101629 libvirt real [real]
http://logs.test-lab.xenproject.org/osstest/logs/101629/

Regressions :-(

Tests which did not succeed and are blocking,
including tests which could not be run:
 test-armhf-armhf-libvirt-raw 12 saverestore-support-check fail REGR. vs. 101477
 test-armhf-armhf-libvirt-xsm 13 saverestore-support-check fail REGR. vs. 101477
 test-armhf-armhf-libvirt    13 saverestore-support-check fail REGR. vs. 101477
 test-armhf-armhf-libvirt-qcow2 12 saverestore-support-check fail REGR. vs. 101477

Tests which did not succeed, but are not blocking:
 test-amd64-i386-libvirt-xsm  12 migrate-support-check        fail   never pass
 test-amd64-amd64-libvirt-qemuu-debianhvm-amd64-xsm 10 migrate-support-check fail never pass
 test-amd64-i386-libvirt      12 migrate-support-check        fail   never pass
 test-amd64-amd64-libvirt-xsm 12 migrate-support-check        fail   never pass
 test-amd64-amd64-libvirt-vhd 11 migrate-support-check        fail   never pass
 test-amd64-i386-libvirt-qemuu-debianhvm-amd64-xsm 10 migrate-support-check fail never pass
 test-amd64-amd64-libvirt     12 migrate-support-check        fail   never pass
 test-armhf-armhf-libvirt-raw 11 migrate-support-check        fail   never pass
 test-armhf-armhf-libvirt-xsm 12 migrate-support-check        fail   never pass
 test-armhf-armhf-libvirt     12 migrate-support-check        fail   never pass
 test-armhf-armhf-libvirt-qcow2 11 migrate-support-check        fail never pass

version targeted for testing:
 libvirt              7bd8312e7f764aef2878382f016ab4c5b7abc33b
baseline version:
 libvirt              538220c3c42cad0adbd818b6a931c69492a572de

Last test of basis   101477  2016-10-16 04:21:11 Z    7 days
Failing since        101502  2016-10-18 04:22:03 Z    5 days    6 attempts
Testing same since   101602  2016-10-22 04:20:56 Z    1 days    2 attempts

------------------------------------------------------------
People who touched revisions under test:
  Andrea Bolognani <abologna@redhat.com>
  Cédric Bosdonnat <cbosdonnat@suse.com>
  John Ferlan <jferlan@redhat.com>
  Ján Tomko <jtomko@redhat.com>
  Michal Privoznik <mprivozn@redhat.com>
  Mikhail Feoktistov <mfeoktistov@virtuozzo.com>
  Nikolay Shirokovskiy <nshirokovskiy@virtuozzo.com>
  Pavel Hrdina <phrdina@redhat.com>
  Sławek Kapłoński <slawek@kaplonski.pl>
  Viktor Mihajlovski <mihajlov@linux.vnet.ibm.com>

jobs:
 build-amd64-xsm                                              pass    
 build-armhf-xsm                                              pass    
 build-i386-xsm                                               pass    
 build-amd64                                                  pass    
 build-armhf                                                  pass    
 build-i386                                                   pass    
 build-amd64-libvirt                                          pass    
 build-armhf-libvirt                                          pass    
 build-i386-libvirt                                           pass    
 build-amd64-pvops                                            pass    
 build-armhf-pvops                                            pass    
 build-i386-pvops                                             pass    
 test-amd64-amd64-libvirt-qemuu-debianhvm-amd64-xsm           pass    
 test-amd64-i386-libvirt-qemuu-debianhvm-amd64-xsm            pass    
 test-amd64-amd64-libvirt-xsm                                 pass    
 test-armhf-armhf-libvirt-xsm                                 pass    
 test-amd64-i386-libvirt-xsm                                  pass    
 test-amd64-amd64-libvirt                                     pass    
 test-armhf-armhf-libvirt                                     pass    
 test-amd64-i386-libvirt                                      pass    
 test-amd64-amd64-libvirt-pair                                pass    
 test-amd64-i386-libvirt-pair                                 pass    
 test-armhf-armhf-libvirt-qcow2                               pass    
 test-armhf-armhf-libvirt-raw                                 pass    
 test-amd64-amd64-libvirt-vhd                                 pass    


------------------------------------------------------------
sg-report-flight on osstest.test-lab.xenproject.org
logs: /home/logs/logs
images: /home/logs/images

Logs, config files, etc. are available at
    http://logs.test-lab.xenproject.org/osstest/logs

Explanation of these reports, and of osstest in general, is at
    http://xenbits.xen.org/gitweb/?p=osstest.git;a=blob;f=README.email;hb=master
    http://xenbits.xen.org/gitweb/?p=osstest.git;a=blob;f=README;hb=master

Test harness code can be found at
    http://xenbits.xen.org/gitweb?p=osstest.git;a=summary


Not pushing.

(No revision log; it would be 345 lines long.)


[-- Attachment #2: Type: text/plain, Size: 127 bytes --]

_______________________________________________
Xen-devel mailing list
Xen-devel@lists.xen.org
https://lists.xen.org/xen-devel

         reply	other threads:[~2016-10-23 15:45 UTC|newest]

Thread overview: 5+ messages / expand[flat|nested]  mbox.gz  Atom feed  top
2016-10-24  4:46 [qemu-mainline test] 101633: regressions - FAIL osstest service owner
2016-10-23 15:45 ` osstest service owner [this message]
2016-10-24  6:42   ` [qemu-upstream-unstable test] 101634: " osstest service owner
     [not found]     ` <osstest-101467-mainreport@xen.org>
2016-10-17 10:55       ` [osstest test] 101467: " Ian Jackson
2016-10-24 10:07         ` [osstest test] 101467: regressions - FAIL [and 3 more messages] Ian Jackson

Reply instructions:

You may reply publicly to this message via plain-text email
using any one of the following methods:

* Save the following mbox file, import it into your mail client,
  and reply-to-all from there: mbox

  Avoid top-posting and favor interleaved quoting:
  https://en.wikipedia.org/wiki/Posting_style#Interleaved_style

* Reply using the --to, --cc, and --in-reply-to
  switches of git-send-email(1):

  git send-email \
    --in-reply-to=osstest-101629-mainreport@xen.org \
    --to=osstest-admin@xenproject.org \
    --cc=xen-devel@lists.xensource.com \
    /path/to/YOUR_REPLY

  https://kernel.org/pub/software/scm/git/docs/git-send-email.html

* If your mail client supports setting the In-Reply-To header
  via mailto: links, try the mailto: link
Be sure your reply has a Subject: header at the top and a blank line before the message body.
This is a public inbox, see mirroring instructions
for how to clone and mirror all data and code used for this inbox;
as well as URLs for NNTP newsgroup(s).