xen-devel.lists.xenproject.org archive mirror
 help / color / mirror / Atom feed
* [linux-3.18 test] 101700: trouble: blocked/fail/pass/preparing
@ 2016-10-27 10:52 osstest service owner
  0 siblings, 0 replies; only message in thread
From: osstest service owner @ 2016-10-27 10:52 UTC (permalink / raw)
  To: xen-devel, osstest-admin

flight 101700 linux-3.18 running [real]
http://logs.test-lab.xenproject.org/osstest/logs/101700/

Failures and problems with tests :-(

Tests which did not succeed and are blocking,
including tests which could not be run:
 test-armhf-armhf-libvirt-xsm  2 hosts-allocate               running
 test-armhf-armhf-libvirt      2 hosts-allocate               running
 test-armhf-armhf-libvirt-raw  2 hosts-allocate               running
 test-armhf-armhf-libvirt-qcow2  2 hosts-allocate               running
 test-amd64-i386-libvirt       2 hosts-allocate               running
 test-amd64-i386-xl-qemut-debianhvm-amd64-xsm  2 hosts-allocate         running
 test-armhf-armhf-xl           2 hosts-allocate               running
 test-amd64-i386-xl-xsm        2 hosts-allocate               running
 test-armhf-armhf-xl-xsm       2 hosts-allocate               running
 test-armhf-armhf-xl-multivcpu  2 hosts-allocate               running
 test-armhf-armhf-xl-credit2   2 hosts-allocate               running
 test-armhf-armhf-xl-vhd       2 hosts-allocate               running
 test-armhf-armhf-xl-rtds      2 hosts-allocate               running
 test-amd64-i386-xl-qemut-stubdom-debianhvm-amd64-xsm  2 hosts-allocate running
 test-armhf-armhf-xl-arndale   2 hosts-allocate               running
 test-armhf-armhf-xl-cubietruck  2 hosts-allocate               running
 test-amd64-i386-xl-qemuu-debianhvm-amd64-xsm  2 hosts-allocate         running
 test-amd64-amd64-qemuu-nested-intel  2 hosts-allocate               running
 test-amd64-amd64-libvirt-pair  2 hosts-allocate               running
 test-amd64-amd64-pair         2 hosts-allocate               running
 test-amd64-amd64-libvirt-xsm  2 hosts-allocate               running
 test-amd64-amd64-libvirt      2 hosts-allocate               running
 test-amd64-amd64-libvirt-qemuu-debianhvm-amd64-xsm  2 hosts-allocate   running
 test-amd64-amd64-libvirt-vhd  2 hosts-allocate               running
 test-amd64-amd64-i386-pvgrub  2 hosts-allocate               running
 test-amd64-amd64-xl-xsm       2 hosts-allocate               running
 test-amd64-amd64-xl-qemut-stubdom-debianhvm-amd64-xsm 2 hosts-allocate running
 test-amd64-amd64-xl-qemut-debianhvm-amd64-xsm  2 hosts-allocate        running
 test-amd64-amd64-xl           2 hosts-allocate               running
 test-amd64-i386-libvirt-qemuu-debianhvm-amd64-xsm  2 hosts-allocate    running
 test-amd64-amd64-xl-qemuu-debianhvm-amd64-xsm  2 hosts-allocate        running
 test-amd64-i386-libvirt-xsm   2 hosts-allocate               running
 test-amd64-i386-libvirt-pair  2 hosts-allocate               running
 test-amd64-amd64-xl-pvh-amd   2 hosts-allocate               running
 test-amd64-amd64-xl-credit2   2 hosts-allocate               running
 test-amd64-amd64-xl-multivcpu  2 hosts-allocate               running
 test-amd64-amd64-qemuu-nested-amd  2 hosts-allocate               running
 test-amd64-amd64-amd64-pvgrub  2 hosts-allocate               running
 test-amd64-amd64-pygrub       2 hosts-allocate               running
 test-amd64-i386-freebsd10-i386  2 hosts-allocate               running
 test-amd64-i386-xl-raw        2 hosts-allocate               running
 test-amd64-amd64-xl-qemut-debianhvm-amd64  2 hosts-allocate            running
 test-amd64-amd64-xl-qcow2     2 hosts-allocate               running
 test-amd64-amd64-xl-qemut-winxpsp3  2 hosts-allocate               running
 test-amd64-amd64-xl-qemuu-ovmf-amd64  2 hosts-allocate               running
 test-amd64-i386-qemut-rhel6hvm-intel  2 hosts-allocate               running
 test-amd64-amd64-xl-rtds      2 hosts-allocate               running
 test-amd64-i386-qemuu-rhel6hvm-amd  2 hosts-allocate               running
 test-amd64-amd64-xl-qemut-win7-amd64  2 hosts-allocate               running
 test-amd64-i386-qemut-rhel6hvm-amd  2 hosts-allocate               running
 test-amd64-i386-xl-qemut-debianhvm-amd64  2 hosts-allocate             running
 test-amd64-i386-freebsd10-amd64  2 hosts-allocate               running
 test-amd64-i386-pair          2 hosts-allocate               running
 test-amd64-i386-xl-qemut-win7-amd64  2 hosts-allocate               running
 test-amd64-i386-xl-qemuu-debianhvm-amd64  2 hosts-allocate             running
 test-amd64-amd64-xl-qemuu-winxpsp3  2 hosts-allocate               running
 test-amd64-i386-xl-qemuu-win7-amd64  2 hosts-allocate               running
 test-amd64-amd64-xl-qemuu-debianhvm-amd64  2 hosts-allocate            running
 test-amd64-i386-xl-qemuu-ovmf-amd64  2 hosts-allocate               running
 test-amd64-i386-xl-qemut-winxpsp3-vcpus1  2 hosts-allocate             running
 test-amd64-i386-qemuu-rhel6hvm-intel  2 hosts-allocate               running
 test-amd64-amd64-xl-pvh-intel  2 hosts-allocate               running
 test-amd64-amd64-xl-qemuu-win7-amd64  2 hosts-allocate               running
 test-amd64-i386-xl-qemuu-winxpsp3  2 hosts-allocate               running
 test-amd64-i386-xl            2 hosts-allocate               running
 test-amd64-i386-xl-qemuu-winxpsp3-vcpus1  2 hosts-allocate             running
 test-amd64-i386-xl-qemut-winxpsp3  2 hosts-allocate               running

Tests which did not succeed, but are not blocking:
 test-amd64-amd64-rumprun-amd64  1 build-check(1)               blocked  n/a
 test-amd64-i386-rumprun-i386  1 build-check(1)               blocked  n/a
 build-i386-rumprun            7 xen-build                    fail   never pass
 build-amd64-rumprun           7 xen-build                    fail   never pass

version targeted for testing:
 linux                a6846cfd266b48af1ee7c3c19d5cb60477ca4469
baseline version:
 linux                a8e202812b52b88e2a33d52687b3b0260706231a

Last test of basis   101000  2016-09-18 07:47:20 Z   39 days
Failing since        101389  2016-10-12 06:50:56 Z   15 days   29 attempts
Testing same since   101662  2016-10-25 10:18:23 Z    2 days    2 attempts

------------------------------------------------------------
People who touched revisions under test:
  Acked-by: Arnd Bergmann <arnd@arndb.de>
  Akshay Bhat <akshay.bhat@timesys.com>
  Al Viro <viro@zeniv.linux.org.uk>
  Alan Stern <stern@rowland.harvard.edu>
  Andrew Cooper <andrew.cooper3@citrix.com>
  Andrew Morton <akpm@linux-foundation.org>
  Anson Huang <Anson.Huang@nxp.com>
  Ard Biesheuvel <ard.biesheuvel@linaro.org>
  Ashish Samant <ashish.samant@oracle.com>
  Balbir Singh <bsingharora@gmail.com>
  Benjamin Herrenschmidt <benh@kernel.crashing.org>
  Boris Brezillon <boris.brezillon@free-electrons.com>
  Catalin Marinas <catalin.marinas@arm.com>
  Chris Mason <clm@fb.com>
  Christoffer Dall <christoffer.dall@linaro.org>
  Daniel J Blueman <daniel@quora.org>
  Daniele Palmas <dnlplm@gmail.com>
  David S. Miller <davem@davemloft.net>
  Fabio Estevam <fabio.estevam@nxp.com>
  Felipe Balbi <felipe.balbi@linux.intel.com>
  Forrest Liu <forrestl@synology.com>
  Greg Kroah-Hartman <gregkh@linuxfoundation.org>
  Gregory CLEMENT <gregory.clement@free-electrons.com>
  Guenter Roeck <linux@roeck-us.net>
  Hans-Christian Noren Egtvedt <egtvedt@samfundet.no>
  Havard Skinnemoen <hskinnemoen@gmail.com>
  Herbert Xu <herbert@gondor.apana.org.au>
  Huacai Chen <chenhc@lemote.com>
  Hugh Dickins <hughd@google.com>
  Ian Kent <raven@themaw.net>
  Ingo Molnar <mingo@kernel.org>
  Itaru Kitayama <itaru.kitayama@riken.jp>
  James Hogan <james.hogan@imgtec.com>
  Jan Kara <jack@suse.cz>
  Jan Stancek <jstancek@redhat.com>
  Jason Cooper <jason@lakedaemon.net>
  Jeff Mahoney <jeffm@suse.com>
  Jens Axboe <axboe@fb.com>
  Johan Hovold <johan@kernel.org>
  Johannes Berg <johannes.berg@intel.com>
  Jonathan Cameron <jic23@kernel.org>
  Joseph Qi <joseph.qi@huawei.com>
  Jun Piao <piaojun@huawei.com>
  Ken Lin <ken.lin@advantech.com.tw>
  Kevin Cernekee <cernekee@gmail.com>
  Linus Torvalds <torvalds@linux-foundation.org>
  Linus Walleij <linus.walleij@linaro.org>
  Manuel Lauss <manuel.lauss@gmail.com>
  Marc Kleine-Budde <mkl@pengutronix.de>
  Mark Rutland <mark.rutland@arm.com>
  Martin K. Petersen <martin.petersen@oracle.com>
  Mathias Nyman <mathias.nyman@linux.intel.com>
  Matt Redfearn <matt.redfearn@imgtec.com>
  Michael Ellerman <mpe@ellerman.id.au>
  Miklos Szeredi <mszeredi@redhat.com>
  Olof Johansson <olof@lixom.net>
  Paolo Bonzini <pbonzini@redhat.com>
  Paul Mackerras <paulus@ozlabs.org>
  Pawel Moll <pawel.moll@arm.com>
  Peter Chen <peter.chen@nxp.com>
  Peter Zijlstra (Intel) <peterz@infradead.org>
  Ralf Baechle <ralf@linux-mips.org>
  Richard Kuo <rkuo@codeaurora.org>
  Rusty Russell <rusty@rustcorp.com.au>
  Sasha Levin <alexander.levin@verizon.com>
  Sebastian Reichel <sre@kernel.org>
  Seunguk Shin <seunguk.shin@samsung.com>
  Shawn Guo <shawnguo@kernel.org>
  Simon Baatz <gmbnomis@gmail.com>
  Suzuki K Poulose <suzuki.poulose@arm.com>
  Takashi Iwai <tiwai@suse.de>
  Takashi Sakamoto <o-takashi@sakamocchi.jp>
  Thomas Gleixner <tglx@linutronix.de>
  Tony Lindgren <tony@atomide.com>
  Vegard Nossum <vegard.nossum@oracle.com>
  Vineet Gupta <vgupta@synopsys.com>
  Vineet Gupta <Vineet.Gupta1@synopsys.com>
  Wade Berrier <wberrier@gmail.com>
  Wei Yongjun <weiyongjun1@huawei.com>
  Will Deacon <will.deacon@arm.com>
  Yoshihiro Shimoda <yoshihiro.shimoda.uh@renesas.com>
  Yoshinori Sato <ysato@users.sourceforge.jp>

jobs:
 build-amd64-xsm                                              pass    
 build-armhf-xsm                                              pass    
 build-i386-xsm                                               pass    
 build-amd64                                                  pass    
 build-armhf                                                  pass    
 build-i386                                                   pass    
 build-amd64-libvirt                                          pass    
 build-armhf-libvirt                                          pass    
 build-i386-libvirt                                           pass    
 build-amd64-pvops                                            pass    
 build-armhf-pvops                                            pass    
 build-i386-pvops                                             pass    
 build-amd64-rumprun                                          fail    
 build-i386-rumprun                                           fail    
 test-amd64-amd64-xl                                          preparing
 test-armhf-armhf-xl                                          preparing
 test-amd64-i386-xl                                           preparing
 test-amd64-amd64-xl-qemut-debianhvm-amd64-xsm                preparing
 test-amd64-i386-xl-qemut-debianhvm-amd64-xsm                 preparing
 test-amd64-amd64-libvirt-qemuu-debianhvm-amd64-xsm           preparing
 test-amd64-i386-libvirt-qemuu-debianhvm-amd64-xsm            preparing
 test-amd64-amd64-xl-qemuu-debianhvm-amd64-xsm                preparing
 test-amd64-i386-xl-qemuu-debianhvm-amd64-xsm                 preparing
 test-amd64-amd64-xl-qemut-stubdom-debianhvm-amd64-xsm        preparing
 test-amd64-i386-xl-qemut-stubdom-debianhvm-amd64-xsm         preparing
 test-amd64-amd64-libvirt-xsm                                 preparing
 test-armhf-armhf-libvirt-xsm                                 preparing
 test-amd64-i386-libvirt-xsm                                  preparing
 test-amd64-amd64-xl-xsm                                      preparing
 test-armhf-armhf-xl-xsm                                      preparing
 test-amd64-i386-xl-xsm                                       preparing
 test-amd64-amd64-qemuu-nested-amd                            preparing
 test-amd64-amd64-xl-pvh-amd                                  preparing
 test-amd64-i386-qemut-rhel6hvm-amd                           preparing
 test-amd64-i386-qemuu-rhel6hvm-amd                           preparing
 test-amd64-amd64-xl-qemut-debianhvm-amd64                    preparing
 test-amd64-i386-xl-qemut-debianhvm-amd64                     preparing
 test-amd64-amd64-xl-qemuu-debianhvm-amd64                    preparing
 test-amd64-i386-xl-qemuu-debianhvm-amd64                     preparing
 test-amd64-i386-freebsd10-amd64                              preparing
 test-amd64-amd64-xl-qemuu-ovmf-amd64                         preparing
 test-amd64-i386-xl-qemuu-ovmf-amd64                          preparing
 test-amd64-amd64-rumprun-amd64                               blocked 
 test-amd64-amd64-xl-qemut-win7-amd64                         preparing
 test-amd64-i386-xl-qemut-win7-amd64                          preparing
 test-amd64-amd64-xl-qemuu-win7-amd64                         preparing
 test-amd64-i386-xl-qemuu-win7-amd64                          preparing
 test-armhf-armhf-xl-arndale                                  preparing
 test-amd64-amd64-xl-credit2                                  preparing
 test-armhf-armhf-xl-credit2                                  preparing
 test-armhf-armhf-xl-cubietruck                               preparing
 test-amd64-i386-freebsd10-i386                               preparing
 test-amd64-i386-rumprun-i386                                 blocked 
 test-amd64-amd64-qemuu-nested-intel                          preparing
 test-amd64-amd64-xl-pvh-intel                                preparing
 test-amd64-i386-qemut-rhel6hvm-intel                         preparing
 test-amd64-i386-qemuu-rhel6hvm-intel                         preparing
 test-amd64-amd64-libvirt                                     preparing
 test-armhf-armhf-libvirt                                     preparing
 test-amd64-i386-libvirt                                      preparing
 test-amd64-amd64-xl-multivcpu                                preparing
 test-armhf-armhf-xl-multivcpu                                preparing
 test-amd64-amd64-pair                                        preparing
 test-amd64-i386-pair                                         preparing
 test-amd64-amd64-libvirt-pair                                preparing
 test-amd64-i386-libvirt-pair                                 preparing
 test-amd64-amd64-amd64-pvgrub                                preparing
 test-amd64-amd64-i386-pvgrub                                 preparing
 test-amd64-amd64-pygrub                                      preparing
 test-armhf-armhf-libvirt-qcow2                               preparing
 test-amd64-amd64-xl-qcow2                                    preparing
 test-armhf-armhf-libvirt-raw                                 preparing
 test-amd64-i386-xl-raw                                       preparing
 test-amd64-amd64-xl-rtds                                     preparing
 test-armhf-armhf-xl-rtds                                     preparing
 test-amd64-i386-xl-qemut-winxpsp3-vcpus1                     preparing
 test-amd64-i386-xl-qemuu-winxpsp3-vcpus1                     preparing
 test-amd64-amd64-libvirt-vhd                                 preparing
 test-armhf-armhf-xl-vhd                                      preparing
 test-amd64-amd64-xl-qemut-winxpsp3                           preparing
 test-amd64-i386-xl-qemut-winxpsp3                            preparing
 test-amd64-amd64-xl-qemuu-winxpsp3                           preparing
 test-amd64-i386-xl-qemuu-winxpsp3                            preparing


------------------------------------------------------------
sg-report-flight on osstest.test-lab.xenproject.org
logs: /home/logs/logs
images: /home/logs/images

Logs, config files, etc. are available at
    http://logs.test-lab.xenproject.org/osstest/logs

Explanation of these reports, and of osstest in general, is at
    http://xenbits.xen.org/gitweb/?p=osstest.git;a=blob;f=README.email;hb=master
    http://xenbits.xen.org/gitweb/?p=osstest.git;a=blob;f=README;hb=master

Test harness code can be found at
    http://xenbits.xen.org/gitweb?p=osstest.git;a=summary


Not pushing.

(No revision log; it would be 2042 lines long.)

_______________________________________________
Xen-devel mailing list
Xen-devel@lists.xen.org
https://lists.xen.org/xen-devel

^ permalink raw reply	[flat|nested] only message in thread

only message in thread, other threads:[~2016-10-27 10:52 UTC | newest]

Thread overview: (only message) (download: mbox.gz follow: Atom feed
-- links below jump to the message on this page --
2016-10-27 10:52 [linux-3.18 test] 101700: trouble: blocked/fail/pass/preparing osstest service owner

This is a public inbox, see mirroring instructions
for how to clone and mirror all data and code used for this inbox;
as well as URLs for NNTP newsgroup(s).