* [ovmf test] 101763: regressions - FAIL
@ 2016-10-29 4:48 osstest service owner
0 siblings, 0 replies; only message in thread
From: osstest service owner @ 2016-10-29 4:48 UTC (permalink / raw)
To: xen-devel, osstest-admin
flight 101763 ovmf real [real]
http://logs.test-lab.xenproject.org/osstest/logs/101763/
Regressions :-(
Tests which did not succeed and are blocking,
including tests which could not be run:
build-amd64-xsm 5 xen-build fail REGR. vs. 101749
version targeted for testing:
ovmf 5211ece936eedb0a29ea170b449e0af8edff8db2
baseline version:
ovmf 6c12fe63f989b1a3aff9f44c22b2833fa78cfcab
Last test of basis 101749 2016-10-28 10:03:05 Z 0 days
Testing same since 101763 2016-10-28 19:21:45 Z 0 days 1 attempts
------------------------------------------------------------
People who touched revisions under test:
Ard Biesheuvel <ard.biesheuvel@linaro.org>
Laszlo Ersek <lersek@redhat.com>
Ryan Harkin <ryan.harkin@linaro.org>
Satya Yarlagadda <satya.p.yarlagadda@intel.com>
jobs:
build-amd64-xsm fail
build-i386-xsm pass
build-amd64 pass
build-i386 pass
build-amd64-libvirt pass
build-i386-libvirt pass
build-amd64-pvops pass
build-i386-pvops pass
test-amd64-amd64-xl-qemuu-ovmf-amd64 pass
test-amd64-i386-xl-qemuu-ovmf-amd64 pass
------------------------------------------------------------
sg-report-flight on osstest.test-lab.xenproject.org
logs: /home/logs/logs
images: /home/logs/images
Logs, config files, etc. are available at
http://logs.test-lab.xenproject.org/osstest/logs
Explanation of these reports, and of osstest in general, is at
http://xenbits.xen.org/gitweb/?p=osstest.git;a=blob;f=README.email;hb=master
http://xenbits.xen.org/gitweb/?p=osstest.git;a=blob;f=README;hb=master
Test harness code can be found at
http://xenbits.xen.org/gitweb?p=osstest.git;a=summary
Not pushing.
(No revision log; it would be 349 lines long.)
_______________________________________________
Xen-devel mailing list
Xen-devel@lists.xen.org
https://lists.xen.org/xen-devel
^ permalink raw reply [flat|nested] only message in thread
only message in thread, other threads:[~2016-10-29 4:48 UTC | newest]
Thread overview: (only message) (download: mbox.gz follow: Atom feed
-- links below jump to the message on this page --
2016-10-29 4:48 [ovmf test] 101763: regressions - FAIL osstest service owner
This is a public inbox, see mirroring instructions
for how to clone and mirror all data and code used for this inbox;
as well as URLs for NNTP newsgroup(s).