* [ovmf test] 101829: regressions - FAIL
@ 2016-10-31 19:00 osstest service owner
0 siblings, 0 replies; only message in thread
From: osstest service owner @ 2016-10-31 19:00 UTC (permalink / raw)
To: xen-devel, osstest-admin
flight 101829 ovmf real [real]
http://logs.test-lab.xenproject.org/osstest/logs/101829/
Regressions :-(
Tests which did not succeed and are blocking,
including tests which could not be run:
test-amd64-i386-xl-qemuu-ovmf-amd64 15 guest-localmigrate/x10 fail REGR. vs. 101825
version targeted for testing:
ovmf ac55b925548f3b33f2bc93e603ecffe4a6cb191a
baseline version:
ovmf b3400560603bcfaadc08e82a846933446b5afed3
Last test of basis 101825 2016-10-31 08:14:39 Z 0 days
Testing same since 101829 2016-10-31 15:44:32 Z 0 days 1 attempts
------------------------------------------------------------
People who touched revisions under test:
Tapan Shah <tapandshah@hpe.com>
jobs:
build-amd64-xsm pass
build-i386-xsm pass
build-amd64 pass
build-i386 pass
build-amd64-libvirt pass
build-i386-libvirt pass
build-amd64-pvops pass
build-i386-pvops pass
test-amd64-amd64-xl-qemuu-ovmf-amd64 pass
test-amd64-i386-xl-qemuu-ovmf-amd64 fail
------------------------------------------------------------
sg-report-flight on osstest.test-lab.xenproject.org
logs: /home/logs/logs
images: /home/logs/images
Logs, config files, etc. are available at
http://logs.test-lab.xenproject.org/osstest/logs
Explanation of these reports, and of osstest in general, is at
http://xenbits.xen.org/gitweb/?p=osstest.git;a=blob;f=README.email;hb=master
http://xenbits.xen.org/gitweb/?p=osstest.git;a=blob;f=README;hb=master
Test harness code can be found at
http://xenbits.xen.org/gitweb?p=osstest.git;a=summary
Not pushing.
------------------------------------------------------------
commit ac55b925548f3b33f2bc93e603ecffe4a6cb191a
Author: Tapan Shah <tapandshah@hpe.com>
Date: Fri Oct 28 12:48:59 2016 -0700
ShellPkg: print only valid characters for file overwrite prompt
When copy command prompts to overwrite an existing file, pressing
backspace continuously removes everything including the shell prompt.
So print only valid characters for file overwrite prompt.
Contributed-under: TianoCore Contribution Agreement 1.0
Signed-off-by: Tapan Shah <tapandshah@hpe.com>
Reviewed-by: Jaben Carsey <jaben.carsey@intel.com>
_______________________________________________
Xen-devel mailing list
Xen-devel@lists.xen.org
https://lists.xen.org/xen-devel
^ permalink raw reply [flat|nested] only message in thread
only message in thread, other threads:[~2016-10-31 19:00 UTC | newest]
Thread overview: (only message) (download: mbox.gz follow: Atom feed
-- links below jump to the message on this page --
2016-10-31 19:00 [ovmf test] 101829: regressions - FAIL osstest service owner
This is a public inbox, see mirroring instructions
for how to clone and mirror all data and code used for this inbox;
as well as URLs for NNTP newsgroup(s).