xen-devel.lists.xenproject.org archive mirror
 help / color / mirror / Atom feed
* [xen-unstable test] 101833: regressions - trouble: blocked/broken/fail/pass
@ 2016-11-01  7:22 osstest service owner
  2016-11-01  9:48 ` Andrew Cooper
  0 siblings, 1 reply; 4+ messages in thread
From: osstest service owner @ 2016-11-01  7:22 UTC (permalink / raw)
  To: xen-devel, osstest-admin

[-- Attachment #1: Type: text/plain, Size: 12414 bytes --]

flight 101833 xen-unstable real [real]
http://logs.test-lab.xenproject.org/osstest/logs/101833/

Regressions :-(

Tests which did not succeed and are blocking,
including tests which could not be run:
 test-amd64-i386-xl-qemut-stubdom-debianhvm-amd64-xsm 9 debian-hvm-install fail REGR. vs. 101673
 test-amd64-i386-xl-qemuu-debianhvm-amd64-xsm 17 guest-start/debianhvm.repeat fail REGR. vs. 101673
 test-amd64-amd64-qemuu-nested-intel 16 debian-hvm-install/l1/l2 fail REGR. vs. 101673
 test-armhf-armhf-libvirt-raw 14 guest-start/debian.repeat fail REGR. vs. 101673

Regressions which are regarded as allowable (not blocking):
 test-armhf-armhf-xl-rtds      3 host-install(3)        broken REGR. vs. 101673
 test-armhf-armhf-libvirt     13 saverestore-support-check    fail  like 101673
 test-amd64-i386-xl-qemut-win7-amd64 16 guest-stop             fail like 101673
 test-amd64-i386-xl-qemuu-win7-amd64 16 guest-stop             fail like 101673
 test-armhf-armhf-libvirt-qcow2 12 saverestore-support-check   fail like 101673
 test-amd64-amd64-xl-qemuu-win7-amd64 16 guest-stop            fail like 101673
 test-amd64-amd64-xl-qemut-win7-amd64 16 guest-stop            fail like 101673
 test-armhf-armhf-libvirt-xsm 13 saverestore-support-check    fail  like 101673
 test-armhf-armhf-libvirt-raw 12 saverestore-support-check    fail  like 101673
 test-amd64-amd64-xl-rtds      9 debian-install               fail  like 101673

Tests which did not succeed, but are not blocking:
 test-amd64-amd64-rumprun-amd64  1 build-check(1)               blocked  n/a
 test-amd64-i386-rumprun-i386  1 build-check(1)               blocked  n/a
 test-amd64-amd64-xl-pvh-amd  11 guest-start                  fail   never pass
 build-i386-rumprun            7 xen-build                    fail   never pass
 test-amd64-i386-libvirt      12 migrate-support-check        fail   never pass
 test-amd64-amd64-libvirt-xsm 12 migrate-support-check        fail   never pass
 test-amd64-amd64-xl-pvh-intel 11 guest-start                  fail  never pass
 build-amd64-rumprun           7 xen-build                    fail   never pass
 test-amd64-i386-libvirt-xsm  12 migrate-support-check        fail   never pass
 test-amd64-amd64-libvirt     12 migrate-support-check        fail   never pass
 test-amd64-i386-libvirt-qemuu-debianhvm-amd64-xsm 10 migrate-support-check fail never pass
 test-amd64-amd64-libvirt-qemuu-debianhvm-amd64-xsm 10 migrate-support-check fail never pass
 test-amd64-amd64-libvirt-vhd 11 migrate-support-check        fail   never pass
 test-amd64-amd64-qemuu-nested-amd 16 debian-hvm-install/l1/l2  fail never pass
 test-armhf-armhf-xl-xsm      12 migrate-support-check        fail   never pass
 test-armhf-armhf-xl-xsm      13 saverestore-support-check    fail   never pass
 test-armhf-armhf-libvirt     12 migrate-support-check        fail   never pass
 test-armhf-armhf-xl          12 migrate-support-check        fail   never pass
 test-armhf-armhf-xl          13 saverestore-support-check    fail   never pass
 test-armhf-armhf-xl-cubietruck 12 migrate-support-check        fail never pass
 test-armhf-armhf-xl-cubietruck 13 saverestore-support-check    fail never pass
 test-armhf-armhf-xl-credit2  12 migrate-support-check        fail   never pass
 test-armhf-armhf-xl-credit2  13 saverestore-support-check    fail   never pass
 test-armhf-armhf-libvirt-qcow2 11 migrate-support-check        fail never pass
 test-armhf-armhf-xl-arndale  12 migrate-support-check        fail   never pass
 test-armhf-armhf-xl-arndale  13 saverestore-support-check    fail   never pass
 test-armhf-armhf-xl-vhd      11 migrate-support-check        fail   never pass
 test-armhf-armhf-xl-vhd      12 saverestore-support-check    fail   never pass
 test-armhf-armhf-libvirt-xsm 12 migrate-support-check        fail   never pass
 test-armhf-armhf-libvirt-raw 11 migrate-support-check        fail   never pass
 test-armhf-armhf-xl-multivcpu 12 migrate-support-check        fail  never pass
 test-armhf-armhf-xl-multivcpu 13 saverestore-support-check    fail  never pass

version targeted for testing:
 xen                  26c4f0b8a4cf233f600f4163fc3aeeb7f70b3021
baseline version:
 xen                  6f9b62ca57322197e26d3b22ff11b629697142bd

Last test of basis   101673  2016-10-26 02:01:16 Z    6 days
Failing since        101698  2016-10-26 19:50:48 Z    5 days    9 attempts
Testing same since   101833  2016-10-31 19:45:33 Z    0 days    1 attempts

------------------------------------------------------------
People who touched revisions under test:
  Andrew Cooper <andrew.cooper3@citrix.com>
  Dario Faggioli <dario.faggioli@citrix.com>
  David Scott <dave@recoil.org>
  Ian Jackson <Ian.Jackson@eu.citrix.com>
  Jan Beulich <jbeulich@suse.com>
  Juergen Gross <jgross@suse.com>
  Meng Xu <mengxu@cis.upenn.edu>
  Roger Pau Monne <roger.pau@citrix.com>
  Roger Pau Monné <roger.pau@citrix.com>
  Samuel Thibault <samuel.thibault@ens-lyon.org>
  Wei Liu <wei.liu2@citrix.com>

jobs:
 build-amd64-xsm                                              pass    
 build-armhf-xsm                                              pass    
 build-i386-xsm                                               pass    
 build-amd64-xtf                                              pass    
 build-amd64                                                  pass    
 build-armhf                                                  pass    
 build-i386                                                   pass    
 build-amd64-libvirt                                          pass    
 build-armhf-libvirt                                          pass    
 build-i386-libvirt                                           pass    
 build-amd64-oldkern                                          pass    
 build-i386-oldkern                                           pass    
 build-amd64-prev                                             pass    
 build-i386-prev                                              pass    
 build-amd64-pvops                                            pass    
 build-armhf-pvops                                            pass    
 build-i386-pvops                                             pass    
 build-amd64-rumprun                                          fail    
 build-i386-rumprun                                           fail    
 test-xtf-amd64-amd64-1                                       pass    
 test-xtf-amd64-amd64-2                                       pass    
 test-xtf-amd64-amd64-3                                       pass    
 test-xtf-amd64-amd64-4                                       pass    
 test-xtf-amd64-amd64-5                                       pass    
 test-amd64-amd64-xl                                          pass    
 test-armhf-armhf-xl                                          pass    
 test-amd64-i386-xl                                           pass    
 test-amd64-amd64-xl-qemut-debianhvm-amd64-xsm                pass    
 test-amd64-i386-xl-qemut-debianhvm-amd64-xsm                 pass    
 test-amd64-amd64-libvirt-qemuu-debianhvm-amd64-xsm           pass    
 test-amd64-i386-libvirt-qemuu-debianhvm-amd64-xsm            pass    
 test-amd64-amd64-xl-qemuu-debianhvm-amd64-xsm                pass    
 test-amd64-i386-xl-qemuu-debianhvm-amd64-xsm                 fail    
 test-amd64-amd64-xl-qemut-stubdom-debianhvm-amd64-xsm        pass    
 test-amd64-i386-xl-qemut-stubdom-debianhvm-amd64-xsm         fail    
 test-amd64-amd64-libvirt-xsm                                 pass    
 test-armhf-armhf-libvirt-xsm                                 pass    
 test-amd64-i386-libvirt-xsm                                  pass    
 test-amd64-amd64-xl-xsm                                      pass    
 test-armhf-armhf-xl-xsm                                      pass    
 test-amd64-i386-xl-xsm                                       pass    
 test-amd64-amd64-qemuu-nested-amd                            fail    
 test-amd64-amd64-xl-pvh-amd                                  fail    
 test-amd64-i386-qemut-rhel6hvm-amd                           pass    
 test-amd64-i386-qemuu-rhel6hvm-amd                           pass    
 test-amd64-amd64-xl-qemut-debianhvm-amd64                    pass    
 test-amd64-i386-xl-qemut-debianhvm-amd64                     pass    
 test-amd64-amd64-xl-qemuu-debianhvm-amd64                    pass    
 test-amd64-i386-xl-qemuu-debianhvm-amd64                     pass    
 test-amd64-i386-freebsd10-amd64                              pass    
 test-amd64-amd64-xl-qemuu-ovmf-amd64                         pass    
 test-amd64-i386-xl-qemuu-ovmf-amd64                          pass    
 test-amd64-amd64-rumprun-amd64                               blocked 
 test-amd64-amd64-xl-qemut-win7-amd64                         fail    
 test-amd64-i386-xl-qemut-win7-amd64                          fail    
 test-amd64-amd64-xl-qemuu-win7-amd64                         fail    
 test-amd64-i386-xl-qemuu-win7-amd64                          fail    
 test-armhf-armhf-xl-arndale                                  pass    
 test-amd64-amd64-xl-credit2                                  pass    
 test-armhf-armhf-xl-credit2                                  pass    
 test-armhf-armhf-xl-cubietruck                               pass    
 test-amd64-i386-freebsd10-i386                               pass    
 test-amd64-i386-rumprun-i386                                 blocked 
 test-amd64-amd64-qemuu-nested-intel                          fail    
 test-amd64-amd64-xl-pvh-intel                                fail    
 test-amd64-i386-qemut-rhel6hvm-intel                         pass    
 test-amd64-i386-qemuu-rhel6hvm-intel                         pass    
 test-amd64-amd64-libvirt                                     pass    
 test-armhf-armhf-libvirt                                     pass    
 test-amd64-i386-libvirt                                      pass    
 test-amd64-amd64-migrupgrade                                 pass    
 test-amd64-i386-migrupgrade                                  pass    
 test-amd64-amd64-xl-multivcpu                                pass    
 test-armhf-armhf-xl-multivcpu                                pass    
 test-amd64-amd64-pair                                        pass    
 test-amd64-i386-pair                                         pass    
 test-amd64-amd64-libvirt-pair                                pass    
 test-amd64-i386-libvirt-pair                                 pass    
 test-amd64-amd64-amd64-pvgrub                                pass    
 test-amd64-amd64-i386-pvgrub                                 pass    
 test-amd64-amd64-pygrub                                      pass    
 test-armhf-armhf-libvirt-qcow2                               pass    
 test-amd64-amd64-xl-qcow2                                    pass    
 test-armhf-armhf-libvirt-raw                                 fail    
 test-amd64-i386-xl-raw                                       pass    
 test-amd64-amd64-xl-rtds                                     fail    
 test-armhf-armhf-xl-rtds                                     broken  
 test-amd64-i386-xl-qemut-winxpsp3-vcpus1                     pass    
 test-amd64-i386-xl-qemuu-winxpsp3-vcpus1                     pass    
 test-amd64-amd64-libvirt-vhd                                 pass    
 test-armhf-armhf-xl-vhd                                      pass    
 test-amd64-amd64-xl-qemut-winxpsp3                           pass    
 test-amd64-i386-xl-qemut-winxpsp3                            pass    
 test-amd64-amd64-xl-qemuu-winxpsp3                           pass    
 test-amd64-i386-xl-qemuu-winxpsp3                            pass    


------------------------------------------------------------
sg-report-flight on osstest.test-lab.xenproject.org
logs: /home/logs/logs
images: /home/logs/images

Logs, config files, etc. are available at
    http://logs.test-lab.xenproject.org/osstest/logs

Explanation of these reports, and of osstest in general, is at
    http://xenbits.xen.org/gitweb/?p=osstest.git;a=blob;f=README.email;hb=master
    http://xenbits.xen.org/gitweb/?p=osstest.git;a=blob;f=README;hb=master

Test harness code can be found at
    http://xenbits.xen.org/gitweb?p=osstest.git;a=summary

broken-step test-armhf-armhf-xl-rtds host-install(3)

Not pushing.

(No revision log; it would be 330 lines long.)


[-- Attachment #2: Type: text/plain, Size: 127 bytes --]

_______________________________________________
Xen-devel mailing list
Xen-devel@lists.xen.org
https://lists.xen.org/xen-devel

^ permalink raw reply	[flat|nested] 4+ messages in thread

* Re: [xen-unstable test] 101833: regressions - trouble: blocked/broken/fail/pass
  2016-11-01  7:22 [xen-unstable test] 101833: regressions - trouble: blocked/broken/fail/pass osstest service owner
@ 2016-11-01  9:48 ` Andrew Cooper
  2016-11-01 10:19   ` Jan Beulich
  2016-11-01 14:02   ` Wei Liu
  0 siblings, 2 replies; 4+ messages in thread
From: Andrew Cooper @ 2016-11-01  9:48 UTC (permalink / raw)
  To: osstest service owner, xen-devel

On 01/11/2016 07:22, osstest service owner wrote:
> flight 101833 xen-unstable real [real]
> http://logs.test-lab.xenproject.org/osstest/logs/101833/
>
> Regressions :-(
>
> Tests which did not succeed and are blocking,
> including tests which could not be run:
>  test-amd64-i386-xl-qemut-stubdom-debianhvm-amd64-xsm 9 debian-hvm-install fail REGR. vs. 101673

This run was without my fix for 32bit oxenstored transactions, so this
failure isn't unexpected.

>  test-amd64-i386-xl-qemuu-debianhvm-amd64-xsm 17 guest-start/debianhvm.repeat fail REGR. vs. 101673

This attempted to ssh to dom0 and got Destination Host Unreachable.  I
notice from the serial log

(XEN) Assertion '!in_irq() && local_irq_is_enabled()' failed at softirq.c:57
...
(XEN) Xen call trace:
(XEN)    [<ffff82d080130918>] process_pending_softirqs+0x29/0x37
(XEN)    [<ffff82d0801727b2>] irq.c#dump_irqs+0x43/0x309
(XEN)    [<ffff82d080115f7a>] handle_keypress+0x8c/0xac
(XEN)    [<ffff82d080145c63>] console.c#__serial_rx+0x38/0x73
(XEN)    [<ffff82d080146442>] console.c#serial_rx+0x8a/0x8f
(XEN)    [<ffff82d080148775>] serial_rx_interrupt+0x90/0xac
(XEN)    [<ffff82d0801471c8>] ns16550.c#ns16550_interrupt+0x57/0x71
(XEN)    [<ffff82d080174884>] do_IRQ+0x56e/0x60f
(XEN)    [<ffff82d080245f57>] common_interrupt+0x67/0x70
(XEN)    [<ffff82d0801652b5>] domain.c#default_idle+0x6d/0x72
(XEN)    [<ffff82d080165331>] domain.c#idle_loop+0x4b/0x62

>  test-amd64-amd64-qemuu-nested-intel 16 debian-hvm-install/l1/l2 fail REGR. vs. 101673

I really can't fathom why this one failed.  The guest was asked to
reboot and didn't, but I can't spot anything obviously wrong.

>  test-armhf-armhf-libvirt-raw 14 guest-start/debian.repeat fail REGR. vs. 101673

This was also Destination Host Unreachable.

~Andrew

_______________________________________________
Xen-devel mailing list
Xen-devel@lists.xen.org
https://lists.xen.org/xen-devel

^ permalink raw reply	[flat|nested] 4+ messages in thread

* Re: [xen-unstable test] 101833: regressions - trouble: blocked/broken/fail/pass
  2016-11-01  9:48 ` Andrew Cooper
@ 2016-11-01 10:19   ` Jan Beulich
  2016-11-01 14:02   ` Wei Liu
  1 sibling, 0 replies; 4+ messages in thread
From: Jan Beulich @ 2016-11-01 10:19 UTC (permalink / raw)
  To: andrew.cooper3; +Cc: xen-devel, osstest-admin

>>> Andrew Cooper <andrew.cooper3@citrix.com> 11/01/16 10:50 AM >>>
>On 01/11/2016 07:22, osstest service owner wrote:
>>  test-amd64-i386-xl-qemuu-debianhvm-amd64-xsm 17 guest-start/debianhvm.repeat fail REGR. vs. 101673
>
>This attempted to ssh to dom0 and got Destination Host Unreachable.  I
>notice from the serial log
>
>(XEN) Assertion '!in_irq() && local_irq_is_enabled()' failed at softirq.c:57
>...
>(XEN) Xen call trace:
>(XEN)    [<ffff82d080130918>] process_pending_softirqs+0x29/0x37
>(XEN)    [<ffff82d0801727b2>] irq.c#dump_irqs+0x43/0x309
>(XEN)    [<ffff82d080115f7a>] handle_keypress+0x8c/0xac
>(XEN)    [<ffff82d080145c63>] console.c#__serial_rx+0x38/0x73
>(XEN)    [<ffff82d080146442>] console.c#serial_rx+0x8a/0x8f
>(XEN)    [<ffff82d080148775>] serial_rx_interrupt+0x90/0xac
>(XEN)    [<ffff82d0801471c8>] ns16550.c#ns16550_interrupt+0x57/0x71
>(XEN)    [<ffff82d080174884>] do_IRQ+0x56e/0x60f
>(XEN)    [<ffff82d080245f57>] common_interrupt+0x67/0x70
>(XEN)    [<ffff82d0801652b5>] domain.c#default_idle+0x6d/0x72
>(XEN)    [<ffff82d080165331>] domain.c#idle_loop+0x4b/0x62

Considering that handle_keypress() invokes non-IRQ-handler functions directly
only when !in_irq(), I can't help getting the impression that in_irq() returns the
wrong value here. This, however, would then not be a new problem, as nothing
here really changed recently (the only recent change got reverted), or at least
I'm unaware of any change which might have affected this.

Jan

_______________________________________________
Xen-devel mailing list
Xen-devel@lists.xen.org
https://lists.xen.org/xen-devel

^ permalink raw reply	[flat|nested] 4+ messages in thread

* Re: [xen-unstable test] 101833: regressions - trouble: blocked/broken/fail/pass
  2016-11-01  9:48 ` Andrew Cooper
  2016-11-01 10:19   ` Jan Beulich
@ 2016-11-01 14:02   ` Wei Liu
  1 sibling, 0 replies; 4+ messages in thread
From: Wei Liu @ 2016-11-01 14:02 UTC (permalink / raw)
  To: Andrew Cooper; +Cc: xen-devel, Wei Liu, osstest service owner

On Tue, Nov 01, 2016 at 09:48:38AM +0000, Andrew Cooper wrote:
> On 01/11/2016 07:22, osstest service owner wrote:
> > flight 101833 xen-unstable real [real]
> > http://logs.test-lab.xenproject.org/osstest/logs/101833/
> >
> > Regressions :-(
> >
> > Tests which did not succeed and are blocking,
> > including tests which could not be run:
> >  test-amd64-i386-xl-qemut-stubdom-debianhvm-amd64-xsm 9 debian-hvm-install fail REGR. vs. 101673
> 
> This run was without my fix for 32bit oxenstored transactions, so this
> failure isn't unexpected.
> 
> >  test-amd64-i386-xl-qemuu-debianhvm-amd64-xsm 17 guest-start/debianhvm.repeat fail REGR. vs. 101673
> 
> This attempted to ssh to dom0 and got Destination Host Unreachable.  I
> notice from the serial log
> 
> (XEN) Assertion '!in_irq() && local_irq_is_enabled()' failed at softirq.c:57
> ...
> (XEN) Xen call trace:
> (XEN)    [<ffff82d080130918>] process_pending_softirqs+0x29/0x37
> (XEN)    [<ffff82d0801727b2>] irq.c#dump_irqs+0x43/0x309
> (XEN)    [<ffff82d080115f7a>] handle_keypress+0x8c/0xac
> (XEN)    [<ffff82d080145c63>] console.c#__serial_rx+0x38/0x73
> (XEN)    [<ffff82d080146442>] console.c#serial_rx+0x8a/0x8f
> (XEN)    [<ffff82d080148775>] serial_rx_interrupt+0x90/0xac
> (XEN)    [<ffff82d0801471c8>] ns16550.c#ns16550_interrupt+0x57/0x71
> (XEN)    [<ffff82d080174884>] do_IRQ+0x56e/0x60f
> (XEN)    [<ffff82d080245f57>] common_interrupt+0x67/0x70
> (XEN)    [<ffff82d0801652b5>] domain.c#default_idle+0x6d/0x72
> (XEN)    [<ffff82d080165331>] domain.c#idle_loop+0x4b/0x62
> 

Note that osstest doesn't rotate the serial log -- this could be from an
earlier run.

Looking at the time stamp, the last error message is

  Nov  1 00:16:55.129992 (XEN) Assertion '!in_irq() && local_irq_is_enabled()' failed 

which is way before the test job started -- the allocate host step is
to allocate a host from the pool.

Wei.

_______________________________________________
Xen-devel mailing list
Xen-devel@lists.xen.org
https://lists.xen.org/xen-devel

^ permalink raw reply	[flat|nested] 4+ messages in thread

end of thread, other threads:[~2016-11-01 14:02 UTC | newest]

Thread overview: 4+ messages (download: mbox.gz follow: Atom feed
-- links below jump to the message on this page --
2016-11-01  7:22 [xen-unstable test] 101833: regressions - trouble: blocked/broken/fail/pass osstest service owner
2016-11-01  9:48 ` Andrew Cooper
2016-11-01 10:19   ` Jan Beulich
2016-11-01 14:02   ` Wei Liu

This is a public inbox, see mirroring instructions
for how to clone and mirror all data and code used for this inbox;
as well as URLs for NNTP newsgroup(s).