From: osstest service owner <osstest-admin@xenproject.org>
To: xen-devel@lists.xensource.com, osstest-admin@xenproject.org
Subject: [qemu-mainline test] 101842: regressions - FAIL
Date: Tue, 01 Nov 2016 22:00:53 +0000 [thread overview]
Message-ID: <osstest-101842-mainreport@xen.org> (raw)
flight 101842 qemu-mainline real [real]
http://logs.test-lab.xenproject.org/osstest/logs/101842/
Regressions :-(
Tests which did not succeed and are blocking,
including tests which could not be run:
test-armhf-armhf-xl-xsm 15 guest-start/debian.repeat fail REGR. vs. 101835
Regressions which are regarded as allowable (not blocking):
test-amd64-amd64-xl-rtds 9 debian-install fail blocked in 101835
test-amd64-amd64-xl-qemuu-win7-amd64 16 guest-stop fail like 101835
test-amd64-i386-xl-qemuu-win7-amd64 16 guest-stop fail like 101835
test-armhf-armhf-libvirt-qcow2 12 saverestore-support-check fail like 101835
test-armhf-armhf-libvirt-xsm 13 saverestore-support-check fail like 101835
test-armhf-armhf-libvirt 13 saverestore-support-check fail like 101835
test-armhf-armhf-libvirt-raw 12 saverestore-support-check fail like 101835
Tests which did not succeed, but are not blocking:
test-amd64-amd64-libvirt 12 migrate-support-check fail never pass
test-amd64-amd64-xl-pvh-intel 11 guest-start fail never pass
test-amd64-amd64-libvirt-xsm 12 migrate-support-check fail never pass
test-amd64-i386-libvirt-xsm 12 migrate-support-check fail never pass
test-amd64-amd64-xl-pvh-amd 11 guest-start fail never pass
test-amd64-i386-libvirt 12 migrate-support-check fail never pass
test-amd64-amd64-libvirt-qemuu-debianhvm-amd64-xsm 10 migrate-support-check fail never pass
test-amd64-amd64-libvirt-vhd 11 migrate-support-check fail never pass
test-amd64-amd64-qemuu-nested-amd 16 debian-hvm-install/l1/l2 fail never pass
test-armhf-armhf-xl 12 migrate-support-check fail never pass
test-armhf-armhf-xl 13 saverestore-support-check fail never pass
test-armhf-armhf-xl-credit2 12 migrate-support-check fail never pass
test-armhf-armhf-xl-credit2 13 saverestore-support-check fail never pass
test-armhf-armhf-xl-cubietruck 12 migrate-support-check fail never pass
test-armhf-armhf-xl-cubietruck 13 saverestore-support-check fail never pass
test-armhf-armhf-xl-xsm 12 migrate-support-check fail never pass
test-armhf-armhf-xl-xsm 13 saverestore-support-check fail never pass
test-amd64-i386-libvirt-qemuu-debianhvm-amd64-xsm 10 migrate-support-check fail never pass
test-armhf-armhf-libvirt-qcow2 11 migrate-support-check fail never pass
test-armhf-armhf-xl-arndale 12 migrate-support-check fail never pass
test-armhf-armhf-xl-arndale 13 saverestore-support-check fail never pass
test-armhf-armhf-xl-multivcpu 12 migrate-support-check fail never pass
test-armhf-armhf-xl-multivcpu 13 saverestore-support-check fail never pass
test-armhf-armhf-libvirt-xsm 12 migrate-support-check fail never pass
test-armhf-armhf-xl-rtds 12 migrate-support-check fail never pass
test-armhf-armhf-xl-rtds 13 saverestore-support-check fail never pass
test-armhf-armhf-libvirt 12 migrate-support-check fail never pass
test-armhf-armhf-libvirt-raw 11 migrate-support-check fail never pass
test-armhf-armhf-xl-vhd 11 migrate-support-check fail never pass
test-armhf-armhf-xl-vhd 12 saverestore-support-check fail never pass
version targeted for testing:
qemuu b90da81d9f2d3d974db13bc69f961974741b0e2e
baseline version:
qemuu e80b4b8fb6babce7dcc91ea9ddeecbc351fd4646
Last test of basis 101835 2016-10-31 22:21:49 Z 0 days
Testing same since 101842 2016-11-01 09:47:34 Z 0 days 1 attempts
------------------------------------------------------------
People who touched revisions under test:
Corey Minyard <cminyard@mvista.com>
Eduardo Habkost <ehabkost@redhat.com>
Kevin Wolf <kwolf@redhat.com>
Peter Maydell <peter.maydell@linaro.org>
jobs:
build-amd64-xsm pass
build-armhf-xsm pass
build-i386-xsm pass
build-amd64 pass
build-armhf pass
build-i386 pass
build-amd64-libvirt pass
build-armhf-libvirt pass
build-i386-libvirt pass
build-amd64-pvops pass
build-armhf-pvops pass
build-i386-pvops pass
test-amd64-amd64-xl pass
test-armhf-armhf-xl pass
test-amd64-i386-xl pass
test-amd64-amd64-libvirt-qemuu-debianhvm-amd64-xsm pass
test-amd64-i386-libvirt-qemuu-debianhvm-amd64-xsm pass
test-amd64-amd64-xl-qemuu-debianhvm-amd64-xsm pass
test-amd64-i386-xl-qemuu-debianhvm-amd64-xsm pass
test-amd64-amd64-libvirt-xsm pass
test-armhf-armhf-libvirt-xsm pass
test-amd64-i386-libvirt-xsm pass
test-amd64-amd64-xl-xsm pass
test-armhf-armhf-xl-xsm fail
test-amd64-i386-xl-xsm pass
test-amd64-amd64-qemuu-nested-amd fail
test-amd64-amd64-xl-pvh-amd fail
test-amd64-i386-qemuu-rhel6hvm-amd pass
test-amd64-amd64-xl-qemuu-debianhvm-amd64 pass
test-amd64-i386-xl-qemuu-debianhvm-amd64 pass
test-amd64-i386-freebsd10-amd64 pass
test-amd64-amd64-xl-qemuu-ovmf-amd64 pass
test-amd64-i386-xl-qemuu-ovmf-amd64 pass
test-amd64-amd64-xl-qemuu-win7-amd64 fail
test-amd64-i386-xl-qemuu-win7-amd64 fail
test-armhf-armhf-xl-arndale pass
test-amd64-amd64-xl-credit2 pass
test-armhf-armhf-xl-credit2 pass
test-armhf-armhf-xl-cubietruck pass
test-amd64-i386-freebsd10-i386 pass
test-amd64-amd64-qemuu-nested-intel pass
test-amd64-amd64-xl-pvh-intel fail
test-amd64-i386-qemuu-rhel6hvm-intel pass
test-amd64-amd64-libvirt pass
test-armhf-armhf-libvirt pass
test-amd64-i386-libvirt pass
test-amd64-amd64-xl-multivcpu pass
test-armhf-armhf-xl-multivcpu pass
test-amd64-amd64-pair pass
test-amd64-i386-pair pass
test-amd64-amd64-libvirt-pair pass
test-amd64-i386-libvirt-pair pass
test-amd64-amd64-amd64-pvgrub pass
test-amd64-amd64-i386-pvgrub pass
test-amd64-amd64-pygrub pass
test-armhf-armhf-libvirt-qcow2 pass
test-amd64-amd64-xl-qcow2 pass
test-armhf-armhf-libvirt-raw pass
test-amd64-i386-xl-raw pass
test-amd64-amd64-xl-rtds fail
test-armhf-armhf-xl-rtds pass
test-amd64-i386-xl-qemuu-winxpsp3-vcpus1 pass
test-amd64-amd64-libvirt-vhd pass
test-armhf-armhf-xl-vhd pass
test-amd64-amd64-xl-qemuu-winxpsp3 pass
test-amd64-i386-xl-qemuu-winxpsp3 pass
------------------------------------------------------------
sg-report-flight on osstest.test-lab.xenproject.org
logs: /home/logs/logs
images: /home/logs/images
Logs, config files, etc. are available at
http://logs.test-lab.xenproject.org/osstest/logs
Explanation of these reports, and of osstest in general, is at
http://xenbits.xen.org/gitweb/?p=osstest.git;a=blob;f=README.email;hb=master
http://xenbits.xen.org/gitweb/?p=osstest.git;a=blob;f=README;hb=master
Test harness code can be found at
http://xenbits.xen.org/gitweb?p=osstest.git;a=summary
Not pushing.
------------------------------------------------------------
commit b90da81d9f2d3d974db13bc69f961974741b0e2e
Merge: e80b4b8 83a00f6
Author: Peter Maydell <peter.maydell@linaro.org>
Date: Mon Oct 31 19:06:09 2016 +0000
Merge remote-tracking branch 'remotes/ehabkost/tags/x86-and-machine-pull-request' into staging
x86 and machine queue, 2016-10-31
# gpg: Signature made Mon 31 Oct 2016 18:29:18 GMT
# gpg: using RSA key 0x2807936F984DC5A6
# gpg: Good signature from "Eduardo Habkost <ehabkost@redhat.com>"
# Primary key fingerprint: 5A32 2FD5 ABC4 D3DB ACCF D1AA 2807 936F 984D C5A6
* remotes/ehabkost/tags/x86-and-machine-pull-request:
target-i386: Print warning when mixing [+-]foo and foo=(on|off)
tests: Remove unneeded "-vnc none" option
Signed-off-by: Peter Maydell <peter.maydell@linaro.org>
commit 83a00f6095a36de2024d6cca57470c4dedfb85ee
Author: Eduardo Habkost <ehabkost@redhat.com>
Date: Mon Oct 24 17:53:52 2016 -0200
target-i386: Print warning when mixing [+-]foo and foo=(on|off)
Print a warning when mixing [+-]foo and foo=(on|off) in the -cpu
argument in a way that will break in the future.
Reviewed-by: Igor Mammedov <imammedo@redhat.com>
Signed-off-by: Eduardo Habkost <ehabkost@redhat.com>
commit 2df35773cb412e5735ccad21212ce5cc10eb9c09
Author: Eduardo Habkost <ehabkost@redhat.com>
Date: Mon Oct 24 14:19:41 2016 -0200
tests: Remove unneeded "-vnc none" option
Some tests use the "-vnc none" option without any clear reason,
making those tests break when --disable-vnc is specified on
./configure. Remove the unnecessary option.
Reviewed-by: John Snow <jsnow@redhat.com>
Tested-by: Corey Minyard <cminyard@mvista.com>
Reviewed-by: Michael S. Tsirkin <mst@redhat.com>
Acked-by: Kevin Wolf <kwolf@redhat.com>
Signed-off-by: Eduardo Habkost <ehabkost@redhat.com>
_______________________________________________
Xen-devel mailing list
Xen-devel@lists.xen.org
https://lists.xen.org/xen-devel
reply other threads:[~2016-11-01 22:00 UTC|newest]
Thread overview: [no followups] expand[flat|nested] mbox.gz Atom feed
Reply instructions:
You may reply publicly to this message via plain-text email
using any one of the following methods:
* Save the following mbox file, import it into your mail client,
and reply-to-all from there: mbox
Avoid top-posting and favor interleaved quoting:
https://en.wikipedia.org/wiki/Posting_style#Interleaved_style
* Reply using the --to, --cc, and --in-reply-to
switches of git-send-email(1):
git send-email \
--in-reply-to=osstest-101842-mainreport@xen.org \
--to=osstest-admin@xenproject.org \
--cc=xen-devel@lists.xensource.com \
/path/to/YOUR_REPLY
https://kernel.org/pub/software/scm/git/docs/git-send-email.html
* If your mail client supports setting the In-Reply-To header
via mailto: links, try the mailto: link
Be sure your reply has a Subject: header at the top and a blank line
before the message body.
This is a public inbox, see mirroring instructions
for how to clone and mirror all data and code used for this inbox;
as well as URLs for NNTP newsgroup(s).