* [libvirt test] 101854: regressions - FAIL
@ 2016-11-02 11:53 osstest service owner
0 siblings, 0 replies; only message in thread
From: osstest service owner @ 2016-11-02 11:53 UTC (permalink / raw)
To: xen-devel, osstest-admin
flight 101854 libvirt real [real]
http://logs.test-lab.xenproject.org/osstest/logs/101854/
Regressions :-(
Tests which did not succeed and are blocking,
including tests which could not be run:
test-armhf-armhf-libvirt 16 guest-start.2 fail REGR. vs. 101839
Regressions which are regarded as allowable (not blocking):
test-armhf-armhf-libvirt-raw 12 saverestore-support-check fail like 101839
test-armhf-armhf-libvirt-xsm 13 saverestore-support-check fail like 101839
test-armhf-armhf-libvirt 13 saverestore-support-check fail like 101839
test-armhf-armhf-libvirt-qcow2 12 saverestore-support-check fail like 101839
Tests which did not succeed, but are not blocking:
test-amd64-i386-libvirt-xsm 12 migrate-support-check fail never pass
test-amd64-amd64-libvirt-qemuu-debianhvm-amd64-xsm 10 migrate-support-check fail never pass
test-amd64-amd64-libvirt-vhd 11 migrate-support-check fail never pass
test-amd64-i386-libvirt 12 migrate-support-check fail never pass
test-amd64-amd64-libvirt-xsm 12 migrate-support-check fail never pass
test-amd64-i386-libvirt-qemuu-debianhvm-amd64-xsm 10 migrate-support-check fail never pass
test-amd64-amd64-libvirt 12 migrate-support-check fail never pass
test-armhf-armhf-libvirt-raw 11 migrate-support-check fail never pass
test-armhf-armhf-libvirt-xsm 12 migrate-support-check fail never pass
test-armhf-armhf-libvirt 12 migrate-support-check fail never pass
test-armhf-armhf-libvirt-qcow2 11 migrate-support-check fail never pass
version targeted for testing:
libvirt 56588f966284e005801c314181bcad723cf1369d
baseline version:
libvirt 06a7b1ff4dbb1ed6a69e09765bef1f67a75a86eb
Last test of basis 101839 2016-11-01 04:20:30 Z 1 days
Testing same since 101854 2016-11-02 04:23:30 Z 0 days 1 attempts
------------------------------------------------------------
People who touched revisions under test:
Daniel P. Berrange <berrange@redhat.com>
Daniel Veillard <veillard@redhat.com>
jobs:
build-amd64-xsm pass
build-armhf-xsm pass
build-i386-xsm pass
build-amd64 pass
build-armhf pass
build-i386 pass
build-amd64-libvirt pass
build-armhf-libvirt pass
build-i386-libvirt pass
build-amd64-pvops pass
build-armhf-pvops pass
build-i386-pvops pass
test-amd64-amd64-libvirt-qemuu-debianhvm-amd64-xsm pass
test-amd64-i386-libvirt-qemuu-debianhvm-amd64-xsm pass
test-amd64-amd64-libvirt-xsm pass
test-armhf-armhf-libvirt-xsm pass
test-amd64-i386-libvirt-xsm pass
test-amd64-amd64-libvirt pass
test-armhf-armhf-libvirt fail
test-amd64-i386-libvirt pass
test-amd64-amd64-libvirt-pair pass
test-amd64-i386-libvirt-pair pass
test-armhf-armhf-libvirt-qcow2 pass
test-armhf-armhf-libvirt-raw pass
test-amd64-amd64-libvirt-vhd pass
------------------------------------------------------------
sg-report-flight on osstest.test-lab.xenproject.org
logs: /home/logs/logs
images: /home/logs/images
Logs, config files, etc. are available at
http://logs.test-lab.xenproject.org/osstest/logs
Explanation of these reports, and of osstest in general, is at
http://xenbits.xen.org/gitweb/?p=osstest.git;a=blob;f=README.email;hb=master
http://xenbits.xen.org/gitweb/?p=osstest.git;a=blob;f=README;hb=master
Test harness code can be found at
http://xenbits.xen.org/gitweb?p=osstest.git;a=summary
Not pushing.
------------------------------------------------------------
commit 56588f966284e005801c314181bcad723cf1369d
Author: Daniel Veillard <veillard@redhat.com>
Date: Tue Nov 1 21:47:10 2016 +0100
Release of libvirt-2.4.0
* docs/news.html.in: update for the release
* po/*.po*: regenerated
commit ac9bf9394138d0cf9a802245ad3eebf8adcb4841
Author: Daniel P. Berrange <berrange@redhat.com>
Date: Mon Oct 31 13:39:34 2016 +0000
docs: remove obsolete library.xen file
The library.xen file contains a braindump of thoughts dating
from the very first days of libvirt, when it was briefly
called libxen. This is not useful and potentially misleading
or confusing for people.
Signed-off-by: Daniel P. Berrange <berrange@redhat.com>
_______________________________________________
Xen-devel mailing list
Xen-devel@lists.xen.org
https://lists.xen.org/xen-devel
^ permalink raw reply [flat|nested] only message in thread
only message in thread, other threads:[~2016-11-02 11:53 UTC | newest]
Thread overview: (only message) (download: mbox.gz follow: Atom feed
-- links below jump to the message on this page --
2016-11-02 11:53 [libvirt test] 101854: regressions - FAIL osstest service owner
This is a public inbox, see mirroring instructions
for how to clone and mirror all data and code used for this inbox;
as well as URLs for NNTP newsgroup(s).