* [xen-4.7-testing test] 101932: regressions - FAIL
@ 2016-11-05 5:47 osstest service owner
0 siblings, 0 replies; only message in thread
From: osstest service owner @ 2016-11-05 5:47 UTC (permalink / raw)
To: xen-devel, osstest-admin
flight 101932 xen-4.7-testing real [real]
http://logs.test-lab.xenproject.org/osstest/logs/101932/
Regressions :-(
Tests which did not succeed and are blocking,
including tests which could not be run:
test-amd64-i386-xl-qemuu-win7-amd64 9 windows-install fail REGR. vs. 101683
build-amd64-xsm 5 xen-build fail in 101925 REGR. vs. 101683
build-i386 5 xen-build fail in 101925 REGR. vs. 101683
build-i386-xsm 5 xen-build fail in 101925 REGR. vs. 101683
build-amd64 5 xen-build fail in 101925 REGR. vs. 101683
Tests which are failing intermittently (not blocking):
test-armhf-armhf-libvirt-raw 14 guest-start/debian.repeat fail pass in 101925
Regressions which are regarded as allowable (not blocking):
test-armhf-armhf-libvirt 13 saverestore-support-check fail like 101683
test-armhf-armhf-libvirt-xsm 13 saverestore-support-check fail like 101683
test-amd64-i386-xl-qemut-win7-amd64 16 guest-stop fail like 101683
test-armhf-armhf-libvirt-qcow2 12 saverestore-support-check fail like 101683
test-armhf-armhf-libvirt-raw 12 saverestore-support-check fail like 101683
test-amd64-amd64-xl-qemuu-win7-amd64 16 guest-stop fail like 101683
Tests which did not succeed, but are not blocking:
test-amd64-amd64-xl-qemuu-debianhvm-amd64 1 build-check(1) blocked in 101925 n/a
test-amd64-i386-freebsd10-i386 1 build-check(1) blocked in 101925 n/a
test-amd64-amd64-qemuu-nested-intel 1 build-check(1) blocked in 101925 n/a
test-amd64-i386-libvirt-qemuu-debianhvm-amd64-xsm 1 build-check(1) blocked in 101925 n/a
test-xtf-amd64-amd64-1 1 build-check(1) blocked in 101925 n/a
test-amd64-i386-xl-qemuu-debianhvm-amd64-xsm 1 build-check(1) blocked in 101925 n/a
test-amd64-i386-xl-qemut-debianhvm-amd64-xsm 1 build-check(1) blocked in 101925 n/a
test-amd64-amd64-migrupgrade 1 build-check(1) blocked in 101925 n/a
test-amd64-amd64-xl-qemut-stubdom-debianhvm-amd64-xsm 1 build-check(1) blocked in 101925 n/a
test-amd64-i386-xl-qemuu-winxpsp3-vcpus1 1 build-check(1) blocked in 101925 n/a
test-amd64-i386-libvirt-xsm 1 build-check(1) blocked in 101925 n/a
test-amd64-amd64-xl-multivcpu 1 build-check(1) blocked in 101925 n/a
test-amd64-i386-xl-qemuu-winxpsp3 1 build-check(1) blocked in 101925 n/a
test-amd64-amd64-libvirt 1 build-check(1) blocked in 101925 n/a
test-amd64-i386-xl-qemut-winxpsp3 1 build-check(1) blocked in 101925 n/a
test-amd64-amd64-xl-pvh-amd 1 build-check(1) blocked in 101925 n/a
test-amd64-i386-xl-qemut-debianhvm-amd64 1 build-check(1) blocked in 101925 n/a
test-amd64-i386-qemut-rhel6hvm-intel 1 build-check(1) blocked in 101925 n/a
test-amd64-i386-freebsd10-amd64 1 build-check(1) blocked in 101925 n/a
test-amd64-amd64-pair 1 build-check(1) blocked in 101925 n/a
build-i386-rumprun 1 build-check(1) blocked in 101925 n/a
test-amd64-amd64-xl-qemuu-win7-amd64 1 build-check(1) blocked in 101925 n/a
test-amd64-amd64-libvirt-qemuu-debianhvm-amd64-xsm 1 build-check(1) blocked in 101925 n/a
test-amd64-amd64-pygrub 1 build-check(1) blocked in 101925 n/a
test-amd64-amd64-xl-qemuu-winxpsp3 1 build-check(1) blocked in 101925 n/a
test-amd64-amd64-xl-qcow2 1 build-check(1) blocked in 101925 n/a
test-amd64-amd64-amd64-pvgrub 1 build-check(1) blocked in 101925 n/a
test-xtf-amd64-amd64-2 1 build-check(1) blocked in 101925 n/a
test-amd64-amd64-xl-qemut-win7-amd64 1 build-check(1) blocked in 101925 n/a
test-amd64-i386-xl-qemuu-debianhvm-amd64 1 build-check(1) blocked in 101925 n/a
build-amd64-rumprun 1 build-check(1) blocked in 101925 n/a
build-i386-libvirt 1 build-check(1) blocked in 101925 n/a
test-amd64-i386-xl 1 build-check(1) blocked in 101925 n/a
test-amd64-i386-libvirt-pair 1 build-check(1) blocked in 101925 n/a
test-xtf-amd64-amd64-4 1 build-check(1) blocked in 101925 n/a
test-amd64-amd64-xl-qemuu-ovmf-amd64 1 build-check(1) blocked in 101925 n/a
test-amd64-amd64-libvirt-vhd 1 build-check(1) blocked in 101925 n/a
test-amd64-amd64-xl-credit2 1 build-check(1) blocked in 101925 n/a
test-amd64-i386-xl-xsm 1 build-check(1) blocked in 101925 n/a
build-amd64-libvirt 1 build-check(1) blocked in 101925 n/a
test-amd64-amd64-xl-qemuu-debianhvm-amd64-xsm 1 build-check(1) blocked in 101925 n/a
test-amd64-amd64-rumprun-amd64 1 build-check(1) blocked in 101925 n/a
test-xtf-amd64-amd64-3 1 build-check(1) blocked in 101925 n/a
test-amd64-i386-xl-qemuu-ovmf-amd64 1 build-check(1) blocked in 101925 n/a
test-amd64-amd64-xl-pvh-intel 1 build-check(1) blocked in 101925 n/a
test-amd64-i386-xl-raw 1 build-check(1) blocked in 101925 n/a
test-amd64-amd64-i386-pvgrub 1 build-check(1) blocked in 101925 n/a
test-amd64-i386-qemuu-rhel6hvm-amd 1 build-check(1) blocked in 101925 n/a
test-amd64-amd64-xl-qemut-winxpsp3 1 build-check(1) blocked in 101925 n/a
test-xtf-amd64-amd64-5 1 build-check(1) blocked in 101925 n/a
test-amd64-amd64-libvirt-pair 1 build-check(1) blocked in 101925 n/a
test-amd64-i386-libvirt 1 build-check(1) blocked in 101925 n/a
test-amd64-amd64-libvirt-xsm 1 build-check(1) blocked in 101925 n/a
test-amd64-amd64-xl-xsm 1 build-check(1) blocked in 101925 n/a
test-amd64-i386-xl-qemut-winxpsp3-vcpus1 1 build-check(1) blocked in 101925 n/a
test-amd64-i386-qemuu-rhel6hvm-intel 1 build-check(1) blocked in 101925 n/a
test-amd64-i386-migrupgrade 1 build-check(1) blocked in 101925 n/a
test-amd64-i386-xl-qemuu-win7-amd64 1 build-check(1) blocked in 101925 n/a
test-amd64-amd64-xl 1 build-check(1) blocked in 101925 n/a
test-amd64-i386-pair 1 build-check(1) blocked in 101925 n/a
test-amd64-i386-rumprun-i386 1 build-check(1) blocked in 101925 n/a
test-amd64-amd64-qemuu-nested-amd 1 build-check(1) blocked in 101925 n/a
test-amd64-i386-xl-qemut-stubdom-debianhvm-amd64-xsm 1 build-check(1) blocked in 101925 n/a
test-amd64-i386-xl-qemut-win7-amd64 1 build-check(1) blocked in 101925 n/a
test-amd64-i386-qemut-rhel6hvm-amd 1 build-check(1) blocked in 101925 n/a
test-amd64-amd64-xl-qemut-debianhvm-amd64-xsm 1 build-check(1) blocked in 101925 n/a
test-amd64-amd64-xl-qemut-debianhvm-amd64 1 build-check(1) blocked in 101925 n/a
test-amd64-amd64-xl-rtds 1 build-check(1) blocked in 101925 n/a
test-amd64-i386-libvirt-xsm 12 migrate-support-check fail never pass
test-amd64-amd64-xl-pvh-intel 11 guest-start fail never pass
test-amd64-amd64-libvirt 12 migrate-support-check fail never pass
test-amd64-amd64-libvirt-xsm 12 migrate-support-check fail never pass
test-amd64-i386-libvirt 12 migrate-support-check fail never pass
test-amd64-i386-libvirt-qemuu-debianhvm-amd64-xsm 10 migrate-support-check fail never pass
test-amd64-amd64-xl-pvh-amd 11 guest-start fail never pass
test-amd64-amd64-libvirt-vhd 11 migrate-support-check fail never pass
test-amd64-amd64-libvirt-qemuu-debianhvm-amd64-xsm 10 migrate-support-check fail never pass
test-armhf-armhf-xl-arndale 12 migrate-support-check fail never pass
test-armhf-armhf-xl-arndale 13 saverestore-support-check fail never pass
test-amd64-amd64-qemuu-nested-amd 16 debian-hvm-install/l1/l2 fail never pass
test-armhf-armhf-libvirt 12 migrate-support-check fail never pass
test-armhf-armhf-xl-credit2 12 migrate-support-check fail never pass
test-armhf-armhf-xl-xsm 12 migrate-support-check fail never pass
test-armhf-armhf-xl-credit2 13 saverestore-support-check fail never pass
test-armhf-armhf-xl-xsm 13 saverestore-support-check fail never pass
test-armhf-armhf-xl-cubietruck 12 migrate-support-check fail never pass
test-armhf-armhf-xl-cubietruck 13 saverestore-support-check fail never pass
test-armhf-armhf-xl-multivcpu 12 migrate-support-check fail never pass
test-armhf-armhf-xl-multivcpu 13 saverestore-support-check fail never pass
test-armhf-armhf-libvirt-xsm 12 migrate-support-check fail never pass
test-amd64-amd64-xl-qemut-win7-amd64 16 guest-stop fail never pass
test-armhf-armhf-libvirt-qcow2 11 migrate-support-check fail never pass
test-armhf-armhf-libvirt-raw 11 migrate-support-check fail never pass
test-armhf-armhf-xl-rtds 12 migrate-support-check fail never pass
test-armhf-armhf-xl-rtds 13 saverestore-support-check fail never pass
test-armhf-armhf-xl-vhd 11 migrate-support-check fail never pass
test-armhf-armhf-xl-vhd 12 saverestore-support-check fail never pass
test-armhf-armhf-xl 12 migrate-support-check fail never pass
test-armhf-armhf-xl 13 saverestore-support-check fail never pass
version targeted for testing:
xen 86f912c86501b9a3c1abf908731e7d86778a594e
baseline version:
xen 5bcf70dfaf71106970f6e256d2fe4e5158721ab6
Last test of basis 101683 2016-10-26 09:06:48 Z 9 days
Testing same since 101925 2016-11-04 11:47:30 Z 0 days 2 attempts
------------------------------------------------------------
People who touched revisions under test:
Jan Beulich <jbeulich@suse.com>
jobs:
build-amd64-xsm pass
build-armhf-xsm pass
build-i386-xsm pass
build-amd64-xtf pass
build-amd64 pass
build-armhf pass
build-i386 pass
build-amd64-libvirt pass
build-armhf-libvirt pass
build-i386-libvirt pass
build-amd64-prev pass
build-i386-prev pass
build-amd64-pvops pass
build-armhf-pvops pass
build-i386-pvops pass
build-amd64-rumprun pass
build-i386-rumprun pass
test-xtf-amd64-amd64-1 pass
test-xtf-amd64-amd64-2 pass
test-xtf-amd64-amd64-3 pass
test-xtf-amd64-amd64-4 pass
test-xtf-amd64-amd64-5 pass
test-amd64-amd64-xl pass
test-armhf-armhf-xl pass
test-amd64-i386-xl pass
test-amd64-amd64-xl-qemut-debianhvm-amd64-xsm pass
test-amd64-i386-xl-qemut-debianhvm-amd64-xsm pass
test-amd64-amd64-libvirt-qemuu-debianhvm-amd64-xsm pass
test-amd64-i386-libvirt-qemuu-debianhvm-amd64-xsm pass
test-amd64-amd64-xl-qemuu-debianhvm-amd64-xsm pass
test-amd64-i386-xl-qemuu-debianhvm-amd64-xsm pass
test-amd64-amd64-xl-qemut-stubdom-debianhvm-amd64-xsm pass
test-amd64-i386-xl-qemut-stubdom-debianhvm-amd64-xsm pass
test-amd64-amd64-libvirt-xsm pass
test-armhf-armhf-libvirt-xsm pass
test-amd64-i386-libvirt-xsm pass
test-amd64-amd64-xl-xsm pass
test-armhf-armhf-xl-xsm pass
test-amd64-i386-xl-xsm pass
test-amd64-amd64-qemuu-nested-amd fail
test-amd64-amd64-xl-pvh-amd fail
test-amd64-i386-qemut-rhel6hvm-amd pass
test-amd64-i386-qemuu-rhel6hvm-amd pass
test-amd64-amd64-xl-qemut-debianhvm-amd64 pass
test-amd64-i386-xl-qemut-debianhvm-amd64 pass
test-amd64-amd64-xl-qemuu-debianhvm-amd64 pass
test-amd64-i386-xl-qemuu-debianhvm-amd64 pass
test-amd64-i386-freebsd10-amd64 pass
test-amd64-amd64-xl-qemuu-ovmf-amd64 pass
test-amd64-i386-xl-qemuu-ovmf-amd64 pass
test-amd64-amd64-rumprun-amd64 pass
test-amd64-amd64-xl-qemut-win7-amd64 fail
test-amd64-i386-xl-qemut-win7-amd64 fail
test-amd64-amd64-xl-qemuu-win7-amd64 fail
test-amd64-i386-xl-qemuu-win7-amd64 fail
test-armhf-armhf-xl-arndale pass
test-amd64-amd64-xl-credit2 pass
test-armhf-armhf-xl-credit2 pass
test-armhf-armhf-xl-cubietruck pass
test-amd64-i386-freebsd10-i386 pass
test-amd64-i386-rumprun-i386 pass
test-amd64-amd64-qemuu-nested-intel pass
test-amd64-amd64-xl-pvh-intel fail
test-amd64-i386-qemut-rhel6hvm-intel pass
test-amd64-i386-qemuu-rhel6hvm-intel pass
test-amd64-amd64-libvirt pass
test-armhf-armhf-libvirt pass
test-amd64-i386-libvirt pass
test-amd64-amd64-migrupgrade pass
test-amd64-i386-migrupgrade pass
test-amd64-amd64-xl-multivcpu pass
test-armhf-armhf-xl-multivcpu pass
test-amd64-amd64-pair pass
test-amd64-i386-pair pass
test-amd64-amd64-libvirt-pair pass
test-amd64-i386-libvirt-pair pass
test-amd64-amd64-amd64-pvgrub pass
test-amd64-amd64-i386-pvgrub pass
test-amd64-amd64-pygrub pass
test-armhf-armhf-libvirt-qcow2 pass
test-amd64-amd64-xl-qcow2 pass
test-armhf-armhf-libvirt-raw fail
test-amd64-i386-xl-raw pass
test-amd64-amd64-xl-rtds pass
test-armhf-armhf-xl-rtds pass
test-amd64-i386-xl-qemut-winxpsp3-vcpus1 pass
test-amd64-i386-xl-qemuu-winxpsp3-vcpus1 pass
test-amd64-amd64-libvirt-vhd pass
test-armhf-armhf-xl-vhd pass
test-amd64-amd64-xl-qemut-winxpsp3 pass
test-amd64-i386-xl-qemut-winxpsp3 pass
test-amd64-amd64-xl-qemuu-winxpsp3 pass
test-amd64-i386-xl-qemuu-winxpsp3 pass
------------------------------------------------------------
sg-report-flight on osstest.test-lab.xenproject.org
logs: /home/logs/logs
images: /home/logs/images
Logs, config files, etc. are available at
http://logs.test-lab.xenproject.org/osstest/logs
Explanation of these reports, and of osstest in general, is at
http://xenbits.xen.org/gitweb/?p=osstest.git;a=blob;f=README.email;hb=master
http://xenbits.xen.org/gitweb/?p=osstest.git;a=blob;f=README;hb=master
Test harness code can be found at
http://xenbits.xen.org/gitweb?p=osstest.git;a=summary
Not pushing.
------------------------------------------------------------
commit 86f912c86501b9a3c1abf908731e7d86778a594e
Author: Jan Beulich <jbeulich@suse.com>
Date: Fri Nov 4 12:30:52 2016 +0100
update Xen version to 4.7.1
(qemu changes not included)
_______________________________________________
Xen-devel mailing list
Xen-devel@lists.xen.org
https://lists.xen.org/xen-devel
^ permalink raw reply [flat|nested] only message in thread
only message in thread, other threads:[~2016-11-05 5:47 UTC | newest]
Thread overview: (only message) (download: mbox.gz follow: Atom feed
-- links below jump to the message on this page --
2016-11-05 5:47 [xen-4.7-testing test] 101932: regressions - FAIL osstest service owner
This is a public inbox, see mirroring instructions
for how to clone and mirror all data and code used for this inbox;
as well as URLs for NNTP newsgroup(s).