* [qemu-mainline test] 101984: regressions - FAIL
@ 2016-11-07 18:58 osstest service owner
0 siblings, 0 replies; only message in thread
From: osstest service owner @ 2016-11-07 18:58 UTC (permalink / raw)
To: xen-devel, osstest-admin
flight 101984 qemu-mainline real [real]
http://logs.test-lab.xenproject.org/osstest/logs/101984/
Regressions :-(
Tests which did not succeed and are blocking,
including tests which could not be run:
test-amd64-i386-libvirt-xsm 11 guest-start fail REGR. vs. 101909
test-amd64-amd64-libvirt 11 guest-start fail REGR. vs. 101909
test-amd64-i386-libvirt 11 guest-start fail REGR. vs. 101909
test-amd64-i386-libvirt-pair 20 guest-start/debian fail REGR. vs. 101909
test-amd64-amd64-libvirt-xsm 11 guest-start fail REGR. vs. 101909
test-amd64-amd64-libvirt-vhd 9 debian-di-install fail REGR. vs. 101909
test-amd64-amd64-xl-qcow2 9 debian-di-install fail REGR. vs. 101909
test-amd64-amd64-libvirt-pair 20 guest-start/debian fail REGR. vs. 101909
test-armhf-armhf-libvirt-xsm 11 guest-start fail REGR. vs. 101909
test-armhf-armhf-xl-vhd 9 debian-di-install fail REGR. vs. 101909
test-armhf-armhf-libvirt 11 guest-start fail REGR. vs. 101909
test-armhf-armhf-libvirt-raw 9 debian-di-install fail REGR. vs. 101909
test-armhf-armhf-libvirt-qcow2 9 debian-di-install fail REGR. vs. 101909
Regressions which are regarded as allowable (not blocking):
test-amd64-amd64-xl-qemuu-win7-amd64 16 guest-stop fail like 101909
test-amd64-i386-xl-qemuu-win7-amd64 16 guest-stop fail like 101909
test-armhf-armhf-xl-rtds 15 guest-start/debian.repeat fail like 101909
test-amd64-amd64-xl-rtds 9 debian-install fail like 101909
Tests which did not succeed, but are not blocking:
test-amd64-amd64-xl-pvh-intel 11 guest-start fail never pass
test-amd64-amd64-xl-pvh-amd 11 guest-start fail never pass
test-amd64-amd64-libvirt-qemuu-debianhvm-amd64-xsm 10 migrate-support-check fail never pass
test-amd64-i386-libvirt-qemuu-debianhvm-amd64-xsm 10 migrate-support-check fail never pass
test-amd64-amd64-qemuu-nested-amd 16 debian-hvm-install/l1/l2 fail never pass
test-armhf-armhf-xl-arndale 12 migrate-support-check fail never pass
test-armhf-armhf-xl-arndale 13 saverestore-support-check fail never pass
test-armhf-armhf-xl-xsm 12 migrate-support-check fail never pass
test-armhf-armhf-xl-xsm 13 saverestore-support-check fail never pass
test-armhf-armhf-xl 12 migrate-support-check fail never pass
test-armhf-armhf-xl 13 saverestore-support-check fail never pass
test-armhf-armhf-xl-credit2 12 migrate-support-check fail never pass
test-armhf-armhf-xl-credit2 13 saverestore-support-check fail never pass
test-armhf-armhf-xl-cubietruck 12 migrate-support-check fail never pass
test-armhf-armhf-xl-cubietruck 13 saverestore-support-check fail never pass
test-armhf-armhf-xl-multivcpu 12 migrate-support-check fail never pass
test-armhf-armhf-xl-multivcpu 13 saverestore-support-check fail never pass
test-armhf-armhf-xl-rtds 12 migrate-support-check fail never pass
test-armhf-armhf-xl-rtds 13 saverestore-support-check fail never pass
version targeted for testing:
qemuu 9226682a401f34b10fd79dfe17ba334da0800747
baseline version:
qemuu 199a5bde46b0eab898ab1ec591f423000302569f
Last test of basis 101909 2016-11-03 23:21:40 Z 3 days
Testing same since 101943 2016-11-04 22:40:48 Z 2 days 4 attempts
------------------------------------------------------------
People who touched revisions under test:
Olaf Hering <olaf@aepfle.de>
Sander Eikelenboom <linux@eikelenboom.it>
Stefan Hajnoczi <stefanha@redhat.com>
Stefano Stabellini <sstabellini@kernel.org>
Thomas Huth <thuth@redhat.com>
Wei Liu <wei.liu2@citrix.com>
jobs:
build-amd64-xsm pass
build-armhf-xsm pass
build-i386-xsm pass
build-amd64 pass
build-armhf pass
build-i386 pass
build-amd64-libvirt pass
build-armhf-libvirt pass
build-i386-libvirt pass
build-amd64-pvops pass
build-armhf-pvops pass
build-i386-pvops pass
test-amd64-amd64-xl pass
test-armhf-armhf-xl pass
test-amd64-i386-xl pass
test-amd64-amd64-libvirt-qemuu-debianhvm-amd64-xsm pass
test-amd64-i386-libvirt-qemuu-debianhvm-amd64-xsm pass
test-amd64-amd64-xl-qemuu-debianhvm-amd64-xsm pass
test-amd64-i386-xl-qemuu-debianhvm-amd64-xsm pass
test-amd64-amd64-libvirt-xsm fail
test-armhf-armhf-libvirt-xsm fail
test-amd64-i386-libvirt-xsm fail
test-amd64-amd64-xl-xsm pass
test-armhf-armhf-xl-xsm pass
test-amd64-i386-xl-xsm pass
test-amd64-amd64-qemuu-nested-amd fail
test-amd64-amd64-xl-pvh-amd fail
test-amd64-i386-qemuu-rhel6hvm-amd pass
test-amd64-amd64-xl-qemuu-debianhvm-amd64 pass
test-amd64-i386-xl-qemuu-debianhvm-amd64 pass
test-amd64-i386-freebsd10-amd64 pass
test-amd64-amd64-xl-qemuu-ovmf-amd64 pass
test-amd64-i386-xl-qemuu-ovmf-amd64 pass
test-amd64-amd64-xl-qemuu-win7-amd64 fail
test-amd64-i386-xl-qemuu-win7-amd64 fail
test-armhf-armhf-xl-arndale pass
test-amd64-amd64-xl-credit2 pass
test-armhf-armhf-xl-credit2 pass
test-armhf-armhf-xl-cubietruck pass
test-amd64-i386-freebsd10-i386 pass
test-amd64-amd64-qemuu-nested-intel pass
test-amd64-amd64-xl-pvh-intel fail
test-amd64-i386-qemuu-rhel6hvm-intel pass
test-amd64-amd64-libvirt fail
test-armhf-armhf-libvirt fail
test-amd64-i386-libvirt fail
test-amd64-amd64-xl-multivcpu pass
test-armhf-armhf-xl-multivcpu pass
test-amd64-amd64-pair pass
test-amd64-i386-pair pass
test-amd64-amd64-libvirt-pair fail
test-amd64-i386-libvirt-pair fail
test-amd64-amd64-amd64-pvgrub pass
test-amd64-amd64-i386-pvgrub pass
test-amd64-amd64-pygrub pass
test-armhf-armhf-libvirt-qcow2 fail
test-amd64-amd64-xl-qcow2 fail
test-armhf-armhf-libvirt-raw fail
test-amd64-i386-xl-raw pass
test-amd64-amd64-xl-rtds fail
test-armhf-armhf-xl-rtds fail
test-amd64-i386-xl-qemuu-winxpsp3-vcpus1 pass
test-amd64-amd64-libvirt-vhd fail
test-armhf-armhf-xl-vhd fail
test-amd64-amd64-xl-qemuu-winxpsp3 pass
test-amd64-i386-xl-qemuu-winxpsp3 pass
------------------------------------------------------------
sg-report-flight on osstest.test-lab.xenproject.org
logs: /home/logs/logs
images: /home/logs/images
Logs, config files, etc. are available at
http://logs.test-lab.xenproject.org/osstest/logs
Explanation of these reports, and of osstest in general, is at
http://xenbits.xen.org/gitweb/?p=osstest.git;a=blob;f=README.email;hb=master
http://xenbits.xen.org/gitweb/?p=osstest.git;a=blob;f=README;hb=master
Test harness code can be found at
http://xenbits.xen.org/gitweb?p=osstest.git;a=summary
Not pushing.
------------------------------------------------------------
commit 9226682a401f34b10fd79dfe17ba334da0800747
Merge: 199a5bd 021746c
Author: Stefan Hajnoczi <stefanha@redhat.com>
Date: Fri Nov 4 09:26:24 2016 +0000
Merge remote-tracking branch 'sstabellini/tags/xen-20161102-tag' into staging
Xen 2016/11/02
# gpg: Signature made Wed 02 Nov 2016 07:28:40 PM GMT
# gpg: using RSA key 0x894F8F4870E1AE90
# gpg: Good signature from "Stefano Stabellini <sstabellini@kernel.org>"
# gpg: aka "Stefano Stabellini <stefano.stabellini@eu.citrix.com>"
# Primary key fingerprint: D04E 33AB A51F 67BA 07D3 0AEA 894F 8F48 70E1 AE90
* sstabellini/tags/xen-20161102-tag:
PCMachineState: introduce acpi_build_enabled field
hw/xen/xen_pvdev: Include qemu/log.h for qemu_log_vprintf()
Message-id: alpine.DEB.2.10.1611021227530.19454@sstabellini-ThinkPad-X260
Signed-off-by: Stefan Hajnoczi <stefanha@redhat.com>
commit 021746c131cdfeab9d82ff918795a9f18d20d7ae
Author: Wei Liu <wei.liu2@citrix.com>
Date: Tue Nov 1 17:44:16 2016 +0000
PCMachineState: introduce acpi_build_enabled field
Introduce this field to control whether ACPI build is enabled by a
particular machine or accelerator.
It defaults to true if the machine itself supports ACPI build. Xen
accelerator will disable it because Xen is in charge of building ACPI
tables for the guest.
Signed-off-by: Wei Liu <wei.liu2@citrix.com>
Signed-off-by: Stefano Stabellini <sstabellini@kernel.org>
Reviewed-by: Stefano Stabellini <sstabellini@kernel.org>
Reviewed-by: Eduardo Habkost <ehabkost@redhat.com>
Tested-by: Sander Eikelenboom <linux@eikelenboom.it>
commit b5863634181a655bd2201cf51a363ac94a43f145
Author: Thomas Huth <thuth@redhat.com>
Date: Wed Nov 2 11:19:18 2016 +0100
hw/xen/xen_pvdev: Include qemu/log.h for qemu_log_vprintf()
Olaf Hering reported a build failure due to an undefined reference
to 'qemu_log_vprintf'. Explicitely including qemu/log.h seems to
fix the issue.
Signed-off-by: Thomas Huth <thuth@redhat.com>
Signed-off-by: Stefano Stabellini <sstabellini@kernel.org>
Acked-by: Stefano Stabellini <sstabellini@kernel.org>
Tested-by: Olaf Hering <olaf@aepfle.de>
_______________________________________________
Xen-devel mailing list
Xen-devel@lists.xen.org
https://lists.xen.org/xen-devel
^ permalink raw reply [flat|nested] only message in thread
only message in thread, other threads:[~2016-11-07 18:58 UTC | newest]
Thread overview: (only message) (download: mbox.gz follow: Atom feed
-- links below jump to the message on this page --
2016-11-07 18:58 [qemu-mainline test] 101984: regressions - FAIL osstest service owner
This is a public inbox, see mirroring instructions
for how to clone and mirror all data and code used for this inbox;
as well as URLs for NNTP newsgroup(s).